{"id":120,"date":"2026-02-08T09:58:31","date_gmt":"2026-02-08T09:58:31","guid":{"rendered":"https:\/\/fjordhest.net\/NM2026\/?page_id=120"},"modified":"2026-02-14T22:51:20","modified_gmt":"2026-02-14T22:51:20","slug":"statutter-juniorcup","status":"publish","type":"page","link":"https:\/\/fjordhest.net\/NM2026\/index.php\/statutter-juniorcup\/","title":{"rendered":"Statutter: Juniorcup"},"content":{"rendered":"\n<p><strong>Form\u00e5l<\/strong><br><strong>Junior-Cup<\/strong> er et tilbud til unge ryttere som ikke rir grenmesterskapene.<\/p>\n\n\n\n<p><strong>Deltagelse&nbsp;<\/strong><br>Cupen er \u00e5pen for ryttere fra \u00e5ret de fyller 9 og ut \u00e5ret de fyller 18.<\/p>\n\n\n\n<p>Ellers gjelder samme krav&nbsp; for hest og rytter som er spesifisert i statuttene for NM fjordhest .<\/p>\n\n\n\n<p><strong>Junior Cup dressur:<\/strong><br>Cupen g\u00e5r over 2 avdelinger p\u00e5 LB niv\u00e5.<\/p>\n\n\n\n<p>Prosentene fra begge klassene legges sammen og vinner av cupen er ekvipasjen med h\u00f8yest resultat. Ved poenlikhet teller prosent fra klasse 2, og ved fortsatt poenglikhet avgj\u00f8r poeng fra momentet \u201cL\u00f8sgjorthet og kontakt\u201d under Allment inntrykk i 2. avdeling.<\/p>\n\n\n\n<p>For \u00e5 v\u00e6re kvalifisert m\u00e5 ekvipasjen ha oppn\u00e5dd 55% eller mer p\u00e5 d-stevne i l\u00f8pet av 2026.<\/p>\n\n\n\n<p>Ekvipasjen anses som overkvalifisert dersom ekvipasjen har i l\u00f8pet av de siste 2 \u00e5rene oppn\u00e5dd 60% eller h\u00f8yere i LA dressur p\u00e5 d-stevne.<\/p>\n\n\n\n<p><strong>Junior Cup sprang:<\/strong><br>Denne cupen g\u00e5r over 2 omganger i 65 cm med Bed 273.3.3 Feil og stil poeng oppn\u00e5dd i 1.omgang avgj\u00f8r startrekkef\u00f8lge i 2. omgang som ris p\u00e5 feilpoeng og tid.<\/p>\n\n\n\n<p>Ekvipasjene rangeres etter samlet antall feilpoeng fra begge omganger, deretter tid i 2. omgang.<\/p>\n\n\n\n<p>For \u00e5 kvalifisere seg m\u00e5 ekvipasjen ha gjennomf\u00f8rt en grunnomgang i 70 cm med maks 12 feil p\u00e5 utvidet klubbstevne.<\/p>\n\n\n\n<p>Ekvipasjen anses som overkvalifisert dersom ekvipasjen har i l\u00f8pet av de siste 2 \u00e5rene ridd feilfri grunnomgang i 80cm p\u00e5 d-stevne.<\/p>\n\n\n\n<p>I tillegg til ordin\u00e6r premiering i klassene, vil det deles ut deltagersl\u00f8yfe til alle startende, samt sl\u00f8yfe til de 3 beste ekvipasjene etter f\u00f8rste avdeling\/omgang.<\/p>\n\n\n\n<p>Det deles ut \u00e6respremie til 1., 2. og 3.plass.<\/p>\n\n\n\n<figure class=\"wp-block-image size-full\"><img loading=\"lazy\" decoding=\"async\" width=\"1000\" height=\"767\" src=\"https:\/\/fjordhest.net\/NM2026\/wp-content\/uploads\/2026\/02\/NM11-019-041-1.jpg\" alt=\"\" class=\"wp-image-439\" srcset=\"https:\/\/fjordhest.net\/NM2026\/wp-content\/uploads\/2026\/02\/NM11-019-041-1.jpg 1000w, https:\/\/fjordhest.net\/NM2026\/wp-content\/uploads\/2026\/02\/NM11-019-041-1-300x230.jpg 300w, https:\/\/fjordhest.net\/NM2026\/wp-content\/uploads\/2026\/02\/NM11-019-041-1-768x589.jpg 768w\" sizes=\"auto, (max-width: 1000px) 100vw, 1000px\" \/><\/figure>\n","protected":false},"excerpt":{"rendered":"<p>Form\u00e5lJunior-Cup er et tilbud til unge ryttere som ikke rir grenmesterskapene. Deltagelse&nbsp;Cupen er \u00e5pen for ryttere fra \u00e5ret de fyller 9 og ut \u00e5ret de fyller 18. Ellers gjelder samme krav&nbsp; for hest og rytter som er spesifisert i statuttene for NM fjordhest . Junior Cup dressur:Cupen g\u00e5r over 2 avdelinger p\u00e5 LB niv\u00e5. Prosentene fra begge klassene legges sammen og vinner av cupen er ekvipasjen med h\u00f8yest resultat. Ved poenlikhet teller prosent fra klasse 2, og ved fortsatt poenglikhet avgj\u00f8r poeng fra momentet \u201cL\u00f8sgjorthet og kontakt\u201d under Allment inntrykk i 2. avdeling. For \u00e5 v\u00e6re kvalifisert m\u00e5 ekvipasjen ha oppn\u00e5dd 55% eller mer p\u00e5 d-stevne i l\u00f8pet av 2026. Ekvipasjen anses som overkvalifisert dersom ekvipasjen har i l\u00f8pet av de siste 2 \u00e5rene oppn\u00e5dd 60% eller h\u00f8yere i LA dressur p\u00e5 d-stevne. Junior Cup sprang:Denne cupen g\u00e5r over 2 omganger i 65 cm med Bed 273.3.3 Feil og stil poeng oppn\u00e5dd i 1.omgang avgj\u00f8r startrekkef\u00f8lge i 2. omgang som ris p\u00e5 feilpoeng og tid. Ekvipasjene rangeres etter samlet antall feilpoeng fra begge omganger, deretter tid i 2. omgang. For \u00e5 kvalifisere seg m\u00e5 ekvipasjen ha gjennomf\u00f8rt en grunnomgang i 70 cm med maks 12 feil p\u00e5 utvidet klubbstevne. Ekvipasjen anses som overkvalifisert dersom ekvipasjen har i l\u00f8pet av de siste 2 \u00e5rene ridd feilfri grunnomgang i 80cm p\u00e5 d-stevne. I tillegg til ordin\u00e6r premiering i klassene, vil det deles ut deltagersl\u00f8yfe til alle startende, samt sl\u00f8yfe til de 3 beste ekvipasjene etter f\u00f8rste avdeling\/omgang. Det deles ut \u00e6respremie til 1., 2. og 3.plass.<\/p>\n","protected":false},"author":1,"featured_media":0,"parent":0,"menu_order":0,"comment_status":"closed","ping_status":"closed","template":"","meta":{"_themeisle_gutenberg_block_has_review":false,"footnotes":""},"class_list":["post-120","page","type-page","status-publish","hentry"],"_links":{"self":[{"href":"https:\/\/fjordhest.net\/NM2026\/index.php\/wp-json\/wp\/v2\/pages\/120","targetHints":{"allow":["GET"]}}],"collection":[{"href":"https:\/\/fjordhest.net\/NM2026\/index.php\/wp-json\/wp\/v2\/pages"}],"about":[{"href":"https:\/\/fjordhest.net\/NM2026\/index.php\/wp-json\/wp\/v2\/types\/page"}],"author":[{"embeddable":true,"href":"https:\/\/fjordhest.net\/NM2026\/index.php\/wp-json\/wp\/v2\/users\/1"}],"replies":[{"embeddable":true,"href":"https:\/\/fjordhest.net\/NM2026\/index.php\/wp-json\/wp\/v2\/comments?post=120"}],"version-history":[{"count":2,"href":"https:\/\/fjordhest.net\/NM2026\/index.php\/wp-json\/wp\/v2\/pages\/120\/revisions"}],"predecessor-version":[{"id":440,"href":"https:\/\/fjordhest.net\/NM2026\/index.php\/wp-json\/wp\/v2\/pages\/120\/revisions\/440"}],"wp:attachment":[{"href":"https:\/\/fjordhest.net\/NM2026\/index.php\/wp-json\/wp\/v2\/media?parent=120"}],"curies":[{"name":"wp","href":"https:\/\/api.w.org\/{rel}","templated":true}]}}