{"id":135,"date":"2026-02-08T10:38:56","date_gmt":"2026-02-08T10:38:56","guid":{"rendered":"https:\/\/fjordhest.net\/NM2026\/?page_id=135"},"modified":"2026-04-02T09:46:03","modified_gmt":"2026-04-02T09:46:03","slug":"statutter-rideskole","status":"publish","type":"page","link":"https:\/\/fjordhest.net\/NM2026\/index.php\/statutter-rideskole\/","title":{"rendered":"Statutter: Rideskole"},"content":{"rendered":"\n<p><strong>Cup for fjordhester i skolevirksomhet<\/strong><\/p>\n\n\n\n<p>For deg som rir fjordhest p\u00e5 ride-, videreg\u00e5ende- eller folkeh\u00f8yskole.<\/p>\n\n\n\n<p><strong>Krav til rytter:<\/strong><br>For \u00e5 ri rideskolemesterskapet m\u00e5 rytter m\u00e5 f\u00f8lge ordin\u00e6r undervisning ved rideskole, ved hestelinje ved folkeh\u00f8yskole, eller ved naturbruk ved videreg\u00e5ende skole.<\/p>\n\n\n\n<p>Rytter kan ikke ha p\u00e5begynt noen form for ridel\u00e6rerutdanning.<\/p>\n\n\n\n<p>Juniorrytter m\u00e5 v\u00e6re mellom 13 og 18\u00e5r, senior er fra og med det \u00e5ret rytter fyller 19. Rytter m\u00e5 ha l\u00f8st lisens. Rytter m\u00e5 i tillegg v\u00e6re medlem av Norges Fjordhestlag.<\/p>\n\n\n\n<p><strong>Krav til hest:<\/strong><br>For rideskole: Hesten m\u00e5 g\u00e5 som skolehest minimum 2 dager i uken.<\/p>\n\n\n\n<p>For videreg\u00e5ende- og folkeh\u00f8yskole: Hesten skal f\u00f8lge kursaktivitet ved skolen minimum 3 dager i uken.<\/p>\n\n\n\n<p>Privateid hest kan ikke konkurrere med sin eier.<\/p>\n\n\n\n<p>Hestene skal v\u00e6re fjordhest av ren rase og m\u00e5 kunne vise r\u00f8dt pass eller bl\u00e5tt pass med k\u00e5ret far.<\/p>\n\n\n\n<p>&nbsp;Hesten m\u00e5 ha vaksinasjoner i orden og v\u00e6re registrert som konkurransehest i NRYF.<\/p>\n\n\n\n<p><strong>Dressurcup:<\/strong><br>Juniorryttere og videreg\u00e5ende skole-ryttere rir to LC program.<\/p>\n\n\n\n<p>Seniorryttere og folkeh\u00f8yskolerytterne rir to LB program.<\/p>\n\n\n\n<p>Prosentene legges sammen og h\u00f8yest prosent vinner. Ved poenglikhet avgj\u00f8r det siste programmet. Ved ytterliggere poenglikhet skilles ekvipasjene ut fra \u00abL\u00f8sgjorthet og kontakt\u00bb under allment inntrykk.<\/p>\n\n\n\n<p>Ved f\u00e5 startende st\u00e5r arrang\u00f8r fritt til \u00e5 sl\u00e5 sammen klassene og rangere ryttere etter prosentene.<\/p>\n\n\n\n<p><strong>Kombinertcup<\/strong><br>Juniorryttere og videreg\u00e5ende skolerytterne rir ett LC program og 55cm sprang feil og stil, seniorryttere og folkeh\u00f8yskolerytterne rir ett LB program og 65cm sprang.<\/p>\n\n\n\n<p>Resultatene fra hver avdeling omregnes til konkurransepoeng etter worldcup-tabellen.<\/p>\n\n\n\n<p>Ekvipasjer som er eliminert eller har trukket seg f\u00e5r 0 p.<\/p>\n\n\n\n<p>Ved lik plassering, f.eks. to p\u00e5 3. plass, blir poengene for 3 og 4 plass lagt sammen og delt p\u00e5 antallet likt plasserte .<\/p>\n\n\n\n<p><strong>Hvilke andre klasser kan rideskolehestene starte?<\/strong><br>S\u00e5 lenge hesten er registrert i den norske stamboka, dvs den har stamtavle og r\u00f8dt eller bl\u00e5tt pass (med k\u00e5ret far), kan den starte alle klasser den er kvalifisert til p\u00e5 stevnet.<\/p>\n\n\n\n<p><strong>Kvalifisering:<\/strong><br>Ekvipasjen m\u00e5 ri aktuelt programniv\u00e5 til over 55% og f\u00e5tt maks 8 feil i grunnomgang i aktuell sprangklasse ved et utvidet klubbstevne eller distriktstevne.<\/p>\n\n\n\n<p><strong>Premiering:<\/strong><br>Det deles ut gull, s\u00f8lv og bronse til ekvipasjene, i tillegg til en \u00e6resplakett til skolen.<\/p>\n\n\n\n<p>Skolene oppfordres til \u00e5 sette i gang tiltak for \u00e5 f\u00e5 inn \u00f8konomisk st\u00f8tte til ekvipasjene.<\/p>\n\n\n\n<figure class=\"wp-block-image size-full\"><img loading=\"lazy\" decoding=\"async\" width=\"900\" height=\"675\" src=\"https:\/\/fjordhest.net\/NM2026\/wp-content\/uploads\/2026\/02\/06-NM-33-077.jpg\" alt=\"\" class=\"wp-image-445\" srcset=\"https:\/\/fjordhest.net\/NM2026\/wp-content\/uploads\/2026\/02\/06-NM-33-077.jpg 900w, https:\/\/fjordhest.net\/NM2026\/wp-content\/uploads\/2026\/02\/06-NM-33-077-300x225.jpg 300w, https:\/\/fjordhest.net\/NM2026\/wp-content\/uploads\/2026\/02\/06-NM-33-077-768x576.jpg 768w\" sizes=\"auto, (max-width: 900px) 100vw, 900px\" \/><figcaption class=\"wp-element-caption\">Irmelin Revheim og Bergablakken &#8211; NM2006<\/figcaption><\/figure>\n","protected":false},"excerpt":{"rendered":"<p>Cup for fjordhester i skolevirksomhet For deg som rir fjordhest p\u00e5 ride-, videreg\u00e5ende- eller folkeh\u00f8yskole. Krav til rytter:For \u00e5 ri rideskolemesterskapet m\u00e5 rytter m\u00e5 f\u00f8lge ordin\u00e6r undervisning ved rideskole, ved hestelinje ved folkeh\u00f8yskole, eller ved naturbruk ved videreg\u00e5ende skole. Rytter kan ikke ha p\u00e5begynt noen form for ridel\u00e6rerutdanning. Juniorrytter m\u00e5 v\u00e6re mellom 13 og 18\u00e5r, senior er fra og med det \u00e5ret rytter fyller 19. Rytter m\u00e5 ha l\u00f8st lisens. Rytter m\u00e5 i tillegg v\u00e6re medlem av Norges Fjordhestlag. Krav til hest:For rideskole: Hesten m\u00e5 g\u00e5 som skolehest minimum 2 dager i uken. For videreg\u00e5ende- og folkeh\u00f8yskole: Hesten skal f\u00f8lge kursaktivitet ved skolen minimum 3 dager i uken. Privateid hest kan ikke konkurrere med sin eier. Hestene skal v\u00e6re fjordhest av ren rase og m\u00e5 kunne vise r\u00f8dt pass eller bl\u00e5tt pass med k\u00e5ret far. &nbsp;Hesten m\u00e5 ha vaksinasjoner i orden og v\u00e6re registrert som konkurransehest i NRYF. Dressurcup:Juniorryttere og videreg\u00e5ende skole-ryttere rir to LC program. Seniorryttere og folkeh\u00f8yskolerytterne rir to LB program. Prosentene legges sammen og h\u00f8yest prosent vinner. Ved poenglikhet avgj\u00f8r det siste programmet. Ved ytterliggere poenglikhet skilles ekvipasjene ut fra \u00abL\u00f8sgjorthet og kontakt\u00bb under allment inntrykk. Ved f\u00e5 startende st\u00e5r arrang\u00f8r fritt til \u00e5 sl\u00e5 sammen klassene og rangere ryttere etter prosentene. KombinertcupJuniorryttere og videreg\u00e5ende skolerytterne rir ett LC program og 55cm sprang feil og stil, seniorryttere og folkeh\u00f8yskolerytterne rir ett LB program og 65cm sprang. Resultatene fra hver avdeling omregnes til konkurransepoeng etter worldcup-tabellen. Ekvipasjer som er eliminert eller har trukket seg f\u00e5r 0 p. Ved lik plassering, f.eks. to p\u00e5 3. plass, blir poengene for 3 og 4 plass lagt sammen og delt p\u00e5 antallet likt plasserte . Hvilke andre klasser kan rideskolehestene starte?S\u00e5 lenge hesten er registrert i den norske stamboka, dvs den har stamtavle og r\u00f8dt eller bl\u00e5tt pass (med k\u00e5ret far), kan den starte alle klasser den er kvalifisert til p\u00e5 stevnet. Kvalifisering:Ekvipasjen m\u00e5 ri aktuelt programniv\u00e5 til over 55% og f\u00e5tt maks 8 feil i grunnomgang i aktuell sprangklasse ved et utvidet klubbstevne eller distriktstevne. Premiering:Det deles ut gull, s\u00f8lv og bronse til ekvipasjene, i tillegg til en \u00e6resplakett til skolen. Skolene oppfordres til \u00e5 sette i gang tiltak for \u00e5 f\u00e5 inn \u00f8konomisk st\u00f8tte til ekvipasjene.<\/p>\n","protected":false},"author":1,"featured_media":0,"parent":0,"menu_order":0,"comment_status":"closed","ping_status":"closed","template":"","meta":{"_themeisle_gutenberg_block_has_review":false,"footnotes":""},"class_list":["post-135","page","type-page","status-publish","hentry"],"_links":{"self":[{"href":"https:\/\/fjordhest.net\/NM2026\/index.php\/wp-json\/wp\/v2\/pages\/135","targetHints":{"allow":["GET"]}}],"collection":[{"href":"https:\/\/fjordhest.net\/NM2026\/index.php\/wp-json\/wp\/v2\/pages"}],"about":[{"href":"https:\/\/fjordhest.net\/NM2026\/index.php\/wp-json\/wp\/v2\/types\/page"}],"author":[{"embeddable":true,"href":"https:\/\/fjordhest.net\/NM2026\/index.php\/wp-json\/wp\/v2\/users\/1"}],"replies":[{"embeddable":true,"href":"https:\/\/fjordhest.net\/NM2026\/index.php\/wp-json\/wp\/v2\/comments?post=135"}],"version-history":[{"count":3,"href":"https:\/\/fjordhest.net\/NM2026\/index.php\/wp-json\/wp\/v2\/pages\/135\/revisions"}],"predecessor-version":[{"id":885,"href":"https:\/\/fjordhest.net\/NM2026\/index.php\/wp-json\/wp\/v2\/pages\/135\/revisions\/885"}],"wp:attachment":[{"href":"https:\/\/fjordhest.net\/NM2026\/index.php\/wp-json\/wp\/v2\/media?parent=135"}],"curies":[{"name":"wp","href":"https:\/\/api.w.org\/{rel}","templated":true}]}}