{"id":28,"date":"2025-12-25T16:14:53","date_gmt":"2025-12-25T16:14:53","guid":{"rendered":"https:\/\/fjordhest.net\/NM2026\/?page_id=28"},"modified":"2026-02-15T21:51:35","modified_gmt":"2026-02-15T21:51:35","slug":"stevneplassen","status":"publish","type":"page","link":"https:\/\/fjordhest.net\/NM2026\/index.php\/stevneplassen\/","title":{"rendered":"Stevneplassen"},"content":{"rendered":"\n<p>Fjordhest NM 2026 blir arrangert p\u00e5 Fredriksborg Hestesportsenter \u2013 et sted med lange tradisjoner for store hestearrangementer. Her har det tidligere v\u00e6rt avholdt alt fra Nordisk mesterskap for fjordhest til lands- og elitestevner i sprang, samt internasjonale dressurstevner.<\/p>\n\n\n\n<p>Fredriksborg er et anlegg som virkelig egner seg til form\u00e5let. Med b\u00e5de stor og liten utebane, i tillegg til ridehus, finnes alle fasiliteter man kan \u00f8nske seg p\u00e5 en stevneplass. Vi arbeider ogs\u00e5 med \u00e5 f\u00e5 p\u00e5 plass campingmuligheter p\u00e5 omr\u00e5det, slik at det blir enkelt og hyggelig \u00e5 delta og f\u00f8lge mesterskapet over flere dager.<\/p>\n\n\n\n<p>Fredriksborg Hestesportsenter ligger sentralt plassert i \u00d8stfold, mellom Fredrikstad og Sarpsborg,<br>med beliggenhet 3 minutter fra E6. Adressen er Sarpsborgveien 743, 1658 Torp.<\/p>\n\n\n\n<p>Senteret ble bygd i 2006 og har sv\u00e6rt gode fasiliteter;<\/p>\n\n\n\n<p>\u2013 Ridehus med stor tribune 70\u00d724 m<br>\u2013 Utebane 1 med internasjonale m\u00e5l, 100\u00d770 m <br>\u2013 Utebane 2, 70\u00d730 m<br>\u2013 Dommerbod inne og ute<br>\u2013 Egen cafeteria<br>\u2013 Ridesti p\u00e5 3,2 km<br>\u2013 Store og gode parkeringsmuligheter<br>\u2013 God kapasitet og komfort p\u00e5 garderober, dusj, toaletter<\/p>\n\n\n\n<iframe src=\"https:\/\/www.google.com\/maps\/embed?pb=!1m18!1m12!1m3!1d3417.829751665715!2d11.039321613405669!3d59.25705741669696!2m3!1f0!2f0!3f0!3m2!1i1024!2i768!4f13.1!3m3!1m2!1s0x46440474c696e5e3%3A0x9b865585cecffa7d!2sFredriksborg%20Hestesenter!5e1!3m2!1sno!2sno!4v1770756005495!5m2!1sno!2sno\" width=\"100%\" height=\"450\" style=\"border:0;\" allowfullscreen=\"\" loading=\"lazy\" referrerpolicy=\"no-referrer-when-downgrade\"><\/iframe>\n\n\n\n\n<figure class=\"wp-block-image size-full is-resized\"><img loading=\"lazy\" decoding=\"async\" width=\"768\" height=\"619\" src=\"https:\/\/fjordhest.net\/NM2026\/wp-content\/uploads\/2025\/12\/657_145551863-1-768x619-1.jpg\" alt=\"\" class=\"wp-image-29\" style=\"width:768px;height:auto\" srcset=\"https:\/\/fjordhest.net\/NM2026\/wp-content\/uploads\/2025\/12\/657_145551863-1-768x619-1.jpg 768w, https:\/\/fjordhest.net\/NM2026\/wp-content\/uploads\/2025\/12\/657_145551863-1-768x619-1-300x242.jpg 300w\" sizes=\"auto, (max-width: 768px) 100vw, 768px\" \/><\/figure>\n\n\n\n<figure class=\"wp-block-gallery has-nested-images columns-default is-cropped wp-block-gallery-1 is-layout-flex wp-block-gallery-is-layout-flex\">\n<figure class=\"wp-block-image size-large\"><img loading=\"lazy\" decoding=\"async\" width=\"1024\" height=\"839\" data-id=\"30\" src=\"https:\/\/fjordhest.net\/NM2026\/wp-content\/uploads\/2025\/12\/475543809_9145739325462100_8015767621607265550_n-1024x839.jpg\" alt=\"\" class=\"wp-image-30\" srcset=\"https:\/\/fjordhest.net\/NM2026\/wp-content\/uploads\/2025\/12\/475543809_9145739325462100_8015767621607265550_n-1024x839.jpg 1024w, https:\/\/fjordhest.net\/NM2026\/wp-content\/uploads\/2025\/12\/475543809_9145739325462100_8015767621607265550_n-300x246.jpg 300w, https:\/\/fjordhest.net\/NM2026\/wp-content\/uploads\/2025\/12\/475543809_9145739325462100_8015767621607265550_n-768x630.jpg 768w, https:\/\/fjordhest.net\/NM2026\/wp-content\/uploads\/2025\/12\/475543809_9145739325462100_8015767621607265550_n-1140x935.jpg 1140w, https:\/\/fjordhest.net\/NM2026\/wp-content\/uploads\/2025\/12\/475543809_9145739325462100_8015767621607265550_n.jpg 1315w\" sizes=\"auto, (max-width: 1024px) 100vw, 1024px\" \/><\/figure>\n\n\n\n<figure class=\"wp-block-image size-large\"><img loading=\"lazy\" decoding=\"async\" width=\"960\" height=\"720\" data-id=\"32\" src=\"https:\/\/fjordhest.net\/NM2026\/wp-content\/uploads\/2025\/12\/555865438_24688811044061677_8231694569029800522_n.jpg\" alt=\"\" class=\"wp-image-32\" srcset=\"https:\/\/fjordhest.net\/NM2026\/wp-content\/uploads\/2025\/12\/555865438_24688811044061677_8231694569029800522_n.jpg 960w, https:\/\/fjordhest.net\/NM2026\/wp-content\/uploads\/2025\/12\/555865438_24688811044061677_8231694569029800522_n-300x225.jpg 300w, https:\/\/fjordhest.net\/NM2026\/wp-content\/uploads\/2025\/12\/555865438_24688811044061677_8231694569029800522_n-768x576.jpg 768w\" sizes=\"auto, (max-width: 960px) 100vw, 960px\" \/><\/figure>\n\n\n\n<figure class=\"wp-block-image size-large\"><img loading=\"lazy\" decoding=\"async\" width=\"960\" height=\"514\" data-id=\"31\" src=\"https:\/\/fjordhest.net\/NM2026\/wp-content\/uploads\/2025\/12\/557990462_24699879799621468_3515029264482294811_n.jpg\" alt=\"\" class=\"wp-image-31\" srcset=\"https:\/\/fjordhest.net\/NM2026\/wp-content\/uploads\/2025\/12\/557990462_24699879799621468_3515029264482294811_n.jpg 960w, https:\/\/fjordhest.net\/NM2026\/wp-content\/uploads\/2025\/12\/557990462_24699879799621468_3515029264482294811_n-300x161.jpg 300w, https:\/\/fjordhest.net\/NM2026\/wp-content\/uploads\/2025\/12\/557990462_24699879799621468_3515029264482294811_n-768x411.jpg 768w\" sizes=\"auto, (max-width: 960px) 100vw, 960px\" \/><\/figure>\n\n\n\n<figure class=\"wp-block-image size-large\"><img loading=\"lazy\" decoding=\"async\" width=\"724\" height=\"1024\" data-id=\"33\" src=\"https:\/\/fjordhest.net\/NM2026\/wp-content\/uploads\/2025\/12\/fasiliterer_stallen1-724x1024-1.jpg\" alt=\"\" class=\"wp-image-33\" srcset=\"https:\/\/fjordhest.net\/NM2026\/wp-content\/uploads\/2025\/12\/fasiliterer_stallen1-724x1024-1.jpg 724w, https:\/\/fjordhest.net\/NM2026\/wp-content\/uploads\/2025\/12\/fasiliterer_stallen1-724x1024-1-212x300.jpg 212w\" sizes=\"auto, (max-width: 724px) 100vw, 724px\" \/><\/figure>\n\n\n\n<figure class=\"wp-block-image size-large\"><img loading=\"lazy\" decoding=\"async\" width=\"1024\" height=\"454\" data-id=\"34\" src=\"https:\/\/fjordhest.net\/NM2026\/wp-content\/uploads\/2025\/12\/Fredriksborg-toppbanner-Ridehus-2480x1100-1-1-1024x454-1.jpg\" alt=\"\" class=\"wp-image-34\" srcset=\"https:\/\/fjordhest.net\/NM2026\/wp-content\/uploads\/2025\/12\/Fredriksborg-toppbanner-Ridehus-2480x1100-1-1-1024x454-1.jpg 1024w, https:\/\/fjordhest.net\/NM2026\/wp-content\/uploads\/2025\/12\/Fredriksborg-toppbanner-Ridehus-2480x1100-1-1-1024x454-1-300x133.jpg 300w, https:\/\/fjordhest.net\/NM2026\/wp-content\/uploads\/2025\/12\/Fredriksborg-toppbanner-Ridehus-2480x1100-1-1-1024x454-1-768x341.jpg 768w\" sizes=\"auto, (max-width: 1024px) 100vw, 1024px\" \/><\/figure>\n\n\n\n<figure class=\"wp-block-image size-large\"><img loading=\"lazy\" decoding=\"async\" width=\"800\" height=\"600\" data-id=\"37\" src=\"https:\/\/fjordhest.net\/NM2026\/wp-content\/uploads\/2025\/12\/nm_fb2.jpg\" alt=\"\" class=\"wp-image-37\" srcset=\"https:\/\/fjordhest.net\/NM2026\/wp-content\/uploads\/2025\/12\/nm_fb2.jpg 800w, https:\/\/fjordhest.net\/NM2026\/wp-content\/uploads\/2025\/12\/nm_fb2-300x225.jpg 300w, https:\/\/fjordhest.net\/NM2026\/wp-content\/uploads\/2025\/12\/nm_fb2-768x576.jpg 768w\" sizes=\"auto, (max-width: 800px) 100vw, 800px\" \/><\/figure>\n\n\n\n<figure class=\"wp-block-image size-large\"><img loading=\"lazy\" decoding=\"async\" width=\"731\" height=\"1024\" data-id=\"36\" src=\"https:\/\/fjordhest.net\/NM2026\/wp-content\/uploads\/2025\/12\/ridehallen2-731x1024-1.jpg\" alt=\"\" class=\"wp-image-36\" srcset=\"https:\/\/fjordhest.net\/NM2026\/wp-content\/uploads\/2025\/12\/ridehallen2-731x1024-1.jpg 731w, https:\/\/fjordhest.net\/NM2026\/wp-content\/uploads\/2025\/12\/ridehallen2-731x1024-1-214x300.jpg 214w\" sizes=\"auto, (max-width: 731px) 100vw, 731px\" \/><\/figure>\n\n\n\n<figure class=\"wp-block-image size-large\"><img loading=\"lazy\" decoding=\"async\" width=\"800\" height=\"600\" data-id=\"35\" src=\"https:\/\/fjordhest.net\/NM2026\/wp-content\/uploads\/2025\/12\/ute3.jpg\" alt=\"\" class=\"wp-image-35\" srcset=\"https:\/\/fjordhest.net\/NM2026\/wp-content\/uploads\/2025\/12\/ute3.jpg 800w, https:\/\/fjordhest.net\/NM2026\/wp-content\/uploads\/2025\/12\/ute3-300x225.jpg 300w, https:\/\/fjordhest.net\/NM2026\/wp-content\/uploads\/2025\/12\/ute3-768x576.jpg 768w\" sizes=\"auto, (max-width: 800px) 100vw, 800px\" \/><\/figure>\n<\/figure>\n\n\n\n<p>Bilder fra Borge Rideklubb sin hjemmeside.<\/p>\n","protected":false},"excerpt":{"rendered":"<p>Fjordhest NM 2026 blir arrangert p\u00e5 Fredriksborg Hestesportsenter \u2013 et sted med lange tradisjoner for store hestearrangementer. Her har det tidligere v\u00e6rt avholdt alt fra Nordisk mesterskap for fjordhest til lands- og elitestevner i sprang, samt internasjonale dressurstevner. Fredriksborg er et anlegg som virkelig egner seg til form\u00e5let. Med b\u00e5de stor og liten utebane, i tillegg til ridehus, finnes alle fasiliteter man kan \u00f8nske seg p\u00e5 en stevneplass. Vi arbeider ogs\u00e5 med \u00e5 f\u00e5 p\u00e5 plass campingmuligheter p\u00e5 omr\u00e5det, slik at det blir enkelt og hyggelig \u00e5 delta og f\u00f8lge mesterskapet over flere dager. Fredriksborg Hestesportsenter ligger sentralt plassert i \u00d8stfold, mellom Fredrikstad og Sarpsborg,med beliggenhet 3 minutter fra E6. Adressen er Sarpsborgveien 743, 1658 Torp. Senteret ble bygd i 2006 og har sv\u00e6rt gode fasiliteter; \u2013 Ridehus med stor tribune 70\u00d724 m\u2013 Utebane 1 med internasjonale m\u00e5l, 100\u00d770 m \u2013 Utebane 2, 70\u00d730 m\u2013 Dommerbod inne og ute\u2013 Egen cafeteria\u2013 Ridesti p\u00e5 3,2 km\u2013 Store og gode parkeringsmuligheter\u2013 God kapasitet og komfort p\u00e5 garderober, dusj, toaletter Bilder fra Borge Rideklubb sin hjemmeside.<\/p>\n","protected":false},"author":1,"featured_media":0,"parent":0,"menu_order":0,"comment_status":"closed","ping_status":"closed","template":"","meta":{"_themeisle_gutenberg_block_has_review":false,"footnotes":""},"class_list":["post-28","page","type-page","status-publish","hentry"],"_links":{"self":[{"href":"https:\/\/fjordhest.net\/NM2026\/index.php\/wp-json\/wp\/v2\/pages\/28","targetHints":{"allow":["GET"]}}],"collection":[{"href":"https:\/\/fjordhest.net\/NM2026\/index.php\/wp-json\/wp\/v2\/pages"}],"about":[{"href":"https:\/\/fjordhest.net\/NM2026\/index.php\/wp-json\/wp\/v2\/types\/page"}],"author":[{"embeddable":true,"href":"https:\/\/fjordhest.net\/NM2026\/index.php\/wp-json\/wp\/v2\/users\/1"}],"replies":[{"embeddable":true,"href":"https:\/\/fjordhest.net\/NM2026\/index.php\/wp-json\/wp\/v2\/comments?post=28"}],"version-history":[{"count":4,"href":"https:\/\/fjordhest.net\/NM2026\/index.php\/wp-json\/wp\/v2\/pages\/28\/revisions"}],"predecessor-version":[{"id":697,"href":"https:\/\/fjordhest.net\/NM2026\/index.php\/wp-json\/wp\/v2\/pages\/28\/revisions\/697"}],"wp:attachment":[{"href":"https:\/\/fjordhest.net\/NM2026\/index.php\/wp-json\/wp\/v2\/media?parent=28"}],"curies":[{"name":"wp","href":"https:\/\/api.w.org\/{rel}","templated":true}]}}