{"id":41,"date":"2025-12-25T16:22:50","date_gmt":"2025-12-25T16:22:50","guid":{"rendered":"https:\/\/fjordhest.net\/NM2026\/?page_id=41"},"modified":"2026-04-03T15:42:07","modified_gmt":"2026-04-03T15:42:07","slug":"program-fjordhest-nm-2026","status":"publish","type":"page","link":"https:\/\/fjordhest.net\/NM2026\/index.php\/program-fjordhest-nm-2026\/","title":{"rendered":"Program"},"content":{"rendered":"\n<p>Arrang\u00f8rkomit\u00e9en jobber med \u00e5 f\u00e5 programmet for Fjordhest NM 2026 p\u00e5 plass. Det er fortsatt noen f\u00e5 detaljer som gjenst\u00e5r, og i tillegg er det viktig \u00e5 huske p\u00e5 at det kan komme reglementsendringer fra Norges Rytterforbund 1. mars 2026. <strong>Vi tar forbehold om nok startende for \u00e5 kunne arrangere klassene, samt at Norges Rytterforbund godkjenner oppsettet.<\/strong><\/p>\n\n\n\n<p>NB: Klassene er ikke satt opp i gjennomf\u00f8ringsrekkef\u00f8lge!<\/p>\n\n\n\n<figure class=\"wp-block-table nm-table\"><table><thead><tr><th>S\u00f8ndag 28. juni<\/th><\/tr><\/thead><tbody><tr><td>\ud83d\udc34 \u00c5pent for ankomst <br>For reisende langveisfra vil det v\u00e6re mulig \u00e5 ankomme allerede s\u00f8ndag. For ekvipasjer som kommer andre dager, m\u00e5 vetsjekk gjennomf\u00f8res f\u00f8r man kan starte konkurranser. Vetsjekk er tilgjengelig mandag og torsdag.<\/td><\/tr><\/tbody><\/table><\/figure>\n\n\n<\/p>\n\n\n<figure class=\"wp-block-table nm-table\"><table class=\"has-fixed-layout\"><thead><tr><th>Mandag 29. juni<\/th><\/tr><\/thead><tbody><tr><td>\ud83d\udc34 Sekretariatet \u00e5pner, \u00e5pen for ankomst<\/td><\/tr><tr><td>\ud83d\udc34 Vetsjekk<\/td><\/tr><tr><td>\ud83d\udc34 \u00c5pningsseremoni<\/td><\/tr><\/tbody><\/table><\/figure>\n\n\n<\/p>\n\n\n<figure class=\"wp-block-table nm-table\"><table class=\"has-fixed-layout\"><thead><tr><th>Tirsdag 30. juli<\/th><\/tr><\/thead><tbody><tr><td>\ud83d\udc34 <a href=\"https:\/\/cdn.sanity.io\/files\/7mvt3yk3\/production\/67efccde2187d151f5f36793382510fa7ac3377e.pdf\/U-LD1-R%20ULD1%20NRYF%202025%20-%20Rangering.pdf\" target=\"_blank\" rel=\"noreferrer noopener\">Dressur ULD:1<\/a><\/td><\/tr><tr><td>\ud83d\udc34 <a href=\"https:\/\/cdn.sanity.io\/files\/7mvt3yk3\/production\/c57e4db3dfcf5b44bfecdbb78b892ff177e30887.pdf\/4%20LC%203%20NRYF%202025.pdf\" target=\"_blank\" rel=\"noreferrer noopener\">Dressur LC:3<\/a> &#8211; 1. avd rideskole dressur + kombinert junior, BUF 5 \u00e5r<\/td><\/tr><tr><td>\ud83d\udc34 <a href=\"https:\/\/cdn.sanity.io\/files\/7mvt3yk3\/production\/ad05dbd536dfdf46cbdac89b831b46e2020151b2.pdf\/13%20LB%204%20NRYF%202025.pdf\" target=\"_blank\" rel=\"noreferrer noopener\">Dressur LB:4 <\/a>&#8211; 1. avd NM junior, 1. avd rideskole dressur + kombinert  senior, <br>1. avd juniorcup, BUF 6 \u00e5r<\/td><\/tr><tr><td>\ud83d\udc34 <a href=\"https:\/\/cdn.sanity.io\/files\/7mvt3yk3\/production\/f6a4f5e634f72269ab50c0ab0b62b4187482f8ca.pdf\/23%20LA%203%20NRYF%202025.pdf\" target=\"_blank\" rel=\"noreferrer noopener\">Dressur LA:3<\/a> &#8211; 1. avd NM senior, 1. avd NM lag, 1. avd grenmesterskap dressur, BUF 7\u00e5r<\/td><\/tr><tr><td>\ud83d\udc34 <a href=\"https:\/\/cdn.sanity.io\/files\/7mvt3yk3\/production\/2dd5aeae36ca9126c43ae9b5f636fa8aadaf71bd.pdf\/45%20MB%205%202013-22.pdf\" target=\"_blank\" rel=\"noreferrer noopener\">Dressur MB:5<\/a><\/td><\/tr><tr><td>\ud83d\udc34 <a href=\"https:\/\/www.rytter.no\/grener\/para\/dressurprogram-para\" target=\"_blank\" rel=\"noreferrer noopener\">Dressur Para niv\u00e5klasse 2<\/a> &#8211; 1. avd grenmesterskap Para dressur<\/td><\/tr><\/tbody><\/table><\/figure>\n\n\n<\/p>\n\n\n<figure class=\"wp-block-table nm-table\"><table class=\"has-fixed-layout\"><thead><tr><th>Onsdag 1. juli<\/th><\/tr><\/thead><tbody><tr><td>\ud83d\udc34 <a href=\"https:\/\/cdn.sanity.io\/files\/7mvt3yk3\/production\/67efccde2187d151f5f36793382510fa7ac3377e.pdf\/U-LD1-R%20ULD1%20NRYF%202025%20-%20Rangering.pdf\" target=\"_blank\" rel=\"noreferrer noopener\">Dressur ULD:1<\/a><\/td><\/tr><tr><td>\ud83d\udc34 <a href=\"https:\/\/cdn.sanity.io\/files\/7mvt3yk3\/production\/c57e4db3dfcf5b44bfecdbb78b892ff177e30887.pdf\/4%20LC%203%20NRYF%202025.pdf\" target=\"_blank\" rel=\"noreferrer noopener\">Dressur LC:3<\/a> &#8211; 2. avd rideskole dressur junior<\/td><\/tr><tr><td>\ud83d\udc34 <a href=\"https:\/\/cdn.sanity.io\/files\/7mvt3yk3\/production\/99891eb30dd6be86fd651345b293c2fa8cbe5eb9.pdf\/12%20LB%203%20NRYF%202025.pdf\" target=\"_blank\" rel=\"noreferrer noopener\">Dressur LB:3<\/a> &#8211; 2. avd rideskole dressur senior, 2. avd juniorcup<\/td><\/tr><tr><td>\ud83d\udc34 <a href=\"https:\/\/cdn.sanity.io\/files\/7mvt3yk3\/production\/08ea6ad381ff47f4855ddb9f07e7ba5cbf81ff29.pdf\/22%20LA%202%20NRYF%202025.pdf\" target=\"_blank\" rel=\"noreferrer noopener\">Dressur LA:2<\/a><\/td><\/tr><tr><td>\ud83d\udc34 <a href=\"https:\/\/cdn.sanity.io\/files\/7mvt3yk3\/production\/e01795ac2363a19f3a6dbb5570378e3cc71446d2.pdf\/26%20MC%201%20NRYF%202015-23%20.pdf\" target=\"_blank\" rel=\"noreferrer noopener\">Dressur MC: 1<\/a> &#8211; Finale grenmesterskap dressur<\/td><\/tr><tr><td>\ud83d\udc34 <a href=\"https:\/\/cdn.sanity.io\/files\/7mvt3yk3\/production\/e2f8ae489b97087a4f84bf539b87fd9bb53e9c56.pdf\/43%20MB%203%202024.pdf\" target=\"_blank\" rel=\"noreferrer noopener\">Dressur MB:3<\/a><\/td><\/tr><tr><td>\ud83d\udc34 <a href=\"https:\/\/www.rytter.no\/grener\/para\/dressurprogram-para\" target=\"_blank\" rel=\"noreferrer noopener\">Dressur Para niv\u00e5klasse 2<\/a> &#8211; Finale grenmesterskap Para dressur<\/td><\/tr><tr><td>\ud83d\udc34 <a href=\"https:\/\/www.rytter.no\/grener\/kjoring\/dressurprogram-presisjon-og-hinder-protokoller\" target=\"_blank\" rel=\"noreferrer noopener\">Dressurkj\u00f8ring UTD<\/a> &#8211; Bane 40&#215;80 &#8211; Utdanning DMP<\/td><\/tr><tr><td>\ud83d\udc34 <a href=\"https:\/\/www.rytter.no\/grener\/kjoring\/dressurprogram-presisjon-og-hinder-protokoller\" target=\"_blank\" rel=\"noreferrer noopener\">Dressurkj\u00f8ring Lett <\/a>&#8211; Bane 40&#215;80 -Lett DMP<\/td><\/tr><tr><td>\ud83d\udc34 <a href=\"https:\/\/www.rytter.no\/grener\/kjoring\/dressurprogram-presisjon-og-hinder-protokoller\" target=\"_blank\" rel=\"noreferrer noopener\">Dressurkj\u00f8ring Middels<\/a> &#8211; Bane 40&#215;80 &#8211; Grenmesterskap Kj\u00f8ring<\/td><\/tr><tr><td>\ud83d\udc34 <a href=\"https:\/\/fjordhest.net\/NM2026\/index.php\/uoffisiell-utstilling\/\">Uoffisiell Utstilling<\/a><\/td><\/tr><tr><td>\ud83d\udc34 Premiering Grenmesterskap dressur, Grenmesterskap Para dressur<\/td><\/tr><\/tbody><\/table><\/figure>\n\n\n<\/p>\n\n\n<figure class=\"wp-block-table nm-table\"><table class=\"has-fixed-layout\"><thead><tr><th>Torsdag 2. juli<\/th><\/tr><\/thead><tbody><tr><td>\ud83d\udc34 <a href=\"https:\/\/cdn.sanity.io\/files\/7mvt3yk3\/production\/e1299ae7ab861ea8374945a314aa73c8d7cab9e2.pdf\" target=\"_blank\" rel=\"noreferrer noopener\">Dressur LC kn\u00f8ttecup<\/a><\/td><\/tr><tr><td>\ud83d\udc34 Sprang 60cm kn\u00f8ttecup &#8211; Bed kommer<\/td><\/tr><tr><td>\ud83d\udc34 Terreng 60cm kn\u00f8ttecup<\/td><\/tr><tr><td>\ud83d\udc34 <a href=\"https:\/\/www.rytter.no\/grener\/kjoring\/dressurprogram-presisjon-og-hinder-protokoller\" target=\"_blank\" rel=\"noreferrer noopener\">Maratonkj\u00f8ring UTD<\/a> &#8211; Utdanning DMP<\/td><\/tr><tr><td>\ud83d\udc34 <a href=\"https:\/\/www.rytter.no\/grener\/kjoring\/dressurprogram-presisjon-og-hinder-protokoller\" target=\"_blank\" rel=\"noreferrer noopener\">Maratonkj\u00f8ring Lett<\/a> &#8211; Lett DMP<\/td><\/tr><tr><td>\ud83d\udc34 <a href=\"https:\/\/www.rytter.no\/grener\/kjoring\/dressurprogram-presisjon-og-hinder-protokoller\" target=\"_blank\" rel=\"noreferrer noopener\">Maratonkj\u00f8ring Middels<\/a> &#8211; Grenmesterskap Kj\u00f8ring<\/td><\/tr><tr><td>\ud83d\udc34 Rytterfest<\/td><\/tr><\/tbody><\/table><\/figure>\n\n\n<\/p>\n\n\n<figure class=\"wp-block-table nm-table\"><table class=\"has-fixed-layout\"><thead><tr><th>Fredag 3. juli<\/th><\/tr><\/thead><tbody><tr><td>\ud83d\udc34 <a href=\"https:\/\/www.rytter.no\/grener\/kjoring\/dressurprogram-presisjon-og-hinder-protokoller\" target=\"_blank\" rel=\"noreferrer noopener\">Presisjonskj\u00f8ring UTD<\/a> &#8211; Bed A0 &#8211; Utdanning DMP, BUF 5 \u00e5r<\/td><\/tr><tr><td>\ud83d\udc34 <a href=\"https:\/\/www.rytter.no\/grener\/kjoring\/dressurprogram-presisjon-og-hinder-protokoller\" target=\"_blank\" rel=\"noreferrer noopener\">Presisjonskj\u00f8ring Lett<\/a> &#8211; Bed A0 &#8211; Lett DMP, 2. avd NM junior, BUF 6 \u00e5r + 7\u00e5r<\/td><\/tr><tr><td>\ud83d\udc34 <a href=\"https:\/\/www.rytter.no\/grener\/kjoring\/dressurprogram-presisjon-og-hinder-protokoller\" target=\"_blank\" rel=\"noreferrer noopener\">Presisjonskj\u00f8ring Middels<\/a> &#8211; Bed A1A &#8211; Grenmesterskap kj\u00f8ring, 2. avd NM senior, 2. avd NM lag<\/td><\/tr><tr><td>\ud83d\udc34 <a href=\"https:\/\/www.rytter.no\/grener\/kjoring\/dressurprogram-presisjon-og-hinder-protokoller\" target=\"_blank\" rel=\"noreferrer noopener\">Presisjonskj\u00f8ring Vanskelig<\/a><\/td><\/tr><tr><td>\ud83d\udc34 Sprang 10cm &#8211; <a href=\"https:\/\/fjordhest.net\/NM2026\/index.php\/bedommelser-sprang-kr-ii-2025\/\">Bed 279 CR<\/a><\/td><\/tr><tr><td>\ud83d\udc34 Sprang 45cm &#8211; <a href=\"https:\/\/fjordhest.net\/NM2026\/index.php\/bedommelser-sprang-kr-ii-2025\/\">Bed 280 FS<\/a><\/td><\/tr><tr><td>\ud83d\udc34 Sprang 55cm &#8211; <a href=\"https:\/\/fjordhest.net\/NM2026\/index.php\/bedommelser-sprang-kr-ii-2025\/\">Bed 280 FS<\/a> &#8211; 2 avd rideskole kombinert junior.<\/td><\/tr><tr><td>\ud83d\udc34 Sprang 65cm &#8211; juniorcup sprang 2 omganger &#8211; <a href=\"https:\/\/fjordhest.net\/NM2026\/index.php\/bedommelser-sprang-kr-ii-2025\/\">Bed 273.3.3<\/a>, 2 avd rideskole kombinert senior.<\/td><\/tr><tr><td>\ud83d\udc34 Sprang 75cm &#8211; <a href=\"https:\/\/fjordhest.net\/NM2026\/index.php\/bedommelser-sprang-kr-ii-2025\/\">Bed 270, jokerhopping<\/a><\/td><\/tr><tr><td>\ud83d\udc34 Sprang 85cm &#8211; Bed kommer<\/td><\/tr><tr><td>\ud83d\udc34 Sprang 90 cm &#8211; <a href=\"https:\/\/fjordhest.net\/NM2026\/index.php\/bedommelser-sprang-kr-ii-2025\/\">Bed 238.2.2 LA kat 1 <\/a>&#8211; 1. avd grenmesterskap sprang<\/td><\/tr><tr><td>\ud83d\udc34 <a href=\"https:\/\/fjordhest.net\/NM2026\/wp-content\/uploads\/2026\/03\/Kur-MC-NRYF-2026-Fjordhest.pdf\" target=\"_blank\" rel=\"noreferrer noopener\">Dressur K\u00fcr MC<\/a>&#8211; Finale Gule tur (obs 20&#215;60-bane)<\/td><\/tr><tr><td>\ud83d\udc34 <a href=\"https:\/\/www.rytter.no\/grener\/para\/dressurprogram-para\" target=\"_blank\" rel=\"noreferrer noopener\">Dressur Para K\u00fcr<\/a> (Intermediate K\u00fcr 2023)<\/td><\/tr><tr><td>\ud83d\udc34 <a href=\"https:\/\/cdn.sanity.io\/files\/7mvt3yk3\/production\/9443f66ff9b1a932195d84323c17748cacf985fc.pdf\/11%20LB%202%20NRYF%202025.pdf\" target=\"_blank\" rel=\"noreferrer noopener\">Dressur LB:2<\/a><\/td><\/tr><tr><td>\ud83d\udc34 Premiering Grenmesterskap kj\u00f8ring<\/td><\/tr><\/tbody><\/table><\/figure>\n\n\n<\/p>\n\n\n<figure class=\"wp-block-table nm-table\"><table class=\"has-fixed-layout\"><thead><tr><th>L\u00f8rdag 4. juli<\/th><\/tr><\/thead><tbody><tr><td>\ud83d\udc34 Sprang 60 cm &#8211; <a href=\"https:\/\/fjordhest.net\/NM2026\/index.php\/bedommelser-sprang-kr-ii-2025\/\">Bed 280 FS LD kat 1<\/a> &#8211; BUF 5 \u00e5r<\/td><\/tr><tr><td>\ud83d\udc34 Sprang 70 cm &#8211; <a href=\"https:\/\/fjordhest.net\/NM2026\/index.php\/bedommelser-sprang-kr-ii-2025\/\">Bed 280 FS LC kat 1<\/a> &#8211; BUF 6 \u00e5r<\/td><\/tr><tr><td>\ud83d\udc34 Sprang 80 cm &#8211; <a href=\"https:\/\/fjordhest.net\/NM2026\/index.php\/bedommelser-sprang-kr-ii-2025\/\">Bed 238.2.2 LC kat 1 <\/a>&#8211; 3. avd NM junior<\/td><\/tr><tr><td>\ud83d\udc34 Sprang 80cm &#8211; <a href=\"https:\/\/fjordhest.net\/NM2026\/index.php\/bedommelser-sprang-kr-ii-2025\/\">Bed 238.2.2 LB kat 1<\/a>&#8211; 3. avd NM senior, 3 avd NM lag<\/td><\/tr><tr><td>\ud83d\udc34 Sprang 90 cm &#8211; <a href=\"https:\/\/fjordhest.net\/NM2026\/index.php\/bedommelser-sprang-kr-ii-2025\/\">Bed 238.2.2 LA kat 1<\/a> &#8211; 2. avd grenmesterskap sprang<\/td><\/tr><tr><td>\ud83d\udc34 Premiering Grenmesterskap sprang<\/td><\/tr><tr><td>\ud83d\udc34 Avslutningsseremoni<\/td><\/tr><\/tbody><\/table><\/figure>\n\n\n<\/p>\n\n\n<figure class=\"wp-block-table nm-table\"><table class=\"has-fixed-layout\"><thead><tr><th>S\u00f8ndag 5. juli<\/th><\/tr><\/thead><tbody><tr><td>\ud83d\udc34 Hjemreise<\/td><\/tr><\/tbody><\/table><\/figure>\n\n\n<\/p>\n\n\n<figure class=\"wp-block-table nm-table\"><table class=\"has-fixed-layout\"><thead><tr><th>NM<\/th><\/tr><\/thead><tbody><tr><td>\ud83d\udc34 NM Individuelt junior<\/td><\/tr><tr><td>\ud83d\udc34 NM Individuelt senior<\/td><\/tr><tr><td>\ud83d\udc34 NM lag<\/td><\/tr><\/tbody><\/table><\/figure>\n\n\n<\/p>\n\n\n<figure class=\"wp-block-table nm-table\"><table class=\"has-fixed-layout\"><thead><tr><th>GRENMESTERSKAP<\/th><\/tr><\/thead><tbody><tr><td>\ud83d\udc34 Grenmesterskap dressur<\/td><\/tr><tr><td>\ud83d\udc34 Grenmesterskap kj\u00f8ring<\/td><\/tr><tr><td>\ud83d\udc34 Grenmesterskap sprang<\/td><\/tr><tr><td>\ud83d\udc34 Grenmesterskap Para<\/td><\/tr><\/tbody><\/table><\/figure>\n\n\n<\/p>\n\n\n<figure class=\"wp-block-table nm-table\"><table class=\"has-fixed-layout\"><thead><tr><th>ANDRE SAMMENDRAG<\/th><\/tr><\/thead><tbody><tr><td>\ud83d\udc34 Beste unge fjordhest BUF 5 \u00e5r<\/td><\/tr><tr><td>\ud83d\udc34 Beste unge fjordhest BUF 6 \u00e5r<\/td><\/tr><tr><td>\ud83d\udc34 Beste unge fjordhest BUF 7 \u00e5r<\/td><\/tr><tr><td>\ud83d\udc34 <a href=\"https:\/\/fjordhest.net\/NM2026\/index.php\/statutter-guletur\/\">Gule Tur<\/a><\/td><\/tr><tr><td>\ud83d\udc34 <a href=\"https:\/\/fjordhest.net\/NM2026\/index.php\/statutter-juniorcup\/\">Juniorcup<\/a><\/td><\/tr><tr><td>\ud83d\udc34 <a href=\"https:\/\/fjordhest.net\/NM2026\/index.php\/statutter-testo-cup\/\">Guttas cup<\/a><\/td><\/tr><tr><td>\ud83d\udc34 <a href=\"https:\/\/fjordhest.net\/NM2026\/index.php\/statutter-eldrebolgen\/\" target=\"_blank\" rel=\"noreferrer noopener\">Eldreb\u00f8lgen<\/a><\/td><\/tr><tr><td>\ud83d\udc34 <a href=\"https:\/\/fjordhest.net\/NM2026\/index.php\/statutter-rideskole\/\">Rideskolecup<\/a><\/td><\/tr><\/tbody><\/table><\/figure>\n\n\n<\/p>\n\n\n<p><\/p>\n\n\n\n<figure class=\"wp-block-image size-full\"><img loading=\"lazy\" decoding=\"async\" width=\"1000\" height=\"667\" src=\"https:\/\/fjordhest.net\/NM2026\/wp-content\/uploads\/2026\/02\/05-NM-214-54.jpg\" alt=\"\" class=\"wp-image-448\" srcset=\"https:\/\/fjordhest.net\/NM2026\/wp-content\/uploads\/2026\/02\/05-NM-214-54.jpg 1000w, https:\/\/fjordhest.net\/NM2026\/wp-content\/uploads\/2026\/02\/05-NM-214-54-300x200.jpg 300w, https:\/\/fjordhest.net\/NM2026\/wp-content\/uploads\/2026\/02\/05-NM-214-54-768x512.jpg 768w\" sizes=\"auto, (max-width: 1000px) 100vw, 1000px\" \/><figcaption class=\"wp-element-caption\">Ruth Elisabeth Vareberg Birkedal og Darargutt &#8211; NM2005<\/figcaption><\/figure>\n","protected":false},"excerpt":{"rendered":"<p>Arrang\u00f8rkomit\u00e9en jobber med \u00e5 f\u00e5 programmet for Fjordhest NM 2026 p\u00e5 plass. Det er fortsatt noen f\u00e5 detaljer som gjenst\u00e5r, og i tillegg er det viktig \u00e5 huske p\u00e5 at det kan komme reglementsendringer fra Norges Rytterforbund 1. mars 2026. Vi tar forbehold om nok startende for \u00e5 kunne arrangere klassene, samt at Norges Rytterforbund godkjenner oppsettet. NB: Klassene er ikke satt opp i gjennomf\u00f8ringsrekkef\u00f8lge! S\u00f8ndag 28. juni \ud83d\udc34 \u00c5pent for ankomst For reisende langveisfra vil det v\u00e6re mulig \u00e5 ankomme allerede s\u00f8ndag. For ekvipasjer som kommer andre dager, m\u00e5 vetsjekk gjennomf\u00f8res f\u00f8r man kan starte konkurranser. Vetsjekk er tilgjengelig mandag og torsdag. Mandag 29. juni \ud83d\udc34 Sekretariatet \u00e5pner, \u00e5pen for ankomst \ud83d\udc34 Vetsjekk \ud83d\udc34 \u00c5pningsseremoni Tirsdag 30. juli \ud83d\udc34 Dressur ULD:1 \ud83d\udc34 Dressur LC:3 &#8211; 1. avd rideskole dressur + kombinert junior, BUF 5 \u00e5r \ud83d\udc34 Dressur LB:4 &#8211; 1. avd NM junior, 1. avd rideskole dressur + kombinert senior, 1. avd juniorcup, BUF 6 \u00e5r \ud83d\udc34 Dressur LA:3 &#8211; 1. avd NM senior, 1. avd NM lag, 1. avd grenmesterskap dressur, BUF 7\u00e5r \ud83d\udc34 Dressur MB:5 \ud83d\udc34 Dressur Para niv\u00e5klasse 2 &#8211; 1. avd grenmesterskap Para dressur Onsdag 1. juli \ud83d\udc34 Dressur ULD:1 \ud83d\udc34 Dressur LC:3 &#8211; 2. avd rideskole dressur junior \ud83d\udc34 Dressur LB:3 &#8211; 2. avd rideskole dressur senior, 2. avd juniorcup \ud83d\udc34 Dressur LA:2 \ud83d\udc34 Dressur MC: 1 &#8211; Finale grenmesterskap dressur \ud83d\udc34 Dressur MB:3 \ud83d\udc34 Dressur Para niv\u00e5klasse 2 &#8211; Finale grenmesterskap Para dressur \ud83d\udc34 Dressurkj\u00f8ring UTD &#8211; Bane 40&#215;80 &#8211; Utdanning DMP \ud83d\udc34 Dressurkj\u00f8ring Lett &#8211; Bane 40&#215;80 -Lett DMP \ud83d\udc34 Dressurkj\u00f8ring Middels &#8211; Bane 40&#215;80 &#8211; Grenmesterskap Kj\u00f8ring \ud83d\udc34 Uoffisiell Utstilling \ud83d\udc34 Premiering Grenmesterskap dressur, Grenmesterskap Para dressur Torsdag 2. juli \ud83d\udc34 Dressur LC kn\u00f8ttecup \ud83d\udc34 Sprang 60cm kn\u00f8ttecup &#8211; Bed kommer \ud83d\udc34 Terreng 60cm kn\u00f8ttecup \ud83d\udc34 Maratonkj\u00f8ring UTD &#8211; Utdanning DMP \ud83d\udc34 Maratonkj\u00f8ring Lett &#8211; Lett DMP \ud83d\udc34 Maratonkj\u00f8ring Middels &#8211; Grenmesterskap Kj\u00f8ring \ud83d\udc34 Rytterfest Fredag 3. juli \ud83d\udc34 Presisjonskj\u00f8ring UTD &#8211; Bed A0 &#8211; Utdanning DMP, BUF 5 \u00e5r \ud83d\udc34 Presisjonskj\u00f8ring Lett &#8211; Bed A0 &#8211; Lett DMP, 2. avd NM junior, BUF 6 \u00e5r + 7\u00e5r \ud83d\udc34 Presisjonskj\u00f8ring Middels &#8211; Bed A1A &#8211; Grenmesterskap kj\u00f8ring, 2. avd NM senior, 2. avd NM lag \ud83d\udc34 Presisjonskj\u00f8ring Vanskelig \ud83d\udc34 Sprang 10cm &#8211; Bed 279 CR \ud83d\udc34 Sprang 45cm &#8211; Bed 280 FS \ud83d\udc34 Sprang 55cm &#8211; Bed 280 FS &#8211; 2 avd rideskole kombinert junior. \ud83d\udc34 Sprang 65cm &#8211; juniorcup sprang 2 omganger &#8211; Bed 273.3.3, 2 avd rideskole kombinert senior. \ud83d\udc34 Sprang 75cm &#8211; Bed 270, jokerhopping \ud83d\udc34 Sprang 85cm &#8211; Bed kommer \ud83d\udc34 Sprang 90 cm &#8211; Bed 238.2.2 LA kat 1 &#8211; 1. avd grenmesterskap sprang \ud83d\udc34 Dressur K\u00fcr MC&#8211; Finale Gule tur (obs 20&#215;60-bane) \ud83d\udc34 Dressur Para K\u00fcr (Intermediate K\u00fcr 2023) \ud83d\udc34 Dressur LB:2 \ud83d\udc34 Premiering Grenmesterskap kj\u00f8ring L\u00f8rdag 4. juli \ud83d\udc34 Sprang 60 cm &#8211; Bed 280 FS LD kat 1 &#8211; BUF 5 \u00e5r \ud83d\udc34 Sprang 70 cm &#8211; Bed 280 FS LC kat 1 &#8211; BUF 6 \u00e5r \ud83d\udc34 Sprang 80 cm &#8211; Bed 238.2.2 LC kat 1 &#8211; 3. avd NM junior \ud83d\udc34 Sprang 80cm &#8211; Bed 238.2.2 LB kat 1&#8211; 3. avd NM senior, 3 avd NM lag \ud83d\udc34 Sprang 90 cm &#8211; Bed 238.2.2 LA kat 1 &#8211; 2. avd grenmesterskap sprang \ud83d\udc34 Premiering Grenmesterskap sprang \ud83d\udc34 Avslutningsseremoni S\u00f8ndag 5. juli \ud83d\udc34 Hjemreise NM \ud83d\udc34 NM Individuelt junior \ud83d\udc34 NM Individuelt senior \ud83d\udc34 NM lag GRENMESTERSKAP \ud83d\udc34 Grenmesterskap dressur \ud83d\udc34 Grenmesterskap kj\u00f8ring \ud83d\udc34 Grenmesterskap sprang \ud83d\udc34 Grenmesterskap Para ANDRE SAMMENDRAG \ud83d\udc34 Beste unge fjordhest BUF 5 \u00e5r \ud83d\udc34 Beste unge fjordhest BUF 6 \u00e5r \ud83d\udc34 Beste unge fjordhest BUF 7 \u00e5r \ud83d\udc34 Gule Tur \ud83d\udc34 Juniorcup \ud83d\udc34 Guttas cup \ud83d\udc34 Eldreb\u00f8lgen \ud83d\udc34 Rideskolecup<\/p>\n","protected":false},"author":1,"featured_media":0,"parent":0,"menu_order":0,"comment_status":"closed","ping_status":"closed","template":"","meta":{"_themeisle_gutenberg_block_has_review":false,"footnotes":""},"class_list":["post-41","page","type-page","status-publish","hentry"],"_links":{"self":[{"href":"https:\/\/fjordhest.net\/NM2026\/index.php\/wp-json\/wp\/v2\/pages\/41","targetHints":{"allow":["GET"]}}],"collection":[{"href":"https:\/\/fjordhest.net\/NM2026\/index.php\/wp-json\/wp\/v2\/pages"}],"about":[{"href":"https:\/\/fjordhest.net\/NM2026\/index.php\/wp-json\/wp\/v2\/types\/page"}],"author":[{"embeddable":true,"href":"https:\/\/fjordhest.net\/NM2026\/index.php\/wp-json\/wp\/v2\/users\/1"}],"replies":[{"embeddable":true,"href":"https:\/\/fjordhest.net\/NM2026\/index.php\/wp-json\/wp\/v2\/comments?post=41"}],"version-history":[{"count":94,"href":"https:\/\/fjordhest.net\/NM2026\/index.php\/wp-json\/wp\/v2\/pages\/41\/revisions"}],"predecessor-version":[{"id":898,"href":"https:\/\/fjordhest.net\/NM2026\/index.php\/wp-json\/wp\/v2\/pages\/41\/revisions\/898"}],"wp:attachment":[{"href":"https:\/\/fjordhest.net\/NM2026\/index.php\/wp-json\/wp\/v2\/media?parent=41"}],"curies":[{"name":"wp","href":"https:\/\/api.w.org\/{rel}","templated":true}]}}