{"id":162,"date":"2014-03-27T15:02:30","date_gmt":"2014-03-27T14:02:30","guid":{"rendered":"http:\/\/fjordhest.net\/blogg\/?page_id=162"},"modified":"2023-02-23T14:08:40","modified_gmt":"2023-02-23T13:08:40","slug":"vedtekter","status":"publish","type":"page","link":"https:\/\/fjordhest.net\/blogg\/norges-fjordhestlag\/vedtekter\/","title":{"rendered":"Vedtekter"},"content":{"rendered":"<p>[et_pb_section fb_built=&raquo;1&#8243; admin_label=&raquo;section&raquo; _builder_version=&raquo;4.16&#8243; global_colors_info=&raquo;{}&raquo;][et_pb_row column_structure=&raquo;3_4,1_4&#8243; admin_label=&raquo;row&raquo; _builder_version=&raquo;4.16&#8243; background_size=&raquo;initial&raquo; background_position=&raquo;top_left&raquo; background_repeat=&raquo;repeat&raquo; global_colors_info=&raquo;{}&raquo;][et_pb_column type=&raquo;3_4&#8243; _builder_version=&raquo;4.16&#8243; custom_padding=&raquo;|||&raquo; global_colors_info=&raquo;{}&raquo; custom_padding__hover=&raquo;|||&raquo;][et_pb_text admin_label=&raquo;Vedtekter Text&raquo; _builder_version=&raquo;4.16&#8243; background_size=&raquo;initial&raquo; background_position=&raquo;top_left&raquo; background_repeat=&raquo;repeat&raquo; use_border_color=&raquo;off&raquo; border_color=&raquo;#ffffff&raquo; border_style=&raquo;solid&raquo; global_colors_info=&raquo;{}&raquo;]<\/p>\n<h1 style=\"text-align: center;\"><strong>VEDTEKTER<\/strong><br \/><strong> for Norges Fjordhestlag<\/strong><\/h1>\n<table border=\"0\" width=\"100%\">\n<tbody>\n<tr>\n<td colspan=\"2\" width=\"100%\"><a class=\"overskriftliten\">\u00a7 1 Lagsnamn\u00a0<\/a><\/td>\n<\/tr>\n<tr>\n<td width=\"3%\"><\/td>\n<td width=\"97%\">Laget sitt namn er Norges Fjordhestlag. Norges Fjordhestlag er ein medlemsorganisasjon.<\/td>\n<\/tr>\n<tr>\n<td colspan=\"2\" width=\"100%\"><a class=\"overskriftliten\">\u00a7 2 Form\u00e5l\u00a0<\/a><\/td>\n<\/tr>\n<tr>\n<td width=\"3%\"><\/td>\n<td width=\"97%\">\n<p>Norges Fjordhestlag har som form\u00e5l \u00e5 samle alle med interesse for fjordhest til sams arbeid til beste for denne hesterasen.<\/p>\n<p>For \u00e5 bidra til dette skal Norges Fjordhestlag<br \/>&#8211; sj\u00e5 til at rasen vert halden rein og stettar eit allsidig brukskrav<br \/>&#8211; medverke til eit tenleg og planfast avlsarbeid<br \/>&#8211; representere fjordhestinteressene ovanfor styresmaktene, Norsk Hestesenter og samarbeide med andre hesteorganisasjonar i inn- og utland<br \/>&#8211; fremje meir allsidig bruk av fjordhesten, utvikle konkurransereglar i k\u00f8yring, riding m.m.<br \/>&#8211; hjelpe til med omsetnad av fjordhest, s\u00e6rleg med omsyn til eksport ?import<br \/>&#8211; samt p\u00e5 andre m\u00e5tar arbeide for utvikling og bruk av fjordhest<\/p>\n<p>Laget skal gje ut eit medlemsblad.<\/p>\n<\/td>\n<\/tr>\n<tr>\n<td colspan=\"2\" width=\"100%\"><a class=\"overskriftliten\">\u00a7 3 Medlemskap\u00a0<\/a><\/td>\n<\/tr>\n<tr>\n<td width=\"3%\"><\/td>\n<td width=\"97%\">\n<p>Norges Fjordhestlag er ein demokratisk medlemsorganisasjon med personleg medlemskap bygd p\u00e5 lokallag (evt. fylkeslag og distriktslag).<\/p>\n<p>Alle som st\u00f8ttar Norges Fjordhestlag sitt form\u00e5l kan teikne medlemskap. Innmelding skjer direkte til Norges Fjordhestlag.\u00a0<\/p>\n<p>Alle over 15 \u00e5r som betalar kontingent er medlem kan ha verv i NFL.<\/p>\n<p>\u00c6resmedlemmer av Norges Fjordhestlag vert utnemnde av styret.\u00a0<\/p>\n<p>Medlemmar under 15 \u00e5r vert barnemedlemmar i Norges Fjordhestlag (under Barnas Fjordhestlag). Desse medlemmane har ikkje stemmerett, men er representerte gjennom sine lokallag.<\/p>\n<\/td>\n<\/tr>\n<tr>\n<td colspan=\"2\" width=\"100%\"><a class=\"overskriftliten\">\u00a7 4 Organisasjon\u00a0<\/a><\/td>\n<\/tr>\n<tr>\n<td width=\"3%\"><\/td>\n<td width=\"97%\">Medlemmer i Norges Fjordhestlag organiserast i lokallag.<br \/>Lokallaga i eit fylke skal samansluttast til eit fylkeslag.<br \/>I tillegg er det organisert to distriktslag: Nordfjord og Sunnfjord.<br \/>Organisasjonen sine rettar og plikter vert ut\u00f8vde gjennom fylkeslag, distriktslag og lokallag.<br \/>\u00c5rsm\u00f8tet i Norges Fjordhestlag fastset retningsliner for arbeidet i fylkeslag, distriktslag og lokallag.<\/td>\n<\/tr>\n<tr>\n<td colspan=\"2\" width=\"100%\"><a class=\"overskriftliten\">\u00a7 5 Utmelding\u00a0<\/a><\/td>\n<\/tr>\n<tr>\n<td width=\"3%\"><\/td>\n<td width=\"97%\">\n<p>Utmeldinga m\u00e5 skje skriftleg til Norges Fjordhestlag. Det skal betalast medlemskontingent til og med det \u00e5ret utmelding skjer.<\/p>\n<p>Medlem som etter p\u00e5krav ikkje har betalt kontingent i 1 \u00e5r, kan strykast som medlem.<\/p>\n<\/td>\n<\/tr>\n<tr>\n<td colspan=\"2\" width=\"100%\"><a class=\"overskriftliten\">\u00a7 6 Medlemskontingent\u00a0<\/a><\/td>\n<\/tr>\n<tr>\n<td width=\"3%\"><\/td>\n<td width=\"97%\">\n<p>Medlemmer i Norges Fjordhestlag skal betale kontingent etter vedtak av \u00e5rsm\u00f8tet. Norges Fjordhestlag krev inn medlemskontingenten.<\/p>\n<p>Fylkeslag, distriktslag og lokallag fastset sj\u00f8lve kva medlemskontingenten skal vere for sine lag.<\/p>\n<p>For hovudmedlemmer omfattar kontingenten ogs\u00e5 retten til \u00e5 f\u00e5 medlemsbladet tilsendt.<\/p>\n<\/td>\n<\/tr>\n<tr>\n<td colspan=\"2\" width=\"100%\"><a class=\"overskriftliten\">\u00a7 7 \u00c5rsm\u00f8te\u00a0<\/a><\/td>\n<\/tr>\n<tr>\n<td width=\"3%\"><\/td>\n<td width=\"97%\">\n<p>\u00c5rsm\u00f8tet er \u00f8vste avgjerdsorgan i Norges Fjordhestlag. \u00c5rsm\u00f8tet m\u00e5 haldast innan 1.juni. \u00c5rsm\u00f8tet vert leia av den valde ordstyraren.<\/p>\n<p>\u00c5rsm\u00f8tet er samansett av utsendingar fr\u00e5 fylkeslag og distriktslag i h\u00f8ve til medlemstalet, ordstyrar og styret for laget.<\/p>\n<p>Det er det samla medlemstalet i kvart fylke som er avgjerande for talet p\u00e5 utsendingar. Utsendingane til \u00e5rsm\u00f8tet i Norges Fjordhestlag skal veljast p\u00e5 \u00e5rsm\u00f8tet til lokallaga (evt. fylkeslaga og distriktslaga). \u00c5rsm\u00f8tet er ope for alle. Alle medlemmer i Norges Fjordhestlag har m\u00f8te- og talerett. Berre styret og dei utvalde utsendingane har framleggs- og r\u00f8ysterett.\u00a0 Utsendingane m\u00e5 vere 15 \u00e5r eller eldre. Styret har ikkje r\u00f8ysterett vedkomande \u00e5rsmelding og rekneskap. Ordstyrar har ikkje r\u00f8ysterett.\u00a0<\/p>\n<p>Alle fylkeslag og distriktslag har rett p\u00e5 minst ein utsending til \u00e5rsm\u00f8tet. Deretter ein ny utsending for kvar p\u00e5byrja 30 medlemmer.<\/p>\n<\/td>\n<\/tr>\n<tr>\n<td colspan=\"2\" width=\"100%\"><a class=\"overskriftliten\">\u00a7 8 Innkalling og gjerem\u00e5l\u00a0<\/a><\/td>\n<\/tr>\n<tr>\n<td width=\"3%\"><\/td>\n<td width=\"97%\">\n<p>Leiaren i styret s\u00f8rgjer for innkalling til \u00e5rsm\u00f8tet. Innkalling til ordin\u00e6rt \u00e5rsm\u00f8te skal vere skriftleg, og skal sendast fylkeslaga minst 3 veker p\u00e5 f\u00f8rehand. Med innkallinga til ordin\u00e6rt \u00e5rsm\u00f8te ligg det ved sakliste, \u00e5rsmelding, rekneskap og moglege innkomne framlegg.<\/p>\n<p><b>\u00c5rsm\u00f8tet sine gjerem\u00e5l:\u00a0<\/b><br \/>1. Val av 2 utsendingar til \u00e5 skrive under m\u00f8teboka<br \/>2. Handsame \u00e5rsmelding<br \/>3. Handsame rekneskap<br \/>4. Val<br \/>&#8211; val av styreleiar<br \/>&#8211; val av 2 styremedlemmer<br \/>&#8211; val av f\u00f8rste og andre varamedlem til styret<br \/>&#8211; val av ein medlem og ein varamedlem til valnemnda<br \/>&#8211; val av ordstyrar<br \/>&#8211; val av medlemmer til Nordangs Minnefond etter vedtektene for fondet<br \/>&#8211; val av to revisorar som ettersynsnemnd<\/p>\n<p>5. Avlsutval, aktivitetsutval og\u00a0 marknadsf\u00f8ringsutval. \u00c5rsm\u00f8tet skal velje to medlemmer og ein varamedlem til kvart utval. Varamedlemmene er valde kvart \u00e5r. Medlemmene er valde for to \u00e5r om gongen.<br \/>6. Fastsetjing av medlemskontingent til landslaget<br \/>7. Innkomne framlegg<\/p>\n<p>Framlegg som skal handsamast av \u00e5rsm\u00f8tet m\u00e5 vere styret i hende innan 1. februar.<\/p>\n<p>Alle vedtak p\u00e5 \u00e5rsm\u00f8tet, med unntak av endringar i vedtektene og oppl\u00f8ysing av Norges Fjordhestlag, blir gjort med vanleg fleirtal. Kvar utsending har ei r\u00f8yst p\u00e5 \u00e5rsm\u00f8tet.<\/p>\n<p>Ved val der det er framlegg p\u00e5 fleire kandidatar, vert den vald som f\u00e5r meir enn halvparten av r\u00f8ystene. Dersom ingen f\u00e5r meir enn halvparten av r\u00f8ystene, vert det halde omval p\u00e5 dei to som har f\u00e5tt flest r\u00f8yster.<\/p>\n<p>Norges Fjordhestlag skal ha eit avlsutval p\u00e5 tre medlemmer og eit aktivitetsutval p\u00e5 tre medlemmer. Til kvart utval vert to medlemmer med varamedlemmer valde av \u00e5rsm\u00f8tet. Styret peikar ut ein person til utvalet. Utvalet konstituerer seg sj\u00f8lv. Medlem i styret kan vere leiar av det einskilde utval. Styret kan om \u00f8nskeleg vere representert i utvalet som observat\u00f8r. Styret utarbeider instruks for utvala som skal leggast fram for \u00e5rsm\u00f8tet til orientering.<\/p>\n<\/td>\n<\/tr>\n<tr>\n<td colspan=\"2\" width=\"100%\"><a class=\"overskriftliten\">\u00a7 9\u00a0 Ekstraordin\u00e6rt \u00e5rsm\u00f8te\u00a0<\/a><\/td>\n<\/tr>\n<tr>\n<td width=\"3%\"><\/td>\n<td width=\"97%\">Ekstraordin\u00e6rt \u00e5rsm\u00f8te vert kalla inn dersom styret finn det rett, eller dersom lag som representerer minst halve medlemsstokken krev det. Ved innkalling til ekstraordin\u00e6rt \u00e5rsm\u00f8te nyttar ein same frist som for ordin\u00e6rt \u00e5rsm\u00f8te. P\u00e5 ekstraordin\u00e6rt \u00e5rsm\u00f8te vert berre dei sakene som st\u00e5r p\u00e5 saklista handsama.<\/td>\n<\/tr>\n<tr>\n<td colspan=\"2\" width=\"100%\"><a class=\"overskriftliten\">\u00a7 10\u00a0 Styret\u00a0<\/a><\/td>\n<\/tr>\n<tr>\n<td width=\"3%\"><\/td>\n<td width=\"97%\">\n<p>Laget skal ha eit styre p\u00e5 5 medlemmer valde av \u00e5rsm\u00f8tet. Leiaren vert vald s\u00e6rskilt for eit \u00e5r.<\/p>\n<p>Dei andre styremedlemmene vert valde for 2 \u00e5r slik at to av medlemmene st\u00e5r p\u00e5 val kvart \u00e5r.<\/p>\n<p>Styret vel sj\u00f8lv ein av styremedlemmene til nestleiar. Varamedlemmene til styret er p\u00e5 val kvart \u00e5r.<\/p>\n<p>Dei som vert valde inn i styret m\u00e5 vere medlemmer av Norges Fjordhestlag.<\/p>\n<p>Styret kan kallast saman s\u00e5 ofte leiaren finn det n\u00f8dvendig, eller n\u00e5r minst to andre styremedlemmer krev det. Eit styrevedtak er gyldig n\u00e5r minst tre av styremedlemmene r\u00f8ystar for vedtaket. For at styret skal vere vedtaksf\u00f8rt, m\u00e5 minst tre av styremedlemmene vere tilstades p\u00e5 m\u00f8tet. Ein av desse m\u00e5 vere styreleiar eller nestleiar.<\/p>\n<p>Styret skal f\u00f8re m\u00f8tebok som vert underskriven av dei framm\u00f8tte styremedlemmene.<\/p>\n<\/td>\n<\/tr>\n<tr>\n<td colspan=\"2\" width=\"100%\"><a class=\"overskriftliten\">\u00a7 11 Valnemnd\u00a0<\/a><\/td>\n<\/tr>\n<tr>\n<td width=\"3%\"><\/td>\n<td width=\"97%\">Norges Fjordhestlag skal ha ei valnemnd p\u00e5 tre medlemmer valde av \u00e5rsm\u00f8tet. Kvar medlem i nemnda st\u00e5r p\u00e5 val kvart tredje \u00e5r. Leiar er fortrinnsvis den som har site lengst i nemnda. Det skal veljast ein varamedlem til valnemnda kvart \u00e5r.<\/td>\n<\/tr>\n<tr>\n<td colspan=\"2\" width=\"100%\"><a class=\"overskriftliten\">\u00a7 12 Endring av vedtektene\u00a0<\/a><\/td>\n<\/tr>\n<tr>\n<td width=\"3%\"><\/td>\n<td width=\"97%\">\n<p>Endring av vedtektene krev 2\/3 fleirtal av dei avgjevne r\u00f8ystene p\u00e5 \u00e5rsm\u00f8tet.<\/p>\n<p>Det skal st\u00e5 i innkallinga kva framlegget til endring g\u00e5r ut p\u00e5.<\/p>\n<\/td>\n<\/tr>\n<tr>\n<td colspan=\"2\" width=\"100%\"><a class=\"overskriftliten\">\u00a7 13 Oppl\u00f8ysing\u00a0<\/a><\/td>\n<\/tr>\n<tr>\n<td width=\"3%\"><\/td>\n<td width=\"97%\">\n<p>Oppl\u00f8ysing av Norges Fjordhestlag kan berre handsamast av det vanlege \u00e5rsm\u00f8tet. Det krevst at minst 4\/5 av dei tilslutta laga er representerte.<\/p>\n<p>Dersom framm\u00f8tet ikkje er stort nok, kan framlegget takast opp igjen p\u00e5 nytt \u00e5rsm\u00f8te etter ein m\u00e5nad. Oppl\u00f8ysing av laget krev d\u00e5 2\/3 fleirtal. Dersom Norges Fjordhestlag vert oppl\u00f8yst, skal mogeleg eige delast mellom fylkeslag og distriktslag i samsvar med medlemstalet deira.<\/p>\n<\/td>\n<\/tr>\n<\/tbody>\n<\/table>\n<p>[\/et_pb_text][\/et_pb_column][et_pb_column type=&raquo;1_4&#8243; _builder_version=&raquo;4.16&#8243; custom_padding=&raquo;|||&raquo; global_colors_info=&raquo;{}&raquo; custom_padding__hover=&raquo;|||&raquo;][et_pb_sidebar orientation=&raquo;right&raquo; area=&raquo;sidebar-1&#8243; admin_label=&raquo;Sidebar&raquo; _builder_version=&raquo;4.16&#8243; remove_border=&raquo;off&raquo; global_colors_info=&raquo;{}&raquo;][\/et_pb_sidebar][\/et_pb_column][\/et_pb_row][\/et_pb_section][et_pb_section fb_built=&raquo;1&#8243; fullwidth=&raquo;on&raquo; admin_label=&raquo;section&raquo; _builder_version=&raquo;4.16&#8243; background_color=&raquo;#ddb67c&raquo; global_colors_info=&raquo;{}&raquo;][\/et_pb_section]<\/p>\n","protected":false},"excerpt":{"rendered":"<p>VEDTEKTER for Norges Fjordhestlag \u00a7 1 Lagsnamn\u00a0 Laget sitt namn er Norges Fjordhestlag. Norges Fjordhestlag er ein medlemsorganisasjon. \u00a7 2 Form\u00e5l\u00a0 Norges Fjordhestlag har som form\u00e5l \u00e5 samle alle med interesse for fjordhest til sams arbeid til beste for denne hesterasen. For \u00e5 bidra til dette skal Norges Fjordhestlag- sj\u00e5 til at rasen vert halden [&hellip;]<\/p>\n","protected":false},"author":1,"featured_media":0,"parent":151,"menu_order":0,"comment_status":"open","ping_status":"open","template":"","meta":{"_et_pb_use_builder":"on","_et_pb_old_content":"","_et_gb_content_width":"","_exactmetrics_skip_tracking":false,"_exactmetrics_sitenote_active":false,"_exactmetrics_sitenote_note":"","_exactmetrics_sitenote_category":0,"footnotes":""},"class_list":["post-162","page","type-page","status-publish","hentry"],"_links":{"self":[{"href":"https:\/\/fjordhest.net\/blogg\/wp-json\/wp\/v2\/pages\/162","targetHints":{"allow":["GET"]}}],"collection":[{"href":"https:\/\/fjordhest.net\/blogg\/wp-json\/wp\/v2\/pages"}],"about":[{"href":"https:\/\/fjordhest.net\/blogg\/wp-json\/wp\/v2\/types\/page"}],"author":[{"embeddable":true,"href":"https:\/\/fjordhest.net\/blogg\/wp-json\/wp\/v2\/users\/1"}],"replies":[{"embeddable":true,"href":"https:\/\/fjordhest.net\/blogg\/wp-json\/wp\/v2\/comments?post=162"}],"version-history":[{"count":14,"href":"https:\/\/fjordhest.net\/blogg\/wp-json\/wp\/v2\/pages\/162\/revisions"}],"predecessor-version":[{"id":10246,"href":"https:\/\/fjordhest.net\/blogg\/wp-json\/wp\/v2\/pages\/162\/revisions\/10246"}],"up":[{"embeddable":true,"href":"https:\/\/fjordhest.net\/blogg\/wp-json\/wp\/v2\/pages\/151"}],"wp:attachment":[{"href":"https:\/\/fjordhest.net\/blogg\/wp-json\/wp\/v2\/media?parent=162"}],"curies":[{"name":"wp","href":"https:\/\/api.w.org\/{rel}","templated":true}]}}