{"id":204,"date":"2014-03-27T15:41:45","date_gmt":"2014-03-27T14:41:45","guid":{"rendered":"http:\/\/fjordhest.net\/blogg\/?page_id=204"},"modified":"2023-01-11T19:57:48","modified_gmt":"2023-01-11T18:57:48","slug":"bli-medlem","status":"publish","type":"page","link":"https:\/\/fjordhest.net\/blogg\/norges-fjordhestlag\/bli-medlem\/","title":{"rendered":"Medlemskap"},"content":{"rendered":"<p>[et_pb_section fb_built=&raquo;1&#8243; fullwidth=&raquo;on&raquo; admin_label=&raquo;section&raquo; _builder_version=&raquo;4.16&#8243; background_color=&raquo;#ddc8a6&#8243; transparent_background=&raquo;off&raquo; global_colors_info=&raquo;{}&raquo;][et_pb_fullwidth_menu menu_id=&raquo;11&#8243; admin_label=&raquo;Norges fjordhestlag meny&raquo; _builder_version=&raquo;4.16&#8243; text_orientation=&raquo;center&raquo; global_colors_info=&raquo;{}&raquo;][\/et_pb_fullwidth_menu][\/et_pb_section][et_pb_section fb_built=&raquo;1&#8243; admin_label=&raquo;section&raquo; _builder_version=&raquo;4.16&#8243; global_colors_info=&raquo;{}&raquo;][et_pb_row column_structure=&raquo;3_4,1_4&#8243; admin_label=&raquo;row&raquo; _builder_version=&raquo;4.16&#8243; background_size=&raquo;initial&raquo; background_position=&raquo;top_left&raquo; background_repeat=&raquo;repeat&raquo; global_colors_info=&raquo;{}&raquo;][et_pb_column type=&raquo;3_4&#8243; _builder_version=&raquo;4.16&#8243; custom_padding=&raquo;|||&raquo; global_colors_info=&raquo;{}&raquo; custom_padding__hover=&raquo;|||&raquo;][et_pb_text admin_label=&raquo;Text&raquo; _builder_version=&raquo;4.17.4&#8243; background_size=&raquo;initial&raquo; background_position=&raquo;top_left&raquo; background_repeat=&raquo;repeat&raquo; hover_enabled=&raquo;0&#8243; use_border_color=&raquo;off&raquo; global_colors_info=&raquo;{}&raquo; sticky_enabled=&raquo;0&#8243;]<\/p>\n<p>Som medlem av Norges Fjordhestlag er du med p\u00e5 \u00e5 st\u00f8tte godt og viktig arbeid som vert gjort for \u00e5 fremje fjordhesten. Du f\u00e5r delta p\u00e5 \u00e5rsm\u00f8tet, og s\u00e5leis vere med \u00e5 p\u00e5verke korleis Norges Fjordhestlag skal arbeide. Du f\u00e5r ogs\u00e5 anledning til \u00e5 delta p\u00e5 haustm\u00f8tet, eit \u00e5rleg m\u00f8te der det vert teke opp aktuelle saker som handlar om avl og bruk av dei s\u00e6rnorske hesterasane. Som medlem kan du ogs\u00e5 delta p\u00e5 dei ulike meisterskapa for fjordhest, og du kan s\u00f8ke om ulike tilskot, til d\u00f8mes for bedekking av tre- og fire\u00e5rshopper.<\/p>\n<p>Fire gongar i \u00e5ret vil du f\u00e5 tilsendt medlemsbladet \u00abFjordhesten\u00bb, som best\u00e5r av artiklar fr\u00e5 store og sm\u00e5 fjordhestarrangement som hingsteutstilling, hoppeutstillingar, NM for fjordhest og Nordisk meisterskap for fjordhest. Bladet inneheld ogs\u00e5 fagleg stoff om hest generelt og fjordhest spesielt.<\/p>\n<p>Alle medlemmer i Norges Fjordhestlag f\u00e5r 5% rabatt p\u00e5 hesteforsikring i <a href=\"https:\/\/www.agria.no\/hest\/norske-hesteraser\/\">Agria Forsikring<\/a>.<\/p>\n<p>Vi oppfordrar alle medlemmer av Norges Fjordhestlag til ogs\u00e5 \u00e5 melde seg inn i og engasjere seg i lokal- og fylkeslaga.<\/p>\n<p>Du kan melde deg inn ved \u00e5 fylle inn skjemaet under, sende ein mail til <a href=\"mailto:post@fjordhest.no\">post@fjordhest.no<\/a> eller ringje Norges Fjordhestlag sitt kontor p\u00e5 57 86 48 00. Ver venleg \u00e5 oppgje namn, adresse, f\u00f8dsels\u00e5r og kva for type medlemsskap du ynskjer.<\/p>\n<p style=\"text-align: center;\"><a class=\"big-button bigorange\" href=\"https:\/\/www.zubarus.com\/znewmember.php?publisherId=226\" target=\"_blank\" rel=\"noopener noreferrer\">Klikk her for \u00e5 g\u00e5 til innmeldingsskjema<\/a><\/p>\n<p><strong>Medlemsprisane er som f\u00f8lgjer:<\/strong><\/p>\n<div align=\"left\">\n<table style=\"height: 120px;\" border=\"0\" width=\"797\">\n<tbody>\n<tr>\n<td valign=\"top\">Hovudmedlem<\/td>\n<td valign=\"top\">kr. 600,-<\/td>\n<td valign=\"top\"><\/td>\n<td valign=\"top\">F\u00e5r medlemsbladet\u00a0<a href=\"http:\/\/www.fjordhest.no\/fjordhesten.asp\"> Fjordhesten<\/a><\/td>\n<\/tr>\n<tr>\n<td valign=\"top\">Ungdomsmedlem (t.o.m. 25 \u00e5r)<\/td>\n<td valign=\"top\">kr. 250,-<\/td>\n<td valign=\"top\"><\/td>\n<td valign=\"top\">F\u00e5r medlemsbladet\u00a0<a href=\"http:\/\/www.fjordhest.no\/fjordhesten.asp\"> Fjordhesten<\/a><\/td>\n<\/tr>\n<tr>\n<td valign=\"top\"><a href=\"https:\/\/fjordhest.net\/blogg\/norges-fjordhestlag\/barnas-fjordhestlag\/\" title=\"Barnas Fjordhestlag\">Barnas Fjordhestlag<\/a><\/td>\n<td valign=\"top\">kr. 150,-<\/td>\n<td valign=\"top\"><\/td>\n<td valign=\"top\">F\u00e5r medlemsbladet Fjordhesten<\/td>\n<\/tr>\n<tr>\n<td valign=\"top\">Husstandsmedlem<\/td>\n<td valign=\"top\">kr. 150,-<\/td>\n<td valign=\"top\"><\/td>\n<td valign=\"top\">F\u00e5r ikkje medlemsbladet.<\/td>\n<\/tr>\n<tr>\n<td valign=\"top\">Utanlandsk medlem<\/td>\n<td valign=\"top\">kr. 600,-<\/td>\n<td valign=\"top\"><\/td>\n<td valign=\"top\">F\u00e5r medlemsbladet\u00a0<a href=\"http:\/\/www.fjordhest.no\/fjordhesten.asp\"> Fjordhesten<\/a><\/td>\n<\/tr>\n<tr>\n<td valign=\"top\">Lagsmedlemskap<\/td>\n<td valign=\"top\">kr. 600,-<\/td>\n<td valign=\"top\"><\/td>\n<td valign=\"top\">For lokal-, distrikts- og fylkeslag.<\/td>\n<\/tr>\n<\/tbody>\n<\/table>\n<\/div>\n<p>[\/et_pb_text][\/et_pb_column][et_pb_column type=&raquo;1_4&#8243; _builder_version=&raquo;4.16&#8243; custom_padding=&raquo;|||&raquo; global_colors_info=&raquo;{}&raquo; custom_padding__hover=&raquo;|||&raquo;][et_pb_sidebar orientation=&raquo;right&raquo; area=&raquo;sidebar-1&#8243; admin_label=&raquo;Sidespalte&raquo; _builder_version=&raquo;4.16&#8243; remove_border=&raquo;off&raquo; global_colors_info=&raquo;{}&raquo;][\/et_pb_sidebar][\/et_pb_column][\/et_pb_row][\/et_pb_section]<\/p>\n","protected":false},"excerpt":{"rendered":"<p>Som medlem av Norges Fjordhestlag er du med p\u00e5 \u00e5 st\u00f8tte godt og viktig arbeid som vert gjort for \u00e5 fremje fjordhesten. Du f\u00e5r delta p\u00e5 \u00e5rsm\u00f8tet, og s\u00e5leis vere med \u00e5 p\u00e5verke korleis Norges Fjordhestlag skal arbeide. Du f\u00e5r ogs\u00e5 anledning til \u00e5 delta p\u00e5 haustm\u00f8tet, eit \u00e5rleg m\u00f8te der det vert teke opp [&hellip;]<\/p>\n","protected":false},"author":1,"featured_media":0,"parent":151,"menu_order":0,"comment_status":"open","ping_status":"closed","template":"","meta":{"_et_pb_use_builder":"on","_et_pb_old_content":"","_et_gb_content_width":"","_exactmetrics_skip_tracking":false,"_exactmetrics_sitenote_active":false,"_exactmetrics_sitenote_note":"","_exactmetrics_sitenote_category":0,"footnotes":""},"class_list":["post-204","page","type-page","status-publish","hentry"],"_links":{"self":[{"href":"https:\/\/fjordhest.net\/blogg\/wp-json\/wp\/v2\/pages\/204","targetHints":{"allow":["GET"]}}],"collection":[{"href":"https:\/\/fjordhest.net\/blogg\/wp-json\/wp\/v2\/pages"}],"about":[{"href":"https:\/\/fjordhest.net\/blogg\/wp-json\/wp\/v2\/types\/page"}],"author":[{"embeddable":true,"href":"https:\/\/fjordhest.net\/blogg\/wp-json\/wp\/v2\/users\/1"}],"replies":[{"embeddable":true,"href":"https:\/\/fjordhest.net\/blogg\/wp-json\/wp\/v2\/comments?post=204"}],"version-history":[{"count":46,"href":"https:\/\/fjordhest.net\/blogg\/wp-json\/wp\/v2\/pages\/204\/revisions"}],"predecessor-version":[{"id":10225,"href":"https:\/\/fjordhest.net\/blogg\/wp-json\/wp\/v2\/pages\/204\/revisions\/10225"}],"up":[{"embeddable":true,"href":"https:\/\/fjordhest.net\/blogg\/wp-json\/wp\/v2\/pages\/151"}],"wp:attachment":[{"href":"https:\/\/fjordhest.net\/blogg\/wp-json\/wp\/v2\/media?parent=204"}],"curies":[{"name":"wp","href":"https:\/\/api.w.org\/{rel}","templated":true}]}}