{"id":21,"date":"2013-11-19T23:06:53","date_gmt":"2013-11-19T22:06:53","guid":{"rendered":"http:\/\/fjordhest.net\/blogg\/?page_id=21"},"modified":"2018-03-31T10:42:13","modified_gmt":"2018-03-31T08:42:13","slug":"kontakt","status":"publish","type":"page","link":"https:\/\/fjordhest.net\/blogg\/kontakt\/","title":{"rendered":"Kontakt"},"content":{"rendered":"<p>[et_pb_section bb_built=&raquo;1&#8243; admin_label=&raquo;section&raquo;][et_pb_row admin_label=&raquo;row&raquo; background_position=&raquo;top_left&raquo; background_repeat=&raquo;repeat&raquo; background_size=&raquo;initial&raquo;][et_pb_column type=&raquo;4_4&#8243;][et_pb_contact_form admin_label=&raquo;Contact Form&raquo; captcha=&raquo;on&raquo; email=&raquo;post@fjordhest.no&raquo; title=&raquo;Send inn sp\u00f8rsm\u00e5l:&raquo; use_redirect=&raquo;off&raquo; input_border_radius=&raquo;0&#8243; use_border_color=&raquo;off&raquo; border_color=&raquo;#ffffff&raquo; border_style=&raquo;solid&raquo; custom_button=&raquo;off&raquo; button_letter_spacing=&raquo;0&#8243; button_use_icon=&raquo;default&raquo; button_icon_placement=&raquo;right&raquo; button_on_hover=&raquo;on&raquo; button_letter_spacing_hover=&raquo;0&#8243; border_radii=&raquo;on|0px|0px|0px|0px&raquo;][et_pb_contact_field field_title=&raquo;Navn&raquo; field_type=&raquo;input&raquo; field_id=&raquo;Name&raquo; required_mark=&raquo;on&raquo; fullwidth_field=&raquo;off&raquo; \/][et_pb_contact_field field_title=&raquo;E-postadresse&raquo; field_type=&raquo;email&raquo; field_id=&raquo;Email&raquo; required_mark=&raquo;on&raquo; fullwidth_field=&raquo;off&raquo; \/][et_pb_contact_field field_title=&raquo;Melding&raquo; field_type=&raquo;text&raquo; field_id=&raquo;Message&raquo; required_mark=&raquo;on&raquo; fullwidth_field=&raquo;on&raquo; \/][\/et_pb_contact_form][et_pb_text admin_label=&raquo;Text&raquo; background_layout=&raquo;light&raquo; _builder_version=&raquo;3.0.106&#8243; module_alignment=&raquo;left&raquo;]<\/p>\n<p><strong>Norges Fjordhestlag<\/strong><br \/>\nMyroldhaug<br \/>\nN-6770 Nordfjordeid<br \/>\nTel: (+47) 57 86 48 00<br \/>\nfax: (+47) 57 86 48 01<\/p>\n<p>Organisasjonsnummer: 971 364 653<\/p>\n<p><strong>HVEM SKAL JEG KONTAKTE?<\/strong><\/p>\n<p>Bidrag til og annonsering i bladet: ingvildrh@hotmail.com<br \/>\nBidrag til og sp\u00f8rsm\u00e5l ang\u00e5ende hingstekatalogen: hingstekatalog@fjordhest.no<br \/>\nBidrag til og sp\u00f8rsm\u00e5l ang\u00e5ende nettsidene: ingvildrh@hotmail.com<br \/>\n\u00d8vrige henvendelser (ogs\u00e5 henvendelser ang adresseendring):\u00a0<a href=\"mailto:post@fjordhest.no\">post@fjordhest.no<\/a><\/p>\n<p>[\/et_pb_text][\/et_pb_column][\/et_pb_row][\/et_pb_section]<\/p>\n","protected":false},"excerpt":{"rendered":"<p>Norges Fjordhestlag Myroldhaug N-6770 Nordfjordeid Tel: (+47) 57 86 48 00 fax: (+47) 57 86 48 01 Organisasjonsnummer: 971 364 653 HVEM SKAL JEG KONTAKTE? Bidrag til og annonsering i bladet: ingvildrh@hotmail.com Bidrag til og sp\u00f8rsm\u00e5l ang\u00e5ende hingstekatalogen: hingstekatalog@fjordhest.no Bidrag til og sp\u00f8rsm\u00e5l ang\u00e5ende nettsidene: ingvildrh@hotmail.com \u00d8vrige henvendelser (ogs\u00e5 henvendelser ang adresseendring):\u00a0post@fjordhest.no<\/p>\n","protected":false},"author":2,"featured_media":0,"parent":0,"menu_order":0,"comment_status":"open","ping_status":"open","template":"","meta":{"_et_pb_use_builder":"on","_et_pb_old_content":"","_et_gb_content_width":"","_exactmetrics_skip_tracking":false,"_exactmetrics_sitenote_active":false,"_exactmetrics_sitenote_note":"","_exactmetrics_sitenote_category":0,"footnotes":""},"class_list":["post-21","page","type-page","status-publish","hentry"],"_links":{"self":[{"href":"https:\/\/fjordhest.net\/blogg\/wp-json\/wp\/v2\/pages\/21","targetHints":{"allow":["GET"]}}],"collection":[{"href":"https:\/\/fjordhest.net\/blogg\/wp-json\/wp\/v2\/pages"}],"about":[{"href":"https:\/\/fjordhest.net\/blogg\/wp-json\/wp\/v2\/types\/page"}],"author":[{"embeddable":true,"href":"https:\/\/fjordhest.net\/blogg\/wp-json\/wp\/v2\/users\/2"}],"replies":[{"embeddable":true,"href":"https:\/\/fjordhest.net\/blogg\/wp-json\/wp\/v2\/comments?post=21"}],"version-history":[{"count":13,"href":"https:\/\/fjordhest.net\/blogg\/wp-json\/wp\/v2\/pages\/21\/revisions"}],"predecessor-version":[{"id":4958,"href":"https:\/\/fjordhest.net\/blogg\/wp-json\/wp\/v2\/pages\/21\/revisions\/4958"}],"wp:attachment":[{"href":"https:\/\/fjordhest.net\/blogg\/wp-json\/wp\/v2\/media?parent=21"}],"curies":[{"name":"wp","href":"https:\/\/api.w.org\/{rel}","templated":true}]}}