{"id":2605,"date":"2017-01-09T08:30:29","date_gmt":"2017-01-09T07:30:29","guid":{"rendered":"http:\/\/fjordhest.net\/blogg\/?page_id=2605"},"modified":"2018-03-31T10:44:57","modified_gmt":"2018-03-31T08:44:57","slug":"fjordhestkalenderen","status":"publish","type":"page","link":"https:\/\/fjordhest.net\/blogg\/fjordhestkalenderen\/","title":{"rendered":"Fjordhestkalenderen"},"content":{"rendered":"<p>[et_pb_section bb_built=&raquo;1&#8243; admin_label=&raquo;section&raquo; fullwidth=&raquo;on&raquo; background_color=&raquo;#00acb2&#8243; inner_shadow=&raquo;off&raquo; parallax=&raquo;off&raquo; transparent_background=&raquo;off&raquo; parallax_method=&raquo;off&raquo; allow_player_pause=&raquo;off&raquo; make_fullwidth=&raquo;off&raquo; use_custom_width=&raquo;off&raquo; width_unit=&raquo;on&raquo; make_equal=&raquo;off&raquo; use_custom_gutter=&raquo;off&raquo; next_background_color=&raquo;#ffffff&raquo;][et_pb_fullwidth_header admin_label=&raquo;Fullwidth Header&raquo; title=&raquo;Fjordhestkalenderen&raquo; background_layout=&raquo;dark&raquo; text_orientation=&raquo;center&raquo; header_fullscreen=&raquo;off&raquo; header_scroll_down=&raquo;off&raquo; parallax=&raquo;off&raquo; parallax_method=&raquo;off&raquo; content_orientation=&raquo;center&raquo; image_orientation=&raquo;center&raquo; custom_button_one=&raquo;off&raquo; button_one_letter_spacing=&raquo;0&#8243; button_one_use_icon=&raquo;default&raquo; button_one_icon_placement=&raquo;right&raquo; button_one_on_hover=&raquo;on&raquo; button_one_letter_spacing_hover=&raquo;0&#8243; custom_button_two=&raquo;off&raquo; button_two_letter_spacing=&raquo;0&#8243; button_two_use_icon=&raquo;default&raquo; button_two_icon_placement=&raquo;right&raquo; button_two_on_hover=&raquo;on&raquo; button_two_letter_spacing_hover=&raquo;0&#8243; \/][\/et_pb_section][et_pb_section bb_built=&raquo;1&#8243; admin_label=&raquo;section&raquo; prev_background_color=&raquo;#00acb2&#8243; next_background_color=&raquo;#ddb67c&raquo;][et_pb_row admin_label=&raquo;row&raquo; background_position=&raquo;top_left&raquo; background_repeat=&raquo;repeat&raquo; background_size=&raquo;initial&raquo;][et_pb_column type=&raquo;3_4&#8243;][et_pb_text admin_label=&raquo;Text&raquo; background_layout=&raquo;light&raquo; background_position=&raquo;top_left&raquo; background_repeat=&raquo;repeat&raquo; background_size=&raquo;initial&raquo; _builder_version=&raquo;3.0.106&#8243; module_alignment=&raquo;left&raquo;]<\/p>\n<p><strong>FJORDHESTKALENDEREN 2018<\/strong><\/p>\n<p>Fjordhestkalenderen er ei oversikt over aktivitetar og arrangement for fjordhest og fjordhestfolk.<br \/>\nVeit du om ei aktivitet som ikkje er f\u00f8rt opp? Ta kontakt med oss p\u00e5 e-post: ingvildrh@hotmail.com.<\/p>\n<p><strong>JANUAR<br \/>\n<\/strong><\/p>\n<p><strong>FEBRUAR<br \/>\n<\/strong><em>10. februar &#8211; Skeid p\u00e5 Norsk Fjordhestsenter<\/em><\/p>\n<p><strong>MARS<br \/>\n<\/strong><em>16.-18. mars &#8211; Oppdrettarkonferanse p\u00e5 Norsk Fjordhestsenter<\/em><br \/>\n<em> 18. mars &#8211; Sals- og visningsdag for Prosjekt Kvalitetshest<\/em><\/p>\n<p><strong>APRIL<\/strong><\/p>\n<p>21.-22. april &#8211; Hingsteutstilling p\u00e5 Nord-Norsk Hestesenter.\u00a0P\u00e5melding skjer via <a href=\"http:\/\/www.nhest.no\">Norsk Hestesenter<\/a>.<br \/>\n22. april &#8211; Utstilling for hopper, vallakar og unghestar p\u00e5 \u00d8rland.\u00a0P\u00e5melding skjer via <a href=\"http:\/\/www.nhest.no\">Norsk Hestesenter<\/a>.<br \/>\n28. april &#8211; Unghestskue i \u00d8rsta.\u00a0P\u00e5melding skjer via <a href=\"http:\/\/www.nhest.no\">Norsk Hestesenter<\/a>.<br \/>\n28. april &#8211; Utstilling for hopper, vallakar og unghestar p\u00e5 Momarken.\u00a0P\u00e5melding skjer via <a href=\"http:\/\/www.nhest.no\">Norsk Hestesenter<\/a>.<br \/>\n29. april &#8211; Unghestskue i F\u00f8rde.\u00a0P\u00e5melding skjer via <a href=\"http:\/\/www.nhest.no\">Norsk Hestesenter<\/a>.<\/p>\n<p><strong>MAI<br \/>\n<\/strong><br \/>\n1. mai &#8211; Unghestskue p\u00e5 Breim.\u00a0P\u00e5melding skjer via <a href=\"http:\/\/www.nhest.no\">Norsk Hestesenter<\/a>.<br \/>\n2.-5. mai &#8211; Hingsteutstilling p\u00e5 Nordfjordeid. P\u00e5melding skjer via <a href=\"http:\/\/www.nhest.no\">Norsk Hestesenter<\/a>.<br \/>\n3. mai &#8211; \u00c5rsm\u00f8te i Norges Fjordhestlag p\u00e5 Nordfjord Hotell, Nordfjordeid<br \/>\n6. mai &#8211; Unghestskue i Orkdal.\u00a0P\u00e5melding skjer via <a href=\"http:\/\/www.nhest.no\">Norsk Hestesenter<\/a>.<br \/>\n13. mai &#8211; Unghestskue i Sauda.\u00a0P\u00e5melding skjer via <a href=\"http:\/\/www.nhest.no\">Norsk Hestesenter<\/a>.<br \/>\n26. mai &#8211; Unghestskue p\u00e5 Stav.\u00a0P\u00e5melding skjer via <a href=\"http:\/\/www.nhest.no\">Norsk Hestesenter<\/a>.<br \/>\n27. mai &#8211; Unghestskue p\u00e5 Stend.\u00a0P\u00e5melding skjer via <a href=\"http:\/\/www.nhest.no\">Norsk Hestesenter<\/a>.<\/p>\n<p><strong>JUNI<br \/>\n<\/strong><\/p>\n<p>2. juni &#8211; Utstilling for hopper, vallakar, unghestar og f\u00f8l p\u00e5 Jarlsberg.\u00a0P\u00e5melding skjer via <a href=\"http:\/\/www.nhest.no\">Norsk Hestesenter<\/a>.<br \/>\n2. juni &#8211; Unghestskue p\u00e5 \u00d8ksnevad.\u00a0P\u00e5melding skjer via <a href=\"http:\/\/www.nhest.no\">Norsk Hestesenter<\/a>.<br \/>\n9. juni &#8211; Utstilling for hopper, vallakar og unghestar i Nesbyen.\u00a0P\u00e5melding skjer via <a href=\"http:\/\/www.nhest.no\">Norsk Hestesenter<\/a>.<br \/>\n24. juni &#8211; Utstilling for \u00e5ringar i Lom.\u00a0P\u00e5melding skjer via <a href=\"http:\/\/www.nhest.no\">Norsk Hestesenter<\/a>.<br \/>\n25. juni &#8211; 1. juli &#8211; Noregsmeisterskap for fjordhest p\u00e5 Stord. Meir info finn du p\u00e5 <a href=\"http:\/\/www.fjordhestnm.no\">arrang\u00f8ren si nettside<\/a>.<\/p>\n<p><strong>JULI<br \/>\n<\/strong>1. juli &#8211;\u00a0Noregsmeisterskap for fjordhest p\u00e5 Stord.\u00a0Meir info finn du p\u00e5 <a href=\"http:\/\/www.fjordhestnm.no\">arrang\u00f8ren si nettside<\/a>.<\/p>\n<p><strong>AUGUST<\/strong><\/p>\n<p>25. august &#8211; Utstilling for hopper, vallakar og unghestar i Sogndal.\u00a0P\u00e5melding skjer via <a href=\"http:\/\/www.nhest.no\">Norsk Hestesenter<\/a>.<br \/>\n25.-26. august &#8211; Utstilling for hopper, vallakar og unghestar p\u00e5 Polleidet i Lyngen.\u00a0P\u00e5melding skjer via <a href=\"http:\/\/www.nhest.no\">Norsk Hestesenter<\/a>.<\/p>\n<p><strong>SEPTEMBER<\/strong><\/p>\n<p>1 september &#8211; Utstilling for hopper, vallakar og unghestar i Sunndal.\u00a0P\u00e5melding skjer via <a href=\"http:\/\/www.nhest.no\">Norsk Hestesenter<\/a>.<br \/>\n2. september &#8211; Utstilling for hopper og vallakar i Stryn.\u00a0P\u00e5melding skjer via <a href=\"http:\/\/www.nhest.no\">Norsk Hestesenter<\/a>.<br \/>\n8. september &#8211; Utstilling for hopper, vallakar og unghestar i Tana eller Lakselv.\u00a0P\u00e5melding skjer via <a href=\"http:\/\/www.nhest.no\">Norsk Hestesenter<\/a>.<br \/>\n8. september &#8211; Utstilling for hopper, vallakar og unghestar i Mosj\u00f8en.\u00a0P\u00e5melding skjer via <a href=\"http:\/\/www.nhest.no\">Norsk Hestesenter<\/a>.<br \/>\n15. september &#8211; Utstilling for hopper, vallakar og unghestar p\u00e5 Holand, Bod\u00f8.\u00a0P\u00e5melding skjer via <a href=\"http:\/\/www.nhest.no\">Norsk Hestesenter<\/a>.<br \/>\n15. september &#8211; Utstilling for hopper og vallakar i Seljord.\u00a0P\u00e5melding skjer via <a href=\"http:\/\/www.nhest.no\">Norsk Hestesenter<\/a>.<br \/>\n16. september &#8211; Utstilling for unghestar i Seljord.\u00a0P\u00e5melding skjer via <a href=\"http:\/\/www.nhest.no\">Norsk Hestesenter<\/a>.<br \/>\n16. september &#8211; Utstilling for hopper, vallakar og unghestar p\u00e5 H\u00f8ylandet.\u00a0P\u00e5melding skjer via <a href=\"http:\/\/www.nhest.no\">Norsk Hestesenter<\/a>.<br \/>\n22. september &#8211; Utstilling for hopper, vallakar og unghestar p\u00e5 Starum.\u00a0P\u00e5melding skjer via <a href=\"http:\/\/www.nhest.no\">Norsk Hestesenter<\/a>.<br \/>\n23. september &#8211; Utstilling for hopper, vallakar og unghestar p\u00e5 Stend.\u00a0P\u00e5melding skjer via <a href=\"http:\/\/www.nhest.no\">Norsk Hestesenter<\/a>.<br \/>\n29. september &#8211; Utstilling for hopper, vallakar og unghestar p\u00e5 Tynset.\u00a0P\u00e5melding skjer via <a href=\"http:\/\/www.nhest.no\">Norsk Hestesenter<\/a>.<\/p>\n<p><strong>OKTOBER<br \/>\n<\/strong><br \/>\n<strong>NOVEMBER<\/strong><\/p>\n<p><strong>DESEMBER<br \/>\n<\/strong><\/p>\n<p>[\/et_pb_text][\/et_pb_column][et_pb_column type=&raquo;1_4&#8243;][et_pb_sidebar admin_label=&raquo;Sidebar&raquo; orientation=&raquo;right&raquo; area=&raquo;sidebar-1&#8243; background_layout=&raquo;light&raquo; remove_border=&raquo;off&raquo; show_border=&raquo;on&raquo; \/][et_pb_text background_layout=&raquo;light&raquo; text_orientation=&raquo;left&raquo; use_border_color=&raquo;off&raquo; border_color=&raquo;#ffffff&raquo; border_style=&raquo;solid&raquo; background_position=&raquo;top_left&raquo; background_repeat=&raquo;repeat&raquo; background_size=&raquo;initial&raquo; module_alignment=&raquo;left&raquo; \/][\/et_pb_column][\/et_pb_row][\/et_pb_section][et_pb_section bb_built=&raquo;1&#8243; admin_label=&raquo;section&raquo; fullwidth=&raquo;on&raquo; background_color=&raquo;#ddb67c&raquo; inner_shadow=&raquo;off&raquo; parallax=&raquo;off&raquo; prev_background_color=&raquo;#ffffff&raquo;][et_pb_fullwidth_slider admin_label=&raquo;Fullwidth Slider&raquo; show_arrows=&raquo;on&raquo; show_pagination=&raquo;on&raquo; auto=&raquo;off&raquo; parallax=&raquo;off&raquo; custom_padding=&raquo;|||&raquo; custom_padding_tablet=&raquo;|||&raquo; custom_padding_phone=&raquo;|||&raquo; show_inner_shadow=&raquo;on&raquo; show_content_on_mobile=&raquo;on&raquo; show_cta_on_mobile=&raquo;on&raquo; box_shadow_horizontal=&raquo;0px&raquo; box_shadow_vertical=&raquo;0px&raquo; box_shadow_blur=&raquo;10px&raquo; box_shadow_spread=&raquo;0px&raquo; box_shadow_position=&raquo;inner&raquo; box_shadow_color=&raquo;rgba(0,0,0,0.1)&raquo; box_shadow_style=&raquo;preset6&#8243;][et_pb_slide background_image=&raquo;http:\/\/fjordhest.net\/blogg\/wp-content\/uploads\/2014\/03\/jul-h\u00e5vardsine-199-Small.jpg&raquo; background_color=&raquo;#ffffff&raquo; alignment=&raquo;center&raquo; background_layout=&raquo;dark&raquo; \/][\/et_pb_fullwidth_slider][\/et_pb_section]<\/p>\n","protected":false},"excerpt":{"rendered":"<p>FJORDHESTKALENDEREN 2018 Fjordhestkalenderen er ei oversikt over aktivitetar og arrangement for fjordhest og fjordhestfolk. Veit du om ei aktivitet som ikkje er f\u00f8rt opp? Ta kontakt med oss p\u00e5 e-post: ingvildrh@hotmail.com. JANUAR FEBRUAR 10. februar &#8211; Skeid p\u00e5 Norsk Fjordhestsenter MARS 16.-18. mars &#8211; Oppdrettarkonferanse p\u00e5 Norsk Fjordhestsenter 18. mars &#8211; Sals- og visningsdag for [&hellip;]<\/p>\n","protected":false},"author":1,"featured_media":0,"parent":0,"menu_order":0,"comment_status":"closed","ping_status":"closed","template":"","meta":{"_et_pb_use_builder":"on","_et_pb_old_content":"","_et_gb_content_width":"","_exactmetrics_skip_tracking":false,"_exactmetrics_sitenote_active":false,"_exactmetrics_sitenote_note":"","_exactmetrics_sitenote_category":0,"footnotes":""},"class_list":["post-2605","page","type-page","status-publish","hentry"],"_links":{"self":[{"href":"https:\/\/fjordhest.net\/blogg\/wp-json\/wp\/v2\/pages\/2605","targetHints":{"allow":["GET"]}}],"collection":[{"href":"https:\/\/fjordhest.net\/blogg\/wp-json\/wp\/v2\/pages"}],"about":[{"href":"https:\/\/fjordhest.net\/blogg\/wp-json\/wp\/v2\/types\/page"}],"author":[{"embeddable":true,"href":"https:\/\/fjordhest.net\/blogg\/wp-json\/wp\/v2\/users\/1"}],"replies":[{"embeddable":true,"href":"https:\/\/fjordhest.net\/blogg\/wp-json\/wp\/v2\/comments?post=2605"}],"version-history":[{"count":26,"href":"https:\/\/fjordhest.net\/blogg\/wp-json\/wp\/v2\/pages\/2605\/revisions"}],"predecessor-version":[{"id":4961,"href":"https:\/\/fjordhest.net\/blogg\/wp-json\/wp\/v2\/pages\/2605\/revisions\/4961"}],"wp:attachment":[{"href":"https:\/\/fjordhest.net\/blogg\/wp-json\/wp\/v2\/media?parent=2605"}],"curies":[{"name":"wp","href":"https:\/\/api.w.org\/{rel}","templated":true}]}}

<p>[et_pb_section bb_built=&raquo;1&#8243; admin_label=&raquo;section&raquo; fullwidth=&raquo;on&raquo; background_color=&raquo;#00acb2&#8243; inner_shadow=&raquo;off&raquo; parallax=&raquo;off&raquo; transparent_background=&raquo;off&raquo; parallax_method=&raquo;off&raquo; allow_player_pause=&raquo;off&raquo; make_fullwidth=&raquo;off&raquo; use_custom_width=&raquo;off&raquo; width_unit=&raquo;on&raquo; make_equal=&raquo;off&raquo; use_custom_gutter=&raquo;off&raquo; next_background_color=&raquo;#ffffff&raquo;][et_pb_fullwidth_header admin_label=&raquo;Fullwidth Header&raquo; title=&raquo;Fjordhestkalenderen&raquo; background_layout=&raquo;dark&raquo; text_orientation=&raquo;center&raquo; header_fullscreen=&raquo;off&raquo; header_scroll_down=&raquo;off&raquo; parallax=&raquo;off&raquo; parallax_method=&raquo;off&raquo; content_orientation=&raquo;center&raquo; image_orientation=&raquo;center&raquo; custom_button_one=&raquo;off&raquo; button_one_letter_spacing=&raquo;0&#8243; button_one_use_icon=&raquo;default&raquo; button_one_icon_placement=&raquo;right&raquo; button_one_on_hover=&raquo;on&raquo; button_one_letter_spacing_hover=&raquo;0&#8243; custom_button_two=&raquo;off&raquo; button_two_letter_spacing=&raquo;0&#8243; button_two_use_icon=&raquo;default&raquo; button_two_icon_placement=&raquo;right&raquo; button_two_on_hover=&raquo;on&raquo; button_two_letter_spacing_hover=&raquo;0&#8243; /][/et_pb_section][et_pb_section bb_built=&raquo;1&#8243; admin_label=&raquo;section&raquo; prev_background_color=&raquo;#00acb2&#8243; next_background_color=&raquo;#ddb67c&raquo;][et_pb_row admin_label=&raquo;row&raquo; background_position=&raquo;top_left&raquo; background_repeat=&raquo;repeat&raquo; background_size=&raquo;initial&raquo;][et_pb_column type=&raquo;3_4&#8243;][et_pb_text admin_label=&raquo;Text&raquo; background_layout=&raquo;light&raquo; background_position=&raquo;top_left&raquo; background_repeat=&raquo;repeat&raquo; background_size=&raquo;initial&raquo; _builder_version=&raquo;3.0.106&#8243; module_alignment=&raquo;left&raquo;]</p>
<p><strong>FJORDHESTKALENDEREN 2018</strong></p>
<p>Fjordhestkalenderen er ei oversikt over aktivitetar og arrangement for fjordhest og fjordhestfolk.<br />
Veit du om ei aktivitet som ikkje er ført opp? Ta kontakt med oss på e-post: ingvildrh@hotmail.com.</p>
<p><strong>JANUAR<br />
</strong></p>
<p><strong>FEBRUAR<br />
</strong><em>10. februar &#8211; Skeid på Norsk Fjordhestsenter</em></p>
<p><strong>MARS<br />
</strong><em>16.-18. mars &#8211; Oppdrettarkonferanse på Norsk Fjordhestsenter</em><br />
<em> 18. mars &#8211; Sals- og visningsdag for Prosjekt Kvalitetshest</em></p>
<p><strong>APRIL</strong></p>
<p>21.-22. april &#8211; Hingsteutstilling på Nord-Norsk Hestesenter. Påmelding skjer via <a href="http://www.nhest.no">Norsk Hestesenter</a>.<br />
22. april &#8211; Utstilling for hopper, vallakar og unghestar på Ørland. Påmelding skjer via <a href="http://www.nhest.no">Norsk Hestesenter</a>.<br />
28. april &#8211; Unghestskue i Ørsta. Påmelding skjer via <a href="http://www.nhest.no">Norsk Hestesenter</a>.<br />
28. april &#8211; Utstilling for hopper, vallakar og unghestar på Momarken. Påmelding skjer via <a href="http://www.nhest.no">Norsk Hestesenter</a>.<br />
29. april &#8211; Unghestskue i Førde. Påmelding skjer via <a href="http://www.nhest.no">Norsk Hestesenter</a>.</p>
<p><strong>MAI<br />
</strong><br />
1. mai &#8211; Unghestskue på Breim. Påmelding skjer via <a href="http://www.nhest.no">Norsk Hestesenter</a>.<br />
2.-5. mai &#8211; Hingsteutstilling på Nordfjordeid. Påmelding skjer via <a href="http://www.nhest.no">Norsk Hestesenter</a>.<br />
3. mai &#8211; Årsmøte i Norges Fjordhestlag på Nordfjord Hotell, Nordfjordeid<br />
6. mai &#8211; Unghestskue i Orkdal. Påmelding skjer via <a href="http://www.nhest.no">Norsk Hestesenter</a>.<br />
13. mai &#8211; Unghestskue i Sauda. Påmelding skjer via <a href="http://www.nhest.no">Norsk Hestesenter</a>.<br />
26. mai &#8211; Unghestskue på Stav. Påmelding skjer via <a href="http://www.nhest.no">Norsk Hestesenter</a>.<br />
27. mai &#8211; Unghestskue på Stend. Påmelding skjer via <a href="http://www.nhest.no">Norsk Hestesenter</a>.</p>
<p><strong>JUNI<br />
</strong></p>
<p>2. juni &#8211; Utstilling for hopper, vallakar, unghestar og føl på Jarlsberg. Påmelding skjer via <a href="http://www.nhest.no">Norsk Hestesenter</a>.<br />
2. juni &#8211; Unghestskue på Øksnevad. Påmelding skjer via <a href="http://www.nhest.no">Norsk Hestesenter</a>.<br />
9. juni &#8211; Utstilling for hopper, vallakar og unghestar i Nesbyen. Påmelding skjer via <a href="http://www.nhest.no">Norsk Hestesenter</a>.<br />
24. juni &#8211; Utstilling for åringar i Lom. Påmelding skjer via <a href="http://www.nhest.no">Norsk Hestesenter</a>.<br />
25. juni &#8211; 1. juli &#8211; Noregsmeisterskap for fjordhest på Stord. Meir info finn du på <a href="http://www.fjordhestnm.no">arrangøren si nettside</a>.</p>
<p><strong>JULI<br />
</strong>1. juli &#8211; Noregsmeisterskap for fjordhest på Stord. Meir info finn du på <a href="http://www.fjordhestnm.no">arrangøren si nettside</a>.</p>
<p><strong>AUGUST</strong></p>
<p>25. august &#8211; Utstilling for hopper, vallakar og unghestar i Sogndal. Påmelding skjer via <a href="http://www.nhest.no">Norsk Hestesenter</a>.<br />
25.-26. august &#8211; Utstilling for hopper, vallakar og unghestar på Polleidet i Lyngen. Påmelding skjer via <a href="http://www.nhest.no">Norsk Hestesenter</a>.</p>
<p><strong>SEPTEMBER</strong></p>
<p>1 september &#8211; Utstilling for hopper, vallakar og unghestar i Sunndal. Påmelding skjer via <a href="http://www.nhest.no">Norsk Hestesenter</a>.<br />
2. september &#8211; Utstilling for hopper og vallakar i Stryn. Påmelding skjer via <a href="http://www.nhest.no">Norsk Hestesenter</a>.<br />
8. september &#8211; Utstilling for hopper, vallakar og unghestar i Tana eller Lakselv. Påmelding skjer via <a href="http://www.nhest.no">Norsk Hestesenter</a>.<br />
8. september &#8211; Utstilling for hopper, vallakar og unghestar i Mosjøen. Påmelding skjer via <a href="http://www.nhest.no">Norsk Hestesenter</a>.<br />
15. september &#8211; Utstilling for hopper, vallakar og unghestar på Holand, Bodø. Påmelding skjer via <a href="http://www.nhest.no">Norsk Hestesenter</a>.<br />
15. september &#8211; Utstilling for hopper og vallakar i Seljord. Påmelding skjer via <a href="http://www.nhest.no">Norsk Hestesenter</a>.<br />
16. september &#8211; Utstilling for unghestar i Seljord. Påmelding skjer via <a href="http://www.nhest.no">Norsk Hestesenter</a>.<br />
16. september &#8211; Utstilling for hopper, vallakar og unghestar på Høylandet. Påmelding skjer via <a href="http://www.nhest.no">Norsk Hestesenter</a>.<br />
22. september &#8211; Utstilling for hopper, vallakar og unghestar på Starum. Påmelding skjer via <a href="http://www.nhest.no">Norsk Hestesenter</a>.<br />
23. september &#8211; Utstilling for hopper, vallakar og unghestar på Stend. Påmelding skjer via <a href="http://www.nhest.no">Norsk Hestesenter</a>.<br />
29. september &#8211; Utstilling for hopper, vallakar og unghestar på Tynset. Påmelding skjer via <a href="http://www.nhest.no">Norsk Hestesenter</a>.</p>
<p><strong>OKTOBER<br />
</strong><br />
<strong>NOVEMBER</strong></p>
<p><strong>DESEMBER<br />
</strong></p>
<p>[/et_pb_text][/et_pb_column][et_pb_column type=&raquo;1_4&#8243;][et_pb_sidebar admin_label=&raquo;Sidebar&raquo; orientation=&raquo;right&raquo; area=&raquo;sidebar-1&#8243; background_layout=&raquo;light&raquo; remove_border=&raquo;off&raquo; show_border=&raquo;on&raquo; /][et_pb_text background_layout=&raquo;light&raquo; text_orientation=&raquo;left&raquo; use_border_color=&raquo;off&raquo; border_color=&raquo;#ffffff&raquo; border_style=&raquo;solid&raquo; background_position=&raquo;top_left&raquo; background_repeat=&raquo;repeat&raquo; background_size=&raquo;initial&raquo; module_alignment=&raquo;left&raquo; /][/et_pb_column][/et_pb_row][/et_pb_section][et_pb_section bb_built=&raquo;1&#8243; admin_label=&raquo;section&raquo; fullwidth=&raquo;on&raquo; background_color=&raquo;#ddb67c&raquo; inner_shadow=&raquo;off&raquo; parallax=&raquo;off&raquo; prev_background_color=&raquo;#ffffff&raquo;][et_pb_fullwidth_slider admin_label=&raquo;Fullwidth Slider&raquo; show_arrows=&raquo;on&raquo; show_pagination=&raquo;on&raquo; auto=&raquo;off&raquo; parallax=&raquo;off&raquo; custom_padding=&raquo;|||&raquo; custom_padding_tablet=&raquo;|||&raquo; custom_padding_phone=&raquo;|||&raquo; show_inner_shadow=&raquo;on&raquo; show_content_on_mobile=&raquo;on&raquo; show_cta_on_mobile=&raquo;on&raquo; box_shadow_horizontal=&raquo;0px&raquo; box_shadow_vertical=&raquo;0px&raquo; box_shadow_blur=&raquo;10px&raquo; box_shadow_spread=&raquo;0px&raquo; box_shadow_position=&raquo;inner&raquo; box_shadow_color=&raquo;rgba(0,0,0,0.1)&raquo; box_shadow_style=&raquo;preset6&#8243;][et_pb_slide background_image=&raquo;http://fjordhest.net/blogg/wp-content/uploads/2014/03/jul-håvardsine-199-Small.jpg&raquo; background_color=&raquo;#ffffff&raquo; alignment=&raquo;center&raquo; background_layout=&raquo;dark&raquo; /][/et_pb_fullwidth_slider][/et_pb_section]</p>

<p>FJORDHESTKALENDEREN 2018 Fjordhestkalenderen er ei oversikt over aktivitetar og arrangement for fjordhest og fjordhestfolk. Veit du om ei aktivitet som ikkje er ført opp? Ta kontakt med oss på e-post: ingvildrh@hotmail.com. JANUAR FEBRUAR 10. februar &#8211; Skeid på Norsk Fjordhestsenter MARS 16.-18. mars &#8211; Oppdrettarkonferanse på Norsk Fjordhestsenter 18. mars &#8211; Sals- og visningsdag for [&hellip;]</p>
