{"id":3364,"date":"2017-06-03T02:53:43","date_gmt":"2017-06-03T00:53:43","guid":{"rendered":"http:\/\/fjordhest.net\/blogg\/?page_id=3364"},"modified":"2019-06-05T21:16:53","modified_gmt":"2019-06-05T19:16:53","slug":"dokumenter-og-informasjon","status":"publish","type":"page","link":"https:\/\/fjordhest.net\/blogg\/norges-fjordhestlag\/styret\/aktivitetsutvalget\/dokumenter-og-informasjon\/","title":{"rendered":"Dokumenter og informasjon"},"content":{"rendered":"<p>[et_pb_section fb_built=&raquo;1&#8243; fullwidth=&raquo;on&raquo; admin_label=&raquo;section&raquo; _builder_version=&raquo;3.22.3&#8243; background_color=&raquo;#ddc8a6&#8243;][et_pb_fullwidth_header title=&raquo;Norges fjordhestlag&raquo; subhead=&raquo;- stiftet i 1949, og arbeider for avl og bruk av fjordhest. &raquo; text_orientation=&raquo;center&raquo; content_max_width=&raquo;none&raquo; admin_label=&raquo;Fullwidth Header&raquo; _builder_version=&raquo;3.16&#8243; background_color=&raquo;rgba(255, 255, 255, 0)&raquo; button_one_text_size__hover_enabled=&raquo;off&raquo; button_two_text_size__hover_enabled=&raquo;off&raquo; button_one_text_color__hover_enabled=&raquo;off&raquo; button_two_text_color__hover_enabled=&raquo;off&raquo; button_one_border_width__hover_enabled=&raquo;off&raquo; button_two_border_width__hover_enabled=&raquo;off&raquo; button_one_border_color__hover_enabled=&raquo;off&raquo; button_two_border_color__hover_enabled=&raquo;off&raquo; button_one_border_radius__hover_enabled=&raquo;off&raquo; button_two_border_radius__hover_enabled=&raquo;off&raquo; button_one_letter_spacing__hover_enabled=&raquo;off&raquo; button_two_letter_spacing__hover_enabled=&raquo;off&raquo; button_one_bg_color__hover_enabled=&raquo;off&raquo; button_two_bg_color__hover_enabled=&raquo;off&raquo;][\/et_pb_fullwidth_header][et_pb_fullwidth_menu menu_id=&raquo;11&#8243; admin_label=&raquo;Norges fjordhestlag meny&raquo; _builder_version=&raquo;3.0.51&#8243; text_orientation=&raquo;center&raquo;][\/et_pb_fullwidth_menu][\/et_pb_section][et_pb_section fb_built=&raquo;1&#8243; admin_label=&raquo;section&raquo; _builder_version=&raquo;3.22.3&#8243;][et_pb_row admin_label=&raquo;row&raquo; _builder_version=&raquo;3.22.3&#8243; background_size=&raquo;initial&raquo; background_position=&raquo;top_left&raquo; background_repeat=&raquo;repeat&raquo;][et_pb_column type=&raquo;3_4&#8243; _builder_version=&raquo;3.0.47&#8243;][et_pb_text admin_label=&raquo;Tekst&raquo; _builder_version=&raquo;3.22.7&#8243; background_size=&raquo;initial&raquo; background_position=&raquo;top_left&raquo; background_repeat=&raquo;repeat&raquo; custom_padding=&raquo;||1px|||&raquo;]<\/p>\n<p><span style=\"color: #333333; font-size: 19px;\"><\/span><\/p>\n<ul>\n<li>\n<h4>Mesterskap<\/h4>\n<\/li>\n<\/ul>\n<p><span style=\"font-size: 14px;\"><\/span><\/p>\n<p style=\"padding-left: 30px;\">Vi har en\u00a0<a href=\"http:\/\/fjordhest.net\/blogg\/nm-og-nordisk\/\" target=\"_blank\" rel=\"noopener noreferrer\">Mesterskapsportal<\/a>\u00a0med b\u00e5de generell og \u00e5rsaktuell informasjon om NM, Nordisk og EM. Arrang\u00f8renes egne hjemmesider, facebooksider etc linkes opp her slik at du alltid finner info her hos oss.<\/p>\n<ul>\n<li>\n<h4>Statutter<\/h4>\n<\/li>\n<\/ul>\n<p class=\"\" style=\"padding-left: 30px;\"><a href=\"http:\/\/fjordhest.net\/blogg\/nm-og-nordisk\/statutter\/\" target=\"_blank\" rel=\"noopener noreferrer\">Denne\u00a0siden<\/a>\u00a0har nyeste versjon av statutter til alle fjordhestmesterskapene, b\u00e5de NM (inkludert BUF), Nordisk &amp; EM<\/p>\n<ul>\n<li>\n<h4>\u00a0Konkurransereglement<\/h4>\n<\/li>\n<\/ul>\n<p class=\"\" style=\"padding-left: 30px;\">&#8211; Hos <a href=\"http:\/\/www.rytter.no\/stevnestart\/reglement\/\" target=\"_blank\" rel=\"noopener noreferrer\">Norges Rytterforbund<\/a> finner du nasjonale reglement og programmer<\/p>\n<p class=\"\" style=\"padding-left: 30px;\">&#8211; Hos <a href=\"https:\/\/www.fei.org\/\" target=\"_blank\" rel=\"noopener noreferrer\">FEI<\/a> finner du internasjonale reglement og programmer<\/p>\n<ul>\n<li>\n<h4>\u00d8vrig nyttig info til de som konkurrerer<\/h4>\n<\/li>\n<\/ul>\n<p style=\"padding-left: 30px;\">&#8211; NRYF sine tips rundt\u00a0<a href=\"http:\/\/www.rytter.no\/stevnestart\/utlandet\/\" style=\"font-size: 14px;\"><\/a><a href=\"http:\/\/www.rytter.no\/stevnestart\/utlandet\/\" style=\"font-size: 14px;\"><\/a><a href=\"http:\/\/www.rytter.no\/stevnestart\/utlandet\/\" style=\"font-size: 14px;\" target=\"_blank\" rel=\"noopener noreferrer\">konkurrering utenlands<\/a><\/p>\n<p style=\"padding-left: 30px;\">&#8211; Info om <a href=\"http:\/\/www.rytter.no\/stevnestart\/antidoping\/\" style=\"font-size: 14px;\" target=\"_blank\" rel=\"noopener noreferrer\">antidoping<\/a><span style=\"font-size: 14px;\"> hos NRYF<\/span><\/p>\n<p style=\"padding-left: 30px;\">&#8211; Standard <a href=\"http:\/\/www.rytter.no\/wp-content\/uploads\/2016\/06\/egenerklaering-for-stevnestart.pdf\" style=\"font-size: 14px;\" target=\"_blank\" rel=\"noopener noreferrer\">egenerkl\u00e6ringsskjema<\/a><span style=\"font-size: 14px;\"> for stevner<\/span><\/p>\n<p style=\"padding-left: 30px;\"><a href=\"http:\/\/www.rytter.no\/wp-content\/uploads\/2014\/11\/stevnestart_eierskifte.pdf\" style=\"font-size: 14px;\" target=\"_blank\" rel=\"noopener noreferrer\">&#8211; Skjema for eierskifte<\/a><span style=\"font-size: 14px;\"> hos NRYF, <\/span><a href=\"http:\/\/www.nhest.no\/registrering.467704.no.html\" target=\"_blank\" rel=\"noopener noreferrer\">regler for eierskifte<\/a><span style=\"font-size: 14px;\"> hos NHS<\/span><\/p>\n<p>[\/et_pb_text][\/et_pb_column][et_pb_column type=&raquo;1_4&#8243; _builder_version=&raquo;3.0.47&#8243;][et_pb_sidebar orientation=&raquo;right&raquo; area=&raquo;et_pb_widget_area_13&#8243; admin_label=&raquo;Sidekolonne&raquo; _builder_version=&raquo;3.0.74&#8243;][\/et_pb_sidebar][et_pb_sidebar orientation=&raquo;right&raquo; area=&raquo;et_pb_widget_area_3&#8243; admin_label=&raquo;Sidebar&raquo; _builder_version=&raquo;3.0.74&#8243;][\/et_pb_sidebar][\/et_pb_column][\/et_pb_row][\/et_pb_section]<\/p>\n","protected":false},"excerpt":{"rendered":"<p>Mesterskap Vi har en\u00a0Mesterskapsportal\u00a0med b\u00e5de generell og \u00e5rsaktuell informasjon om NM, Nordisk og EM. Arrang\u00f8renes egne hjemmesider, facebooksider etc linkes opp her slik at du alltid finner info her hos oss. Statutter Denne\u00a0siden\u00a0har nyeste versjon av statutter til alle fjordhestmesterskapene, b\u00e5de NM (inkludert BUF), Nordisk &amp; EM \u00a0Konkurransereglement &#8211; Hos Norges Rytterforbund finner du nasjonale [&hellip;]<\/p>\n","protected":false},"author":10,"featured_media":0,"parent":480,"menu_order":0,"comment_status":"closed","ping_status":"closed","template":"","meta":{"_et_pb_use_builder":"on","_et_pb_old_content":"<ul><li><strong>Statutter NM Fjordhest<\/strong><\/li><\/ul><p>Siste versjon er fra 2017. Nyeste versjon finnes til enhver tid som vedlegg i KRI hos Norges Rytterforbund.<\/p><ul><li><strong>Statutter BUF<\/strong><\/li><\/ul><p>Siste versjon er fra 2017.<\/p><ul><li><strong>Statutter Nordisk Mesterskap for Fjordhest<\/strong><\/li><\/ul><p>Siste versjon er fra 2017. Her er ogs\u00e5 en uoffisiell engelsk utgave for utenlandske lesere.<\/p>","_et_gb_content_width":"","_exactmetrics_skip_tracking":false,"_exactmetrics_sitenote_active":false,"_exactmetrics_sitenote_note":"","_exactmetrics_sitenote_category":0,"footnotes":""},"class_list":["post-3364","page","type-page","status-publish","hentry"],"_links":{"self":[{"href":"https:\/\/fjordhest.net\/blogg\/wp-json\/wp\/v2\/pages\/3364","targetHints":{"allow":["GET"]}}],"collection":[{"href":"https:\/\/fjordhest.net\/blogg\/wp-json\/wp\/v2\/pages"}],"about":[{"href":"https:\/\/fjordhest.net\/blogg\/wp-json\/wp\/v2\/types\/page"}],"author":[{"embeddable":true,"href":"https:\/\/fjordhest.net\/blogg\/wp-json\/wp\/v2\/users\/10"}],"replies":[{"embeddable":true,"href":"https:\/\/fjordhest.net\/blogg\/wp-json\/wp\/v2\/comments?post=3364"}],"version-history":[{"count":25,"href":"https:\/\/fjordhest.net\/blogg\/wp-json\/wp\/v2\/pages\/3364\/revisions"}],"predecessor-version":[{"id":6159,"href":"https:\/\/fjordhest.net\/blogg\/wp-json\/wp\/v2\/pages\/3364\/revisions\/6159"}],"up":[{"embeddable":true,"href":"https:\/\/fjordhest.net\/blogg\/wp-json\/wp\/v2\/pages\/480"}],"wp:attachment":[{"href":"https:\/\/fjordhest.net\/blogg\/wp-json\/wp\/v2\/media?parent=3364"}],"curies":[{"name":"wp","href":"https:\/\/api.w.org\/{rel}","templated":true}]}}