{"id":3406,"date":"2017-06-05T02:07:18","date_gmt":"2017-06-05T00:07:18","guid":{"rendered":"http:\/\/fjordhest.net\/blogg\/?page_id=3406"},"modified":"2024-12-19T19:31:33","modified_gmt":"2024-12-19T18:31:33","slug":"nm-fjordhest","status":"publish","type":"page","link":"https:\/\/fjordhest.net\/blogg\/aktuelle-meisterskap\/nm-fjordhest\/","title":{"rendered":"NM Fjordhest"},"content":{"rendered":"<p>[et_pb_section fb_built=&raquo;1&#8243; admin_label=&raquo;section&raquo; _builder_version=&raquo;4.16&#8243; global_colors_info=&raquo;{}&raquo;][et_pb_row column_structure=&raquo;2_3,1_3&#8243; admin_label=&raquo;Rekke&raquo; _builder_version=&raquo;4.16&#8243; background_size=&raquo;initial&raquo; background_position=&raquo;top_left&raquo; background_repeat=&raquo;repeat&raquo; max_width=&raquo;1200px&raquo; global_colors_info=&raquo;{}&raquo;][et_pb_column type=&raquo;2_3&#8243; _builder_version=&raquo;4.16&#8243; custom_padding=&raquo;|||&raquo; global_colors_info=&raquo;{}&raquo; custom_padding__hover=&raquo;|||&raquo;][et_pb_text _builder_version=&raquo;4.27.0&#8243; background_size=&raquo;initial&raquo; background_position=&raquo;top_left&raquo; background_repeat=&raquo;repeat&raquo; hover_enabled=&raquo;0&#8243; global_colors_info=&raquo;{}&raquo; sticky_enabled=&raquo;0&#8243;]<\/p>\n<h3 style=\"text-align: center;\">\u00a0Fjordhest-NM<\/h3>\n<p>&nbsp;<\/p>\n<p>Fjordhest-NM er ein kombinert konkurranse der form\u00e5let er \u00e5 fremje allsidig bruk av fjordhesten. Konkurransen best\u00e5r av ulike ride- og k\u00f8yre\u00f8vingar tilpassa fjordhesten sin eigenart, slik at ekvipasjen sine allsidige ferdigheiter vert vektlagde. Stemnet er underlagt Norges Rytterforbund, og statuttane godkjennast av dei etter revisjon fr\u00e5 styret i Norges Fjordhestlag.<\/p>\n<p><strong>Klasser<\/strong><\/p>\n<p>Dei offisielle meisterskapane er NM senior, NM junior og NM lag. Greinmeisterskapa i k\u00f8yring, sprang og dressur er tilrettelagde for ekvipasjer som er spesielt gode i enkeltdisiplinar. Dei har ikkje NM-status, men fyl dei same relglane som for resten av NM.<\/p>\n<p>Beste unge fjordhest (BUF) er tilrettelagd for unghestar i alderen 5-7 \u00e5r. Dei har heller ikkje NM-status, men er tenkt \u00e5 skape st\u00f8rre interesse i marknaden for unghest, oppmuntre folk til \u00e5 buke unghesten sin, samt premiere dei beste individa.<\/p>\n<p><strong>NM si historie<\/strong><\/p>\n<p>Det f\u00f8rste stemnet som vert ansett for \u00e5 vere eit NM vart arrangert i F\u00f8rde i 1986. Den gongen vart det kalla nasjonalt fjordheststevne, og likna nok meir ein fylkesmeisterskap enn ein Noregsmeisterskap. Men det var ein god start p\u00e5 noko som skulle bli stort, for ein haldt fram \u00e5 arrangere stemnet \u00e5r etter \u00e5r.<\/p>\n<p>Fjordhest-NM vart stadig st\u00f8rre, innehaldt fleire greiner, klasser og deltakarar, og hadde st\u00f8rre geografisk breidde. P\u00e5 90-talet byrja stemnet \u00e5 danne den forma det har i dag, med deling i junior og senior og st\u00f8rre fokus inn mot Norges Rytterforbund sine greiner.<\/p>\n<p>Niv\u00e5et vart stadig h\u00f8gare, og fr\u00e5 1994 vart kvalifikasjonskrav innf\u00f8rt. Det var ofte protestar n\u00e5r krava vart spissa, og ein vart beskulda for \u00e5 legge ambisjonane for h\u00f8gt og krevje for mykje av fjordhesten. Stemnet haldt fram, og tal p\u00e5 b\u00e5de klasser og deltakarar auka jamnt og trutt.<\/p>\n<p>Fr\u00e5 slutten av nittitalet, byrja ein med ei s\u00e5kalla NM-veke, med ekstra klasser som gjorde at stemnet varte over 5-7 dagar. Stemnet har sidan halde denne forma, og det vert framleis gjort forbetringar p\u00e5 b\u00e5de klassesamansetning og gjennomf\u00f8ring.<\/p>\n<p>Fjordhest-NM vert stadig meir popul\u00e6rt, og har vekse til eit stemne med opp mot 150 deltakande ekvipasjer. Med breidda av greiner er det eitt av landets st\u00f8rste stemner, og er sv\u00e6rt popul\u00e6rt. Stemnet har h\u00f8g status, b\u00e5de blant fjordhestfolk og hestefolk generelt.<\/p>\n<p>&nbsp;<\/p>\n<p>&nbsp;<\/p>\n<p>&nbsp;<\/p>\n<p>[\/et_pb_text][\/et_pb_column][et_pb_column type=&raquo;1_3&#8243; _builder_version=&raquo;4.16&#8243; custom_padding=&raquo;|||&raquo; global_colors_info=&raquo;{}&raquo; custom_padding__hover=&raquo;|||&raquo;][et_pb_image src=&raquo;https:\/\/fjordhest.net\/blogg\/wp-content\/uploads\/2021\/07\/IMG_1478-1-scaled.jpg&raquo; title_text=&raquo;IMG_1478-1&#8243; _builder_version=&raquo;4.16&#8243; _module_preset=&raquo;default&raquo; global_colors_info=&raquo;{}&raquo;][\/et_pb_image][et_pb_image src=&raquo;https:\/\/fjordhest.net\/blogg\/wp-content\/uploads\/2019\/07\/IMG_1631web.jpg&raquo; title_text=&raquo;IMG_1631web&raquo; _builder_version=&raquo;4.16&#8243; _module_preset=&raquo;default&raquo; global_colors_info=&raquo;{}&raquo;][\/et_pb_image][et_pb_image src=&raquo;https:\/\/fjordhest.net\/blogg\/wp-content\/uploads\/2018\/07\/IMG_5538.jpg&raquo; title_text=&raquo;IMG_5538&#8243; _builder_version=&raquo;4.16&#8243; _module_preset=&raquo;default&raquo; global_colors_info=&raquo;{}&raquo;][\/et_pb_image][\/et_pb_column][\/et_pb_row][\/et_pb_section]<\/p>\n","protected":false},"excerpt":{"rendered":"<p>\u00a0Fjordhest-NM &nbsp; Fjordhest-NM er ein kombinert konkurranse der form\u00e5let er \u00e5 fremje allsidig bruk av fjordhesten. Konkurransen best\u00e5r av ulike ride- og k\u00f8yre\u00f8vingar tilpassa fjordhesten sin eigenart, slik at ekvipasjen sine allsidige ferdigheiter vert vektlagde. Stemnet er underlagt Norges Rytterforbund, og statuttane godkjennast av dei etter revisjon fr\u00e5 styret i Norges Fjordhestlag. Klasser Dei offisielle [&hellip;]<\/p>\n","protected":false},"author":10,"featured_media":0,"parent":531,"menu_order":0,"comment_status":"closed","ping_status":"closed","template":"","meta":{"_et_pb_use_builder":"on","_et_pb_old_content":"<p>[et_pb_section bb_built=\"1\" admin_label=\"section\"][et_pb_row admin_label=\"row\"][\/et_pb_row][\/et_pb_section]<\/p>","_et_gb_content_width":"","_exactmetrics_skip_tracking":false,"_exactmetrics_sitenote_active":false,"_exactmetrics_sitenote_note":"","_exactmetrics_sitenote_category":0,"footnotes":""},"class_list":["post-3406","page","type-page","status-publish","hentry"],"_links":{"self":[{"href":"https:\/\/fjordhest.net\/blogg\/wp-json\/wp\/v2\/pages\/3406","targetHints":{"allow":["GET"]}}],"collection":[{"href":"https:\/\/fjordhest.net\/blogg\/wp-json\/wp\/v2\/pages"}],"about":[{"href":"https:\/\/fjordhest.net\/blogg\/wp-json\/wp\/v2\/types\/page"}],"author":[{"embeddable":true,"href":"https:\/\/fjordhest.net\/blogg\/wp-json\/wp\/v2\/users\/10"}],"replies":[{"embeddable":true,"href":"https:\/\/fjordhest.net\/blogg\/wp-json\/wp\/v2\/comments?post=3406"}],"version-history":[{"count":15,"href":"https:\/\/fjordhest.net\/blogg\/wp-json\/wp\/v2\/pages\/3406\/revisions"}],"predecessor-version":[{"id":11387,"href":"https:\/\/fjordhest.net\/blogg\/wp-json\/wp\/v2\/pages\/3406\/revisions\/11387"}],"up":[{"embeddable":true,"href":"https:\/\/fjordhest.net\/blogg\/wp-json\/wp\/v2\/pages\/531"}],"wp:attachment":[{"href":"https:\/\/fjordhest.net\/blogg\/wp-json\/wp\/v2\/media?parent=3406"}],"curies":[{"name":"wp","href":"https:\/\/api.w.org\/{rel}","templated":true}]}}