{"id":3410,"date":"2017-06-05T02:25:56","date_gmt":"2017-06-05T00:25:56","guid":{"rendered":"http:\/\/fjordhest.net\/blogg\/?page_id=3410"},"modified":"2021-12-17T11:13:36","modified_gmt":"2021-12-17T10:13:36","slug":"nordisk-for-fjordhest","status":"publish","type":"page","link":"https:\/\/fjordhest.net\/blogg\/aktuelle-meisterskap\/nordisk-for-fjordhest\/","title":{"rendered":"Nordisk for fjordhest"},"content":{"rendered":"<p>[et_pb_section fb_built=&raquo;1&#8243; admin_label=&raquo;section&raquo; _builder_version=&raquo;3.22.3&#8243; global_colors_info=&raquo;{}&raquo;][et_pb_row admin_label=&raquo;Rekke&raquo; _builder_version=&raquo;3.25&#8243; background_size=&raquo;initial&raquo; background_position=&raquo;top_left&raquo; background_repeat=&raquo;repeat&raquo; global_colors_info=&raquo;{}&raquo; column_structure=&raquo;2_3,1_3&#8243;][et_pb_column type=&raquo;2_3&#8243; _builder_version=&raquo;3.25&#8243; custom_padding=&raquo;|||&raquo; global_colors_info=&raquo;{}&raquo; custom_padding__hover=&raquo;|||&raquo;][et_pb_text _builder_version=&raquo;3.27.4&#8243; background_size=&raquo;initial&raquo; background_position=&raquo;top_left&raquo; background_repeat=&raquo;repeat&raquo; global_colors_info=&raquo;{}&raquo;]<\/p>\n<h3 style=\"text-align: center;\">Nordisk for fjordhest<\/h3>\n<p>&nbsp;<\/p>\n<p>Nordisk Meisterskap for fjordhest skal fremje allsidig og s\u00e6rskilt bruk av fjordhest i Norden, samstundes som det skapar kontakt og fellesskap mellom dei nordiske landa sine fjordhestmilj\u00f8.<\/p>\n<p>Konkurransen best\u00e5r av ulike ride- og k\u00f8yre\u00f8vingar tilpassa fjordhesten sin eigenart. Dei deltakande landa er Noreg, Sverige, Danmark og Finland. Stemnet vert halde annakvart \u00e5r, og g\u00e5r p\u00e5 rundgang mellom arrang\u00f8rlanda. Det er laga eigne statuttar for meisterskapen.<\/p>\n<p>Nordisk vart for f\u00f8rste gong arrangert som ein pr\u00f8vemeisterskap i Drammen i 1999. Den f\u00f8rste offisielle meisterskapen vart arrangert i Oslo i 2000, etterfulgt av Danmark i 2001. Etter dette fekk stemnet fotfeste, og har vorte arrangert annakvart \u00e5r sidan.<\/p>\n<p>Stemneforma og meisterskapa har endra seg noko undervegs. I starten vart det k\u00e5ra allround junior og senior, medan det\u00a0 i dag er totalt seks meisterskap &#8211; lag, allround, dressur, sprang og k\u00f8yring enbet og tospann. Fleire av desse kan delast i junior og senior ved nok deltaking.<\/p>\n<p>&nbsp;<\/p>\n<p class=\"\"><span style=\"font-size: 14px; background-color: #ffffff;\">Nordiske meisterskap:<\/span><\/p>\n<ul>\n<li>1999 Pr\u00f8ve-Nordisk Nedre Buskerud Fjordhestlag, Drammen\/Norge<\/li>\n<li>2000 Oslo &amp; Akershus Fjordhestlag og\u00a0Ekeberg Rideklubb, Oslo\/Norge<\/li>\n<li>2001 Danmarks Fjordhesteforening, Syd-Jylland\/Danmark<\/li>\n<li>2003 Bohusl\u00e4n\/Dals Fjordh\u00e4stf\u00f6rening, Br\u00e5landa\/Sverige<\/li>\n<li>2005 Oslo &amp; Akershus Fjordhestlag og Ekeberg Rideklubb,\u00a0Oslo\/Norge<\/li>\n<li>2007 Danmarks Fjordhesteforening,\u00a0\u00c5gerup Ridecenter\/Danmark<\/li>\n<li>2009 Svenska Fjordh\u00e4stforeningen,\u00a0Vaggeryd\/Sverige<\/li>\n<li>2011\u00a0Oslo &amp; Akershus Fjordhestlag, Starum\/Norge<\/li>\n<li>2013 Fjordhesten Danmark, Birken\/Danmark<\/li>\n<li>2015 Svenska Fjordh\u00e4stforeningen,\u00a0Vaggeryd\/Sverige<\/li>\n<li>2017 Borge Rideklubb &amp; \u00d8stfold Fjordhestlag, Fredrikstad\/Norge<\/li>\n<li>2019 Fjordhesten Danmark, Vilhelmsborg\/Danmark<\/li>\n<\/ul>\n<p>&nbsp;<\/p>\n<p>[\/et_pb_text][\/et_pb_column][et_pb_column type=&raquo;1_3&#8243; _builder_version=&raquo;3.25&#8243; custom_padding=&raquo;|||&raquo; global_colors_info=&raquo;{}&raquo; custom_padding__hover=&raquo;|||&raquo;][et_pb_image src=&raquo;https:\/\/fjordhest.net\/blogg\/wp-content\/uploads\/2017\/07\/Nordisk173.jpg&raquo; _builder_version=&raquo;4.14.2&#8243; _module_preset=&raquo;default&raquo; title_text=&raquo;Nordisk173&#8243; hover_enabled=&raquo;0&#8243; sticky_enabled=&raquo;0&#8243;][\/et_pb_image][\/et_pb_column][\/et_pb_row][\/et_pb_section]<\/p>\n","protected":false},"excerpt":{"rendered":"<p>Nordisk for fjordhest &nbsp; Nordisk Meisterskap for fjordhest skal fremje allsidig og s\u00e6rskilt bruk av fjordhest i Norden, samstundes som det skapar kontakt og fellesskap mellom dei nordiske landa sine fjordhestmilj\u00f8. Konkurransen best\u00e5r av ulike ride- og k\u00f8yre\u00f8vingar tilpassa fjordhesten sin eigenart. Dei deltakande landa er Noreg, Sverige, Danmark og Finland. Stemnet vert halde annakvart [&hellip;]<\/p>\n","protected":false},"author":10,"featured_media":0,"parent":531,"menu_order":0,"comment_status":"closed","ping_status":"closed","template":"","meta":{"_et_pb_use_builder":"on","_et_pb_old_content":"<p>[et_pb_section bb_built=\"1\" admin_label=\"section\"][et_pb_row admin_label=\"row\"][\/et_pb_row][\/et_pb_section][et_pb_section bb_built=\"1\" admin_label=\"Seksjon\" fullwidth=\"off\" specialty=\"off\"][et_pb_row admin_label=\"Rad\"][\/et_pb_row][\/et_pb_section]<\/p>","_et_gb_content_width":"","_exactmetrics_skip_tracking":false,"_exactmetrics_sitenote_active":false,"_exactmetrics_sitenote_note":"","_exactmetrics_sitenote_category":0,"footnotes":""},"class_list":["post-3410","page","type-page","status-publish","hentry"],"_links":{"self":[{"href":"https:\/\/fjordhest.net\/blogg\/wp-json\/wp\/v2\/pages\/3410","targetHints":{"allow":["GET"]}}],"collection":[{"href":"https:\/\/fjordhest.net\/blogg\/wp-json\/wp\/v2\/pages"}],"about":[{"href":"https:\/\/fjordhest.net\/blogg\/wp-json\/wp\/v2\/types\/page"}],"author":[{"embeddable":true,"href":"https:\/\/fjordhest.net\/blogg\/wp-json\/wp\/v2\/users\/10"}],"replies":[{"embeddable":true,"href":"https:\/\/fjordhest.net\/blogg\/wp-json\/wp\/v2\/comments?post=3410"}],"version-history":[{"count":11,"href":"https:\/\/fjordhest.net\/blogg\/wp-json\/wp\/v2\/pages\/3410\/revisions"}],"predecessor-version":[{"id":9166,"href":"https:\/\/fjordhest.net\/blogg\/wp-json\/wp\/v2\/pages\/3410\/revisions\/9166"}],"up":[{"embeddable":true,"href":"https:\/\/fjordhest.net\/blogg\/wp-json\/wp\/v2\/pages\/531"}],"wp:attachment":[{"href":"https:\/\/fjordhest.net\/blogg\/wp-json\/wp\/v2\/media?parent=3410"}],"curies":[{"name":"wp","href":"https:\/\/api.w.org\/{rel}","templated":true}]}}