{"id":4542,"date":"2017-12-01T14:50:25","date_gmt":"2017-12-01T13:50:25","guid":{"rendered":"http:\/\/fjordhest.net\/blogg\/?page_id=4542"},"modified":"2018-03-14T12:49:24","modified_gmt":"2018-03-14T11:49:24","slug":"skeid-2","status":"publish","type":"page","link":"https:\/\/fjordhest.net\/blogg\/header\/skeid-2\/","title":{"rendered":"Skeid &#8211; for arrang\u00f8rar"},"content":{"rendered":"<p>[et_pb_section bb_built=&raquo;1&#8243;][et_pb_row][et_pb_column type=&raquo;3_4&#8243;][et_pb_text _builder_version=&raquo;3.0.105&#8243; background_layout=&raquo;light&raquo;]<\/p>\n<p><strong>Skeid &#8211; reglement og arrang\u00f8rinfo<\/strong><\/p>\n<p>Det har over ei lang periode vorte arbeidd med standardisering av signaturaktiviteten Skeid. Viktige bidragsytarar har vore dei enkelte lokallaga som tidleg byrja \u00e5 arrangere Skeid i sine lokalomr\u00e5der og som har vore med p\u00e5 \u00e5 forme Skeid slik det framst\u00e5r no.<\/p>\n<p>Skeid er dei nasjonale hesterasane sin sport og er utvikla spesielt for desse. Kaldt hovud og varmt hjarte er rasane sitt motto, og Skeid er tenkt for \u00e5 skulle vise fram nettopp dette. Tanken er at dei \u00f8vingane som inng\u00e5r i Skeid skal vere med p\u00e5 \u00e5 dokumentere rasene si brukarvenlegheit til ulike aktivitetar, i tillegg til \u00e5 vere ein konkurranseform i seg sj\u00f8lv.<\/p>\n<p>Vi h\u00e5per at alle som har arrangert eller arrangerar Skeid kan vere aktive deltakarar i ei kontinulerleg forbetring av Skeid-arrangementa. Det trengs innsats for \u00e5 sikre ei vellukka gjennomf\u00f8ring av og framtid for Skeid. Vi h\u00e5per at lokallaga ser verdien i \u00e5 arrangere Skeid for hesteeigarar i n\u00e6romr\u00e5da, og at de er med oss p\u00e5 vegen vidare.<\/p>\n<p>I margen til h\u00f8gre finn du lenkje til dei nye nettsidene for Skeid. Der finn du mellom anna reglement, d\u00f8meskjema og forklaringar til desse, samt ei rettleiing til\u00a0 Skeid-arrang\u00f8rar. Lukke til med Skeid!<\/p>\n<div id=\"attachment_4788\" style=\"width: 610px\" class=\"wp-caption aligncenter\"><img loading=\"lazy\" decoding=\"async\" aria-describedby=\"caption-attachment-4788\" class=\"wp-image-4788\" src=\"http:\/\/fjordhest.net\/blogg\/wp-content\/uploads\/2018\/02\/foto71575.jpg\" alt=\"\" width=\"600\" height=\"400\" srcset=\"https:\/\/fjordhest.net\/blogg\/wp-content\/uploads\/2018\/02\/foto71575.jpg 900w, https:\/\/fjordhest.net\/blogg\/wp-content\/uploads\/2018\/02\/foto71575-500x333.jpg 500w, https:\/\/fjordhest.net\/blogg\/wp-content\/uploads\/2018\/02\/foto71575-750x500.jpg 750w, https:\/\/fjordhest.net\/blogg\/wp-content\/uploads\/2018\/02\/foto71575-610x407.jpg 610w\" sizes=\"auto, (max-width: 600px) 100vw, 600px\" \/><p id=\"caption-attachment-4788\" class=\"wp-caption-text\">Fr\u00e5 Skeid p\u00e5 NM for fjordhest p\u00e5 Voss i 2012. Foto: S. Ulvund<\/p><\/div>\n<p>&nbsp;<\/p>\n<p>[\/et_pb_text][\/et_pb_column][et_pb_column type=&raquo;1_4&#8243;][et_pb_text _builder_version=&raquo;3.0.105&#8243; background_layout=&raquo;light&raquo;]<\/p>\n<p><strong>Meir informasjon om Skeid:<\/strong><\/p>\n<p><a href=\"http:\/\/www.hesteskeid.no\">Nettsidene for Skeid<\/a><br \/>\n<em>Her finn du mellom anna reglement og d\u00f8mmeskjema<\/em><\/p>\n<p><a href=\"http:\/\/fjordhest.net\/blogg\/header\/skeid-1\/\">Kva er Skeid?<\/a><\/p>\n<p><a href=\"http:\/\/fjordhest.net\/blogg\/2018\/02\/09\/skeid-ein-sport-skreddarsydd-for-dei-nasjonale-hesterasane\/\">Skeid &#8211; ein sport skreddarsydd for dei nasjonale hesterasane<\/a><br \/>\n<em>Artikkel p\u00e5 Fjordhestportalen<\/em><\/p>\n<p>[\/et_pb_text][\/et_pb_column][\/et_pb_row][\/et_pb_section]<\/p>\n","protected":false},"excerpt":{"rendered":"<p><div class=\"et_pb_row et_pb_row_0 et_pb_row_empty\">\n\t\t\t\t\n\t\t\t\t\n\t\t\t\t\n\t\t\t\t\n\t\t\t\t\n\t\t\t<\/div> Skeid &#8211; reglement og arrang\u00f8rinfo Det har over ei lang periode vorte arbeidd med standardisering av signaturaktiviteten Skeid. Viktige bidragsytarar har vore dei enkelte lokallaga som tidleg byrja \u00e5 arrangere Skeid i sine lokalomr\u00e5der og som har vore med p\u00e5 \u00e5 forme Skeid slik det framst\u00e5r no. Skeid er dei nasjonale hesterasane sin sport [&hellip;]<\/p>\n","protected":false},"author":1,"featured_media":0,"parent":32,"menu_order":0,"comment_status":"closed","ping_status":"closed","template":"","meta":{"_et_pb_use_builder":"on","_et_pb_old_content":"","_et_gb_content_width":"","_exactmetrics_skip_tracking":false,"_exactmetrics_sitenote_active":false,"_exactmetrics_sitenote_note":"","_exactmetrics_sitenote_category":0,"footnotes":""},"class_list":["post-4542","page","type-page","status-publish","hentry"],"_links":{"self":[{"href":"https:\/\/fjordhest.net\/blogg\/wp-json\/wp\/v2\/pages\/4542","targetHints":{"allow":["GET"]}}],"collection":[{"href":"https:\/\/fjordhest.net\/blogg\/wp-json\/wp\/v2\/pages"}],"about":[{"href":"https:\/\/fjordhest.net\/blogg\/wp-json\/wp\/v2\/types\/page"}],"author":[{"embeddable":true,"href":"https:\/\/fjordhest.net\/blogg\/wp-json\/wp\/v2\/users\/1"}],"replies":[{"embeddable":true,"href":"https:\/\/fjordhest.net\/blogg\/wp-json\/wp\/v2\/comments?post=4542"}],"version-history":[{"count":15,"href":"https:\/\/fjordhest.net\/blogg\/wp-json\/wp\/v2\/pages\/4542\/revisions"}],"predecessor-version":[{"id":4715,"href":"https:\/\/fjordhest.net\/blogg\/wp-json\/wp\/v2\/pages\/4542\/revisions\/4715"}],"up":[{"embeddable":true,"href":"https:\/\/fjordhest.net\/blogg\/wp-json\/wp\/v2\/pages\/32"}],"wp:attachment":[{"href":"https:\/\/fjordhest.net\/blogg\/wp-json\/wp\/v2\/media?parent=4542"}],"curies":[{"name":"wp","href":"https:\/\/api.w.org\/{rel}","templated":true}]}}