{"id":491,"date":"2015-03-19T15:59:58","date_gmt":"2015-03-19T14:59:58","guid":{"rendered":"http:\/\/fjordhest.net\/blogg\/?page_id=491"},"modified":"2022-05-16T08:23:38","modified_gmt":"2022-05-16T06:23:38","slug":"manking","status":"publish","type":"page","link":"https:\/\/fjordhest.net\/blogg\/fjordhesten\/manking\/","title":{"rendered":"Manking"},"content":{"rendered":"<p>[et_pb_section fb_built=&raquo;1&#8243; admin_label=&raquo;section&raquo; _builder_version=&raquo;4.16&#8243; global_colors_info=&raquo;{}&raquo;][et_pb_row column_structure=&raquo;2_3,1_3&#8243; admin_label=&raquo;Rad&raquo; _builder_version=&raquo;4.16&#8243; background_size=&raquo;initial&raquo; background_position=&raquo;top_left&raquo; background_repeat=&raquo;repeat&raquo; global_colors_info=&raquo;{}&raquo;][et_pb_column type=&raquo;2_3&#8243; _builder_version=&raquo;4.16&#8243; custom_padding=&raquo;|||&raquo; global_colors_info=&raquo;{}&raquo; custom_padding__hover=&raquo;|||&raquo;][et_pb_post_title meta=&raquo;off&raquo; admin_label=&raquo;Innleggstittel&raquo; _builder_version=&raquo;4.16&#8243; title_all_caps=&raquo;off&raquo; background_color=&raquo;rgba(255,255,255,0)&raquo; parallax=&raquo;on&raquo; parallax_method=&raquo;off&raquo; text_orientation=&raquo;center&raquo; parallax_effect=&raquo;on&raquo; module_bg_color=&raquo;rgba(255,255,255,0)&raquo; use_border_color=&raquo;off&raquo; border_color=&raquo;#ffffff&raquo; border_style=&raquo;solid&raquo; global_colors_info=&raquo;{}&raquo;][\/et_pb_post_title][et_pb_text admin_label=&raquo;Tekst&raquo; _builder_version=&raquo;4.16&#8243; background_size=&raquo;initial&raquo; background_position=&raquo;top_left&raquo; background_repeat=&raquo;repeat&raquo; use_border_color=&raquo;off&raquo; border_color=&raquo;#ffffff&raquo; border_style=&raquo;solid&raquo; global_colors_info=&raquo;{}&raquo;]<\/p>\n<h3 style=\"text-align: center;\"><a href=\"http:\/\/fjordhest.net\/blogg\/wp-content\/uploads\/2013\/11\/Header3.jpg\"><img loading=\"lazy\" decoding=\"async\" class=\"alignnone size-full wp-image-31\" src=\"http:\/\/fjordhest.net\/blogg\/wp-content\/uploads\/2013\/11\/Header3.jpg\" alt=\"Header3\" width=\"960\" height=\"360\" srcset=\"https:\/\/fjordhest.net\/blogg\/wp-content\/uploads\/2013\/11\/Header3.jpg 960w, https:\/\/fjordhest.net\/blogg\/wp-content\/uploads\/2013\/11\/Header3-300x112.jpg 300w\" sizes=\"auto, (max-width: 960px) 100vw, 960px\" \/><\/a><\/h3>\n<p>Et av de fremste s\u00e6rtrekkene ved fjordhesten er den karakteristiske st\u00e5manen. Det \u00e5 klippe st\u00e5man p\u00e5 fjordhesten er en tradisjon med lange r\u00f8tter, og at fjordhesten skal mankes er til og med presisert i rasens avlsplan. \u00c5 l\u00e6re seg \u00e5 klippe fjordhestman korrekt krever mye trening. Her f\u00e5r du noen tips til hvordan manen b\u00f8r klippes for \u00e5 gi et s\u00e5 godt helhetsinntrykk av hesten som mulig.<\/p>\n<h2>Tradisjon<\/h2>\n<p>I avlsplanen st\u00e5r f\u00f8lgende om klipping av fjordhestmanen: \u00abI f\u00f8lge gammel tradisjon skal fjordhesten ha st\u00e5man. Manen skal ha en konveks fasong som er tilpasset overlinjen til hesten. Korrekt manking er viktig for hvordan hesten presenterer seg.\u00bb Mange sp\u00f8r seg hvordan denne tradisjonen dukket opp, og sannsynligvis er dette noe som stammer fra vikingtiden. P\u00e5 den tiden var det ikke bare fjordhesten som ble manket, ogs\u00e5 andre hester i Norge ble klipt p\u00e5 denne m\u00e5ten. Hestene ble trolig klipt slik fordi det gav en illusjon av en st\u00f8rre og \u00abskumlere\u00bb hest n\u00e5r hestene ble brukt i kamp. Tradisjonen har trolig vedvart blant annet av praktiske \u00e5rsaker, da det ved bruk av arbeidssele er mer praktisk med st\u00e5man enn hengeman.<\/p>\n<h2>Ingen fasit<\/h2>\n<p>\u00c5 manke en fjordhest korrekt er ingen enkel sak, for det finnes ingen fasit p\u00e5 hvordan en fjordhestman skal se ut. Man m\u00e5 ta hensyn til flere faktorer ved hestens eksteri\u00f8r n\u00e5r man skal klippe, blant annet st\u00f8rrelse, overlinje, lengde og form p\u00e5 halsen, st\u00f8rrelsen p\u00e5 hodet, hvordan halsen er ansatt p\u00e5 bogen, overgangen mellom manke og hals og overgangen mellom nakke og hals.<\/p>\n<p>Alt dette er faktorer man m\u00e5 ta hensyn til n\u00e5r man skal finne en passende fasong p\u00e5 manen til hver enkelt fjordhest. Ikke rart det er vanskelig, sier du? Nei, \u00e5 klippe fjordhestman er en kunst, og det krever mye trening og studering av maner for \u00e5 bli flink. Likevel er dette noe det er verdt \u00e5 bruke tid og krefter p\u00e5 \u00e5 l\u00e6re seg, da en korrekt klipp vil kunne skjule hestens svake sider og fremheve de gode. Dette er spesielt viktig om hesten skal p\u00e5 utstilling, for da \u00f8nsker man jo \u00e5 presentere hesten p\u00e5 best mulig m\u00e5te. Er hesten feil klipt, vil det kunne gi et d\u00e5rligere helhetsinntrykk av hesten enn man ville f\u00e5tt dersom den var korrekt manket.<\/p>\n<h3>Utstyr til klipp<\/h3>\n<p>Hvilke redskaper du velger \u00e5 bruke til \u00e5 klippe man har mye \u00e5 si for det ferdige resultatet. Med en sl\u00f8v saks vil du aldri f\u00e5 et godt resultat, s\u00e5 det aller f\u00f8rste budet for \u00e5 f\u00e5 en pent klippet man er \u00e5 kj\u00f8pe en stor og god saks som ligger godt i h\u00e5nden. Denne saksen b\u00f8r kun brukes til manklipp, da den fort vil bli sl\u00f8v og ubrukelig om den blir brukt til andre ting. Et konkret tips til saks er den st\u00f8rste Fiskars-saksen, som du f\u00e5r kj\u00f8pt blant annet i kj\u00f8kken- eller jernvareforretninger.<\/p>\n<p>F\u00f8r du begynner \u00e5 klippe, kan det v\u00e6re lurt \u00e5 fukte manen litt. Dette kan du gj\u00f8re ved \u00e5 b\u00f8rste den opp fra hver sin side samtidig, med to v\u00e5te b\u00f8rster. N\u00e5r h\u00e5rene er litt fuktige er det enklere \u00e5 klippe beint. Mens du klipper b\u00f8r du i tillegg til en god saks ha tilgjengelig en mankam, en plastb\u00f8rste til \u00e5 b\u00f8rste manen med og en myk b\u00f8rste til \u00e5 fjerne h\u00e5rene som faller p\u00e5 halsen.<\/p>\n<h3>Vanlige feil<\/h3>\n<p>Etter \u00e5 ha sett veldig mange fjordhestmaner opp gjennom \u00e5rene, kan jeg konstatere at det er to feil som veldig ofte forekommer: det h\u00f8yeste punktet p\u00e5 manen kommer for langt frem, eller manen er for lav bak.<\/p>\n<p>En grei huskeregel for \u00e5 finne ut hvor det h\u00f8yeste punktet p\u00e5 manen skal v\u00e6re, er \u00e5 tenke at det skal v\u00e6re p\u00e5 midten. Dette er et relativt begrep, du kan ikke m\u00e5le lengden p\u00e5 manen og dele den i to for \u00e5 finne den ideelle plasseringen av det h\u00f8yeste punktet. Det som uansett er feil, er \u00e5 ha det h\u00f8yeste punktet p\u00e5 den fremste halvdelen av manen &#8211; det er det ingen hester som kler. Klipper man slik skaper man en illusjon av at hesten har en kortere hals enn den egentlig har, samt at det lett kan bli et misforhold mellom lengden p\u00e5 halsen og lengden p\u00e5 ryggen. Mange hester kler \u00e5 ha det h\u00f8yeste punktet rett ovenfor der halsen m\u00f8ter bogen, s\u00e5 det kan v\u00e6re en grei rettesnor \u00e5 g\u00e5 ut i fra dersom man er usikker. Det skal dog sies at dette ikke er ideell plassering for alle hester.<\/p>\n<p><em><a href=\"http:\/\/fjordhest.net\/blogg\/wp-content\/uploads\/2015\/03\/MG_0308red.jpg\"><br \/> <\/a><a href=\"http:\/\/fjordhest.net\/blogg\/wp-content\/uploads\/2015\/03\/MG_0308red.jpg\"><img loading=\"lazy\" decoding=\"async\" class=\"wp-image-1016 aligncenter\" src=\"http:\/\/fjordhest.net\/blogg\/wp-content\/uploads\/2015\/03\/MG_0308red-500x333.jpg\" alt=\"_MG_0308red\" width=\"525\" height=\"350\" srcset=\"https:\/\/fjordhest.net\/blogg\/wp-content\/uploads\/2015\/03\/MG_0308red-500x333.jpg 500w, https:\/\/fjordhest.net\/blogg\/wp-content\/uploads\/2015\/03\/MG_0308red-1024x683.jpg 1024w, https:\/\/fjordhest.net\/blogg\/wp-content\/uploads\/2015\/03\/MG_0308red-1080x720.jpg 1080w, https:\/\/fjordhest.net\/blogg\/wp-content\/uploads\/2015\/03\/MG_0308red.jpg 1200w\" sizes=\"auto, (max-width: 525px) 100vw, 525px\" \/><\/a><\/em><\/p>\n<p style=\"text-align: center;\"><em>Denne manen har det h\u00f8yeste punktet for langt fremme p\u00e5 halsen.\u00a0<\/em><\/p>\n<p>Den andre vanlige feilen er som sagt at manen blir klipt for lav bak ved manken, eller at den rett og slett blir klipt helt ned de f\u00f8rste centimeterne. Jo lengre manen er \u2013 og da snakker vi om lengde fra manke til \u00f8rer, ikke h\u00f8yde p\u00e5 manen \u2013 jo lengre vil halsen se ut. Dersom man da klipper manen for lav bak, vil halsen se kortere ut enn om man begynner p\u00e5 buen der de bakerste manh\u00e5rene vokser opp.<\/p>\n<p><img loading=\"lazy\" decoding=\"async\" class=\"size-full wp-image-607 aligncenter\" src=\"http:\/\/fjordhest.net\/blogg\/wp-content\/uploads\/2015\/06\/MG_0692lite.jpg\" alt=\"_MG_0692lite\" width=\"500\" height=\"394\" srcset=\"https:\/\/fjordhest.net\/blogg\/wp-content\/uploads\/2015\/06\/MG_0692lite.jpg 500w, https:\/\/fjordhest.net\/blogg\/wp-content\/uploads\/2015\/06\/MG_0692lite-300x236.jpg 300w\" sizes=\"auto, (max-width: 500px) 100vw, 500px\" \/><\/p>\n<p style=\"text-align: center;\"><em>Denne hesten har en man som er klipt for lav bak, og man kan tydelig se at det<br \/> gir inntrykk av en kortere hals enn hesten egentlig har.<\/em><\/p>\n<p><img loading=\"lazy\" decoding=\"async\" class=\"size-full wp-image-605 aligncenter\" src=\"http:\/\/fjordhest.net\/blogg\/wp-content\/uploads\/2015\/06\/MG_4997.jpg\" alt=\"_MG_4997\" width=\"500\" height=\"334\" style=\"display: block; margin-left: auto; margin-right: auto;\" srcset=\"https:\/\/fjordhest.net\/blogg\/wp-content\/uploads\/2015\/06\/MG_4997.jpg 500w, https:\/\/fjordhest.net\/blogg\/wp-content\/uploads\/2015\/06\/MG_4997-300x200.jpg 300w\" sizes=\"auto, (max-width: 500px) 100vw, 500px\" \/><\/p>\n<p style=\"text-align: center;\"><em>Buen p\u00e5 manen skal begynne p\u00e5 manken, der de bakerste h\u00e5rene vokser ut.<\/em><\/p>\n<p>&nbsp;<\/p>\n<h3>Tynning av man<\/h3>\n<p>Mange fjordhester har en man som krever tyning regelmessig, for at den ikke skal bli s\u00e5 tykk at det blir vanskelig \u00e5 klippe den pent. Min erfaring tilsier at den enkleste og mest effektive m\u00e5ten \u00e5 tynne man p\u00e5, er \u00e5 bruke en saks. For \u00e5 tynne med saks, \u00e5pner du opp saksen og setter den p\u00e5 h\u00f8ykant. Deretter stikker du den inn i manen, og drar oppover. H\u00e5rene som fester seg innerst p\u00e5 saksen skal v\u00e6re der til du er ferdig, eller eventuelt til det er s\u00e5 mye h\u00e5r at det blir vanskelig \u00e5 tynne. Grunnen til dette er at n\u00e5r h\u00e5rene f\u00e5r bli der, er det ikke like enkelt \u00e5 ta for mye av manen under tynningen. Dersom hesten din har tykk midtstol og lite sideh\u00e5r, kan du fint brette til side sideh\u00e5rene, og bare tynne i midtstolen. Tynner du litt hver gang du klipper, b\u00f8r manen til hesten din holde seg smal og fin og lett \u00e5 klippe.<\/p>\n<h3>Har manen lagt seg?<\/h3>\n<p>Dersom manen til hesten din har lagt seg, det vil si at h\u00e5rene har f\u00e5tt en knekk nederst og ikke vil st\u00e5 rett opp uansett hva du gj\u00f8r, s\u00e5 er det bare en utvei: \u00e5 cobbe manen. Det vil si \u00e5 klippe eller barbere den helt ned. Skal du cobbe manen er det lurt \u00e5 bruke en barbermaskin og barbere i en spiss, der midten av manen er h\u00f8yest og sidene er lavere. P\u00e5 denne m\u00e5ten vil manen vokse mer rett opp, fordi h\u00e5rene f\u00e5r st\u00f8tte av hverandre.<\/p>\n<p>&nbsp;<\/p>\n<h3>Hvordan b\u00f8r jeg klippe hesten min?<\/h3>\n<p>Uten \u00e5 ha sett hesten det gjelder, er det helt umulig \u00e5 gi noe konkret svar p\u00e5 sp\u00f8rsm\u00e5l om hvordan man b\u00f8r klippe. Likevel finnes det noen tips man kan merke seg, som gjelder for alle hester. Som sagt vil b\u00e5de det \u00e5 la manen v\u00e6re for kort bak, og \u00e5 ha det h\u00f8yeste punktet for langt frem gj\u00f8re at halsen ser kortere ut enn den egentlig er. Da sier det nesten seg selv at dersom man har god lengde p\u00e5 manen, samt plasserer det h\u00f8yeste punktet korrekt, vil dette gi en illusjon av en lengre hals.<\/p>\n<p>Mange fjordhester har lite eller ingen nakke. Klipper man en slakk bue fra h\u00f8ydepunktet og frem til \u00f8rene, vil dette gi et inntrykk av en lengre nakke. En krapp bue vil gi det motsatte inntrykket. En annen vanlig eksteri\u00f8r svakhet som finnes hos mange fjordhester, er en rund og lite markert manke. Noen hester har ogs\u00e5 et s\u00e5kalt \u00abbj\u00f8nnabet\u00bb, som er et lite s\u00f8kk i halsen foran manken. For \u00e5 gi et inntrykk av en h\u00f8yere og mer markert manke p\u00e5 slike hester, b\u00f8r man ha litt h\u00f8yde p\u00e5 manen ved manken.<\/p>\n<p>St\u00f8rrelsen p\u00e5 hodet er ogs\u00e5 en faktor som har mye \u00e5 si for hva som kler hesten best. Har hesten et stort og tungt hode, b\u00f8r ikke manen v\u00e6re for kort bak \u00f8rene. Da vil hodet se enda st\u00f8rre ut. Er hodet derimot lite og nett, noe som er \u00f8nsket p\u00e5 fjordhest, kan man fint ha manen kort bak \u00f8rene.<\/p>\n<p>Har hesten en bred og kraftig hals, er det mest kledelig med en lav man som f\u00f8lger halsen hele veien. Er halsen lettere, kan manen fint v\u00e6re h\u00f8yere og ha mer bue om man \u00f8nsker det.<\/p>\n<p>Manklipp handler om smak og behag, og hva man synes er pent kommer an p\u00e5 hvilke preferanser man har. Noen liker store buer p\u00e5 manen, mens andre liker de litt flatere. Det er selvsagt lov til \u00e5 ha forskjellige meninger, men det som er beskrevet her er ting de aller fleste som driver med fjordhest mener er rett og galt.<\/p>\n<p>Her kommer noen bilder av ulike klipper, og kommentarer\u00a0til disse.<\/p>\n<p><a href=\"http:\/\/fjordhest.net\/blogg\/wp-content\/uploads\/2015\/06\/MG_0996lite.jpg\"><img loading=\"lazy\" decoding=\"async\" class=\"size-full wp-image-610 aligncenter\" src=\"http:\/\/fjordhest.net\/blogg\/wp-content\/uploads\/2015\/06\/MG_0996lite.jpg\" alt=\"_MG_0996lite\" width=\"500\" height=\"350\" srcset=\"https:\/\/fjordhest.net\/blogg\/wp-content\/uploads\/2015\/06\/MG_0996lite.jpg 500w, https:\/\/fjordhest.net\/blogg\/wp-content\/uploads\/2015\/06\/MG_0996lite-300x210.jpg 300w\" sizes=\"auto, (max-width: 500px) 100vw, 500px\" \/><\/a><\/p>\n<p>Manen p\u00e5 denne hesten begynner der hvor den skal, men buen avsluttes litt for tidlig og manen blir for lav fremme.<\/p>\n<p><a href=\"http:\/\/fjordhest.net\/blogg\/wp-content\/uploads\/2015\/06\/MG_0988lite.jpg\"><img loading=\"lazy\" decoding=\"async\" class=\"size-full wp-image-609 aligncenter\" src=\"http:\/\/fjordhest.net\/blogg\/wp-content\/uploads\/2015\/06\/MG_0988lite.jpg\" alt=\"_MG_0988lite\" width=\"500\" height=\"385\" srcset=\"https:\/\/fjordhest.net\/blogg\/wp-content\/uploads\/2015\/06\/MG_0988lite.jpg 500w, https:\/\/fjordhest.net\/blogg\/wp-content\/uploads\/2015\/06\/MG_0988lite-300x231.jpg 300w\" sizes=\"auto, (max-width: 500px) 100vw, 500px\" \/><\/a><\/p>\n<p>En jevnt og sv\u00e6rt pent klippet man.<\/p>\n<p><a href=\"http:\/\/fjordhest.net\/blogg\/wp-content\/uploads\/2015\/06\/2904-122lite.jpg\"><img loading=\"lazy\" decoding=\"async\" class=\"size-full wp-image-606 aligncenter\" src=\"http:\/\/fjordhest.net\/blogg\/wp-content\/uploads\/2015\/06\/2904-122lite.jpg\" alt=\"2904 122lite\" width=\"500\" height=\"362\" srcset=\"https:\/\/fjordhest.net\/blogg\/wp-content\/uploads\/2015\/06\/2904-122lite.jpg 500w, https:\/\/fjordhest.net\/blogg\/wp-content\/uploads\/2015\/06\/2904-122lite-300x217.jpg 300w\" sizes=\"auto, (max-width: 500px) 100vw, 500px\" \/><\/a><\/p>\n<p style=\"text-align: center;\">Her ser vi ogs\u00e5 et eksempel p\u00e5 en pent manket fjordhest. P\u00e5 dette bildet kan man tydelig se effekten av at manens bue f\u00f8lger hele halsen.<\/p>\n<p><a href=\"http:\/\/fjordhest.net\/blogg\/wp-content\/uploads\/2015\/06\/MG_0807lite.jpg\"><img loading=\"lazy\" decoding=\"async\" class=\"size-full wp-image-608 aligncenter\" src=\"http:\/\/fjordhest.net\/blogg\/wp-content\/uploads\/2015\/06\/MG_0807lite.jpg\" alt=\"_MG_0807lite\" width=\"500\" height=\"384\" srcset=\"https:\/\/fjordhest.net\/blogg\/wp-content\/uploads\/2015\/06\/MG_0807lite.jpg 500w, https:\/\/fjordhest.net\/blogg\/wp-content\/uploads\/2015\/06\/MG_0807lite-300x230.jpg 300w\" sizes=\"auto, (max-width: 500px) 100vw, 500px\" \/><\/a><\/p>\n<p style=\"text-align: center;\">Denne manen er klippet for flat i forhold til hestens hals, noe som gir et inntrykk av en flatere og kortere hals. Denne hesten vil nok ikke kle \u00e5 ha en veldig h\u00f8y man eller krapp bue, men buen b\u00f8r v\u00e6re noe st\u00f8rre enn den er.<\/p>\n<p>[\/et_pb_text][\/et_pb_column][et_pb_column type=&raquo;1_3&#8243; _builder_version=&raquo;4.16&#8243; custom_padding=&raquo;|||&raquo; global_colors_info=&raquo;{}&raquo; custom_padding__hover=&raquo;|||&raquo;][\/et_pb_column][\/et_pb_row][\/et_pb_section]<\/p>\n","protected":false},"excerpt":{"rendered":"<p>Et av de fremste s\u00e6rtrekkene ved fjordhesten er den karakteristiske st\u00e5manen. Det \u00e5 klippe st\u00e5man p\u00e5 fjordhesten er en tradisjon med lange r\u00f8tter, og at fjordhesten skal mankes er til og med presisert i rasens avlsplan. \u00c5 l\u00e6re seg \u00e5 klippe fjordhestman korrekt krever mye trening. Her f\u00e5r du noen tips til hvordan manen b\u00f8r [&hellip;]<\/p>\n","protected":false},"author":1,"featured_media":0,"parent":427,"menu_order":0,"comment_status":"open","ping_status":"open","template":"","meta":{"_et_pb_use_builder":"on","_et_pb_old_content":"","_et_gb_content_width":"","_exactmetrics_skip_tracking":false,"_exactmetrics_sitenote_active":false,"_exactmetrics_sitenote_note":"","_exactmetrics_sitenote_category":0,"footnotes":""},"class_list":["post-491","page","type-page","status-publish","hentry"],"_links":{"self":[{"href":"https:\/\/fjordhest.net\/blogg\/wp-json\/wp\/v2\/pages\/491","targetHints":{"allow":["GET"]}}],"collection":[{"href":"https:\/\/fjordhest.net\/blogg\/wp-json\/wp\/v2\/pages"}],"about":[{"href":"https:\/\/fjordhest.net\/blogg\/wp-json\/wp\/v2\/types\/page"}],"author":[{"embeddable":true,"href":"https:\/\/fjordhest.net\/blogg\/wp-json\/wp\/v2\/users\/1"}],"replies":[{"embeddable":true,"href":"https:\/\/fjordhest.net\/blogg\/wp-json\/wp\/v2\/comments?post=491"}],"version-history":[{"count":24,"href":"https:\/\/fjordhest.net\/blogg\/wp-json\/wp\/v2\/pages\/491\/revisions"}],"predecessor-version":[{"id":9936,"href":"https:\/\/fjordhest.net\/blogg\/wp-json\/wp\/v2\/pages\/491\/revisions\/9936"}],"up":[{"embeddable":true,"href":"https:\/\/fjordhest.net\/blogg\/wp-json\/wp\/v2\/pages\/427"}],"wp:attachment":[{"href":"https:\/\/fjordhest.net\/blogg\/wp-json\/wp\/v2\/media?parent=491"}],"curies":[{"name":"wp","href":"https:\/\/api.w.org\/{rel}","templated":true}]}}