{"id":525,"date":"2015-04-22T12:29:38","date_gmt":"2015-04-22T10:29:38","guid":{"rendered":"http:\/\/fjordhest.net\/blogg\/?page_id=525"},"modified":"2019-09-13T09:12:16","modified_gmt":"2019-09-13T07:12:16","slug":"bruksomrader","status":"publish","type":"page","link":"https:\/\/fjordhest.net\/blogg\/fjordhesten\/bruksomrader\/","title":{"rendered":"Bruksomr\u00e5der"},"content":{"rendered":"<p>[et_pb_section fb_built=&raquo;1&#8243; fullwidth=&raquo;on&raquo; custom_padding_last_edited=&raquo;on|desktop&raquo; admin_label=&raquo;section&raquo; _builder_version=&raquo;3.22.3&#8243; background_color=&raquo;#83bc69&#8243; custom_padding_tablet=&raquo;50px|0|50px|0&#8243; transparent_background=&raquo;off&raquo; padding_mobile=&raquo;off&raquo; make_fullwidth=&raquo;off&raquo; use_custom_width=&raquo;off&raquo; width_unit=&raquo;on&raquo; fb_built=&raquo;1&#8243; _i=&raquo;0&#8243; _address=&raquo;0&#8243;][et_pb_fullwidth_menu menu_id=&raquo;15&#8243; submenu_direction=&raquo;downwards&raquo; fullwidth_menu=&raquo;off&raquo; active_link_color=&raquo;#83bc69&#8243; admin_label=&raquo;Fjordhesten meny&raquo; _builder_version=&raquo;3.24&#8243; text_orientation=&raquo;center&raquo; _i=&raquo;0&#8243; _address=&raquo;0.0&#8243;]<br \/>\n[\/et_pb_fullwidth_menu][\/et_pb_section][et_pb_section fb_built=&raquo;1&#8243; admin_label=&raquo;section&raquo; _builder_version=&raquo;3.29&#8243; fb_built=&raquo;1&#8243; _i=&raquo;1&#8243; _address=&raquo;1&#8243;][et_pb_row column_structure=&raquo;2_3,1_3&#8243; _builder_version=&raquo;3.25&#8243; background_size=&raquo;initial&raquo; background_position=&raquo;top_left&raquo; background_repeat=&raquo;repeat&raquo; _i=&raquo;0&#8243; _address=&raquo;1.0&#8243;][et_pb_column type=&raquo;2_3&#8243; _builder_version=&raquo;3.25&#8243; custom_padding=&raquo;|||&raquo; _i=&raquo;0&#8243; _address=&raquo;1.0.0&#8243; custom_padding__hover=&raquo;|||&raquo;][et_pb_text admin_label=&raquo;Text&raquo; _builder_version=&raquo;3.29&#8243; background_size=&raquo;initial&raquo; background_position=&raquo;top_left&raquo; background_repeat=&raquo;repeat&raquo; custom_margin=&raquo;|-115px||||&raquo; custom_padding=&raquo;|124px||||&raquo; use_border_color=&raquo;off&raquo; border_color=&raquo;#ffffff&raquo; border_style=&raquo;solid&raquo; _i=&raquo;0&#8243; _address=&raquo;1.0.0.0&#8243;]<\/p>\n<p><span style=\"font-size: 14px;\">Gjennom tidene har bruksomr\u00e5da til fjordhesten endra seg. Opphavleg var han ein lett skysshest, men p\u00e5 grunn av behov for ein sterkare hest i gardsarbeidet vart avlen styrt i den retninga. Etter kvart vart hesten overfl\u00f8dig i jordbruket, og sidan har me gjennom systematisk avl forma ein fjordhest til moderne bruk.<\/span><\/p>\n<p>Fjordhesten er i dag ein hest med eit eksteri\u00f8r som gjer den brukande til mange ulike aktivitetar. Han har eit godt lynne, mykje arbeidsvilje, og han er sterk, l\u00e6revillig og smart. Dette gjer fjordhesten til ein s\u00e6rs allsidig hest, som du kan bruke til omtrent kva som helst. Har du fjordhest, kan du starte konkurransar i dressur, sprang, k\u00f8yring, feltritt, distanse \u2013 og kva anna du m\u00e5tte ynskje, du har ein super turkamerat som kjem seg fram i all slags terreng, du har ein st\u00f8dig hest som b\u00e5de born og nybyrjarar kan stole p\u00e5, og du har ein hest som kan nyttast til skogsarbeid og andre tunge tak.<\/p>\n<p>&nbsp;<\/p>\n<p><a href=\"http:\/\/fjordhest.net\/blogg\/wp-content\/uploads\/2015\/11\/295381_10150925497762680_887856399_n.jpg\"><img loading=\"lazy\" decoding=\"async\" class=\"alignnone wp-image-867\" src=\"http:\/\/fjordhest.net\/blogg\/wp-content\/uploads\/2015\/11\/295381_10150925497762680_887856399_n-700x472.jpg\" alt=\"295381_10150925497762680_887856399_n\" width=\"519\" height=\"350\" style=\"display: block; margin-left: auto; margin-right: auto;\" srcset=\"https:\/\/fjordhest.net\/blogg\/wp-content\/uploads\/2015\/11\/295381_10150925497762680_887856399_n-700x472.jpg 700w, https:\/\/fjordhest.net\/blogg\/wp-content\/uploads\/2015\/11\/295381_10150925497762680_887856399_n.jpg 960w\" sizes=\"auto, (max-width: 519px) 100vw, 519px\" \/><\/a><\/p>\n<p><a href=\"http:\/\/fjordhest.net\/blogg\/wp-content\/uploads\/2015\/11\/226520_10150171843667680_8357460_n.jpg\"><img loading=\"lazy\" decoding=\"async\" class=\"alignnone wp-image-863\" src=\"http:\/\/fjordhest.net\/blogg\/wp-content\/uploads\/2015\/11\/226520_10150171843667680_8357460_n.jpg\" alt=\"226520_10150171843667680_8357460_n\" width=\"235\" height=\"350\" style=\"display: block; margin-left: auto; margin-right: auto;\" \/><\/a>\u00a0 \u00a0 \u00a0 \u00a0 \u00a0 \u00a0 \u00a0 \u00a0<a href=\"http:\/\/fjordhest.net\/blogg\/wp-content\/uploads\/2015\/11\/NM11-181-386.jpg\" style=\"font-size: 14px;\"><img loading=\"lazy\" decoding=\"async\" class=\"alignnone wp-image-836\" src=\"http:\/\/fjordhest.net\/blogg\/wp-content\/uploads\/2015\/11\/10392180_146170032679_7786819_n.jpg\" alt=\"10392180_146170032679_7786819_n\" width=\"227\" height=\"350\" style=\"display: block; margin-left: auto; margin-right: auto;\" \/>\u00a0<\/a><span style=\"font-size: 14px;\">\u00a0<\/span><a href=\"http:\/\/fjordhest.net\/blogg\/wp-content\/uploads\/2015\/11\/10463720_10152137717307680_4530644223636200980_o.jpg\" style=\"font-size: 14px;\"><img loading=\"lazy\" decoding=\"async\" class=\"alignnone wp-image-839\" src=\"http:\/\/fjordhest.net\/blogg\/wp-content\/uploads\/2015\/11\/10463720_10152137717307680_4530644223636200980_o-700x445.jpg\" alt=\"10463720_10152137717307680_4530644223636200980_o\" width=\"550\" height=\"350\" style=\"display: block; margin-left: auto; margin-right: auto;\" srcset=\"https:\/\/fjordhest.net\/blogg\/wp-content\/uploads\/2015\/11\/10463720_10152137717307680_4530644223636200980_o-700x445.jpg 700w, https:\/\/fjordhest.net\/blogg\/wp-content\/uploads\/2015\/11\/10463720_10152137717307680_4530644223636200980_o-1080x687.jpg 1080w, https:\/\/fjordhest.net\/blogg\/wp-content\/uploads\/2015\/11\/10463720_10152137717307680_4530644223636200980_o.jpg 1200w\" sizes=\"auto, (max-width: 550px) 100vw, 550px\" \/><\/a><\/p>\n<p><a href=\"http:\/\/fjordhest.net\/blogg\/wp-content\/uploads\/2015\/11\/10392180_146169547679_6445549_n.jpg\"><img loading=\"lazy\" decoding=\"async\" class=\"alignnone wp-image-814\" src=\"http:\/\/fjordhest.net\/blogg\/wp-content\/uploads\/2015\/11\/10392180_146169357679_2905272_n.jpg\" alt=\"10392180_146169357679_2905272_n\" width=\"525\" height=\"350\" style=\"display: block; margin-left: auto; margin-right: auto;\" \/>\u00a0<img loading=\"lazy\" decoding=\"async\" class=\"alignnone wp-image-817\" src=\"http:\/\/fjordhest.net\/blogg\/wp-content\/uploads\/2015\/11\/10392180_146169547679_6445549_n.jpg\" alt=\"10392180_146169547679_6445549_n\" width=\"238\" height=\"350\" style=\"display: block; margin-left: auto; margin-right: auto;\" \/><\/a><\/p>\n<p>&nbsp;<\/p>\n<p>[\/et_pb_text][\/et_pb_column][et_pb_column type=&raquo;1_3&#8243; _builder_version=&raquo;3.25&#8243; custom_padding=&raquo;|||&raquo; _i=&raquo;1&#8243; _address=&raquo;1.0.1&#8243; custom_padding__hover=&raquo;|||&raquo;][et_pb_image src=&raquo;http:\/\/fjordhest.net\/blogg\/wp-content\/uploads\/2019\/04\/agria.png&raquo; url=&raquo;http:\/\/www.agria.no&raquo; align=&raquo;center&raquo; _builder_version=&raquo;3.24&#8243; custom_padding=&raquo;|||0px||&raquo; _i=&raquo;0&#8243; _address=&raquo;1.0.1.0&#8243;][\/et_pb_image][et_pb_image src=&raquo;http:\/\/fjordhest.net\/blogg\/wp-content\/uploads\/2019\/04\/St_Hippolyt_Logo_Green-1.png&raquo; url=&raquo;http:\/\/www.agria.no&raquo; align=&raquo;center&raquo; _builder_version=&raquo;3.24&#8243; custom_padding=&raquo;|||0px||&raquo; _i=&raquo;1&#8243; _address=&raquo;1.0.1.1&#8243;][\/et_pb_image][\/et_pb_column][\/et_pb_row][\/et_pb_section]<\/p>\n","protected":false},"excerpt":{"rendered":"<p>Gjennom tidene har bruksomr\u00e5da til fjordhesten endra seg. Opphavleg var han ein lett skysshest, men p\u00e5 grunn av behov for ein sterkare hest i gardsarbeidet vart avlen styrt i den retninga. Etter kvart vart hesten overfl\u00f8dig i jordbruket, og sidan har me gjennom systematisk avl forma ein fjordhest til moderne bruk. Fjordhesten er i dag [&hellip;]<\/p>\n","protected":false},"author":1,"featured_media":0,"parent":427,"menu_order":0,"comment_status":"open","ping_status":"open","template":"","meta":{"_et_pb_use_builder":"on","_et_pb_old_content":"","_et_gb_content_width":"","_exactmetrics_skip_tracking":false,"_exactmetrics_sitenote_active":false,"_exactmetrics_sitenote_note":"","_exactmetrics_sitenote_category":0,"footnotes":""},"class_list":["post-525","page","type-page","status-publish","hentry"],"_links":{"self":[{"href":"https:\/\/fjordhest.net\/blogg\/wp-json\/wp\/v2\/pages\/525","targetHints":{"allow":["GET"]}}],"collection":[{"href":"https:\/\/fjordhest.net\/blogg\/wp-json\/wp\/v2\/pages"}],"about":[{"href":"https:\/\/fjordhest.net\/blogg\/wp-json\/wp\/v2\/types\/page"}],"author":[{"embeddable":true,"href":"https:\/\/fjordhest.net\/blogg\/wp-json\/wp\/v2\/users\/1"}],"replies":[{"embeddable":true,"href":"https:\/\/fjordhest.net\/blogg\/wp-json\/wp\/v2\/comments?post=525"}],"version-history":[{"count":22,"href":"https:\/\/fjordhest.net\/blogg\/wp-json\/wp\/v2\/pages\/525\/revisions"}],"predecessor-version":[{"id":6481,"href":"https:\/\/fjordhest.net\/blogg\/wp-json\/wp\/v2\/pages\/525\/revisions\/6481"}],"up":[{"embeddable":true,"href":"https:\/\/fjordhest.net\/blogg\/wp-json\/wp\/v2\/pages\/427"}],"wp:attachment":[{"href":"https:\/\/fjordhest.net\/blogg\/wp-json\/wp\/v2\/media?parent=525"}],"curies":[{"name":"wp","href":"https:\/\/api.w.org\/{rel}","templated":true}]}}