{"id":9308,"date":"2022-02-04T19:04:38","date_gmt":"2022-02-04T18:04:38","guid":{"rendered":"https:\/\/fjordhest.net\/blogg\/?page_id=9308"},"modified":"2023-06-07T10:53:29","modified_gmt":"2023-06-07T08:53:29","slug":"tidligere-avlshingster","status":"publish","type":"page","link":"https:\/\/fjordhest.net\/blogg\/tidligere-avlshingster\/","title":{"rendered":"Tidligere avlshingster"},"content":{"rendered":"<p>[et_pb_section fb_built=&raquo;1&#8243; admin_label=&raquo;section&raquo; _builder_version=&raquo;4.16&#8243; global_colors_info=&raquo;{}&raquo;][et_pb_row admin_label=&raquo;row&raquo; _builder_version=&raquo;4.16&#8243; background_size=&raquo;initial&raquo; background_position=&raquo;top_left&raquo; background_repeat=&raquo;repeat&raquo; global_colors_info=&raquo;{}&raquo;][et_pb_column type=&raquo;4_4&#8243; _builder_version=&raquo;4.16&#8243; custom_padding=&raquo;|||&raquo; global_colors_info=&raquo;{}&raquo; custom_padding__hover=&raquo;|||&raquo;][et_pb_post_title meta=&raquo;off&raquo; featured_image=&raquo;off&raquo; _builder_version=&raquo;4.16&#8243; _module_preset=&raquo;default&raquo; text_orientation=&raquo;center&raquo; global_colors_info=&raquo;{}&raquo;][\/et_pb_post_title][et_pb_text _builder_version=&raquo;4.21.0&#8243; _module_preset=&raquo;default&raquo; hover_enabled=&raquo;0&#8243; global_colors_info=&raquo;{}&raquo; sticky_enabled=&raquo;0&#8243;]<\/p>\n<p>P\u00e5 denne siden finner du hingster som tidligere har v\u00e6rt avlsgodkjent i Norge, og aktive i avlen fra \u00e5r 2020 og framover.<br \/>Inne p\u00e5 hver hingst finner du informasjon om premiegrad, genkode for farge, link til hingstens side i stamboken, hvilke k\u00e5rede s\u00f8nner hingsten eventuelt er far til, samt grunn til at hingsten ikke lenger er aktiv i norsk avl.<br \/>Fra og med hingstek\u00e5ringen 2020 blir alle nyk\u00e5rede hingster gentestet for fargegenkombinasjon. De yngste hingstene i katalogen vil derfor v\u00e6re oppgitt med genkode for farge. Enkelte eldre hingster kan v\u00e6re testet p\u00e5 eiers initiativ, eller genkode kan v\u00e6re gitt utifra farge og avstamning. Ukjent allel\/genvariant (hingst ikke testet og genkode ikke gitt utifra farge eller avstamning) er oppgitt ved &#8211; (for eksempel vil utestet brunblakk hingst ha genkode A-E-crcr)<\/p>\n<p><strong>Fargegenkoder:<\/strong><br \/><strong>AA<\/strong> \u2013 er ikke gr\u00e5, b\u00e6rer ikke gr\u00e5tt; <strong>Aa<\/strong> \u2013 er ikke gr\u00e5, b\u00e6rer gr\u00e5tt, <strong>aa<\/strong> \u2013 er gr\u00e5, om ikke er r\u00f8d (ee)<br \/><strong>EE<\/strong> \u2013 er ikke r\u00f8d, b\u00e6rer ikke r\u00f8dt, <strong>Ee<\/strong> \u2013 er ikke r\u00f8d, b\u00e6rer r\u00f8dt, <strong>ee<\/strong> \u2013 er r\u00f8d.<br \/><strong>crcr<\/strong> \u2013 er ikke ulsblakk\/gulblakk, <strong>CRcr<\/strong> \u2013 er ulsblakk, gulblakk eller gr\u00e5 med gulgen.<\/p>\n<p>[\/et_pb_text][et_pb_filterable_portfolio fullwidth=&raquo;off&raquo; posts_number=&raquo;100&#8243; include_categories=&raquo;205,206&#8243; show_pagination=&raquo;off&raquo; zoom_icon_color=&raquo;#000000&#8243; _builder_version=&raquo;4.16&#8243; background_size=&raquo;initial&raquo; background_position=&raquo;top_left&raquo; background_repeat=&raquo;repeat&raquo; use_border_color=&raquo;off&raquo; global_colors_info=&raquo;{}&raquo;]&nbsp;<br \/>\n[\/et_pb_filterable_portfolio][\/et_pb_column][\/et_pb_row][\/et_pb_section]<\/p>\n","protected":false},"excerpt":{"rendered":"<p>P\u00e5 denne siden finner du hingster som tidligere har v\u00e6rt avlsgodkjent i Norge, og aktive i avlen fra \u00e5r 2020 og framover.Inne p\u00e5 hver hingst finner du informasjon om premiegrad, genkode for farge, link til hingstens side i stamboken, hvilke k\u00e5rede s\u00f8nner hingsten eventuelt er far til, samt grunn til at hingsten ikke lenger er [&hellip;]<\/p>\n","protected":false},"author":9,"featured_media":0,"parent":0,"menu_order":0,"comment_status":"closed","ping_status":"closed","template":"","meta":{"_et_pb_use_builder":"on","_et_pb_old_content":"","_et_gb_content_width":"","_exactmetrics_skip_tracking":false,"_exactmetrics_sitenote_active":false,"_exactmetrics_sitenote_note":"","_exactmetrics_sitenote_category":0,"footnotes":""},"class_list":["post-9308","page","type-page","status-publish","hentry"],"_links":{"self":[{"href":"https:\/\/fjordhest.net\/blogg\/wp-json\/wp\/v2\/pages\/9308","targetHints":{"allow":["GET"]}}],"collection":[{"href":"https:\/\/fjordhest.net\/blogg\/wp-json\/wp\/v2\/pages"}],"about":[{"href":"https:\/\/fjordhest.net\/blogg\/wp-json\/wp\/v2\/types\/page"}],"author":[{"embeddable":true,"href":"https:\/\/fjordhest.net\/blogg\/wp-json\/wp\/v2\/users\/9"}],"replies":[{"embeddable":true,"href":"https:\/\/fjordhest.net\/blogg\/wp-json\/wp\/v2\/comments?post=9308"}],"version-history":[{"count":21,"href":"https:\/\/fjordhest.net\/blogg\/wp-json\/wp\/v2\/pages\/9308\/revisions"}],"predecessor-version":[{"id":10557,"href":"https:\/\/fjordhest.net\/blogg\/wp-json\/wp\/v2\/pages\/9308\/revisions\/10557"}],"wp:attachment":[{"href":"https:\/\/fjordhest.net\/blogg\/wp-json\/wp\/v2\/media?parent=9308"}],"curies":[{"name":"wp","href":"https:\/\/api.w.org\/{rel}","templated":true}]}}